Midtre Skiakersgutua Weather Station

 Latitude N 60° 21' 23"    Longitude E 10° 28' 20"    Elevation 275 m

Records began on 20 desember 2012

NOAA Style Reports for Midtre Skiakersgutua

Select a Year or Month report

Report for 2022 Jun
                   Monthly Climatological Summary for jun 2022

Name: Skiakersgutua Weather Station   City: Gran   State: Innlandet
Elevation: 235 m  Lat: N 60° 21' 54"   Lon: E 010° 33' 13"

                  Temperature (°C), Rain (mm), Wind Speed (m/s)

                                      Heat  Cool        Avg
    Mean                              Deg   Deg         Wind                 Dom
Day Temp  High   Time   Low    Time   Days  Days  Rain  Speed High   Time    Dir
----------------------------------------------------------------------------------
 1  10,7  14,6   14:22   7,5   03:05   7,6   0,0   4,1   1,6   6,6   21:04    SE
 2  11,3  13,4   18:20   9,6   05:42   7,0   0,0   0,3   2,8   7,1   09:20    SE
 3  11,6  17,2   17:49   7,9   05:55   6,7   0,0   0,3   2,0   9,7   18:34   WNW
 4  14,4  21,7   19:09   5,8   04:38   4,3   0,5   0,0   2,0   8,2   17:53     S
 5  14,2  21,1   16:09   4,7   05:07   4,3   0,2   0,0   1,6   6,6   11:00   WNW
 6  17,9  23,6   17:45  11,7   04:29   1,8   1,5   0,0   2,3   7,1   14:08    SE
 7  15,4  20,4   11:22   9,6   05:00   3,1   0,1   1,8   1,9   8,7   15:10   ESE
 8  13,5  16,6   18:43  11,3   23:44   4,8   0,0  14,2   1,0   6,6   16:22     S
 9  14,3  18,5   15:11   9,1   03:57   4,0   0,0   0,3   1,4   5,6   16:18    SE
10  15,2  18,8   17:01  12,5   04:41   3,1   0,0   0,0   3,4   8,7   17:25    SE
11  14,4  18,9   11:41  11,0   02:58   3,9   0,0   4,3   2,8   8,2   13:01   SSE
12  13,9  18,2   19:14   8,9   02:43   4,4   0,0   2,0   2,2   8,2   11:57   SSE
13  13,1  19,9   16:48   6,3   04:01   5,2   0,0   0,5   1,5   6,1   10:21     W
14  14,8  20,3   15:41   6,4   04:37   3,8   0,2   0,0   1,5   7,1   14:45   WNW
15  15,2  21,0   16:22   7,4   05:17   3,5   0,4   0,0   1,1   6,1   14:07    SW
16  15,9  21,7   17:22  11,6   04:12   2,8   0,4   2,0   1,6   6,6   17:49    NW
17  15,0  21,2   14:26   7,6   04:47   3,7   0,4   3,3   1,7   7,7   18:26   SSE
18  14,6  18,5   16:06   9,0   23:43   3,7   0,0   0,0   2,9  12,2   15:34   WNW
19  12,3  18,1   17:26   3,1   04:59   6,0   0,0   0,0   1,3   5,1   14:50    SW
20  16,6  23,7   18:16   9,9   01:31   2,8   1,0   0,0   2,2   7,1   03:04     W
21  14,8  18,7   17:16   7,1   05:19   3,5   0,0   0,0   0,9   4,6   16:32   SSW
22  16,0  21,1   17:44  10,0   02:45   2,8   0,5   0,0   2,0   7,1   17:18    SE
23  18,7  26,1   15:34  11,9   04:40   1,6   2,0   0,5   3,0  10,7   17:54    SE
24  19,6  25,6   16:36  14,3   02:00   1,4   2,7   0,0   2,6   7,7   16:01    SE
25  20,8  26,2   14:41  11,4   05:00   1,2   3,7   0,0   2,2  10,2   14:32    SE
26  18,3  22,8   12:56  15,2   03:47   0,8   0,8  11,4   1,5   7,7   15:19    SE
27  17,5  21,3   11:27  13,8   04:40   1,2   0,4  24,9   0,9   4,6   09:38    SW
28  17,7  21,5   17:33  14,9   23:21   1,1   0,5  10,7   1,5   6,6   15:43   SSE
29  17,9  25,0   19:21   9,9   05:06   2,4   1,9   0,0   1,3   6,1   15:32   SSE
30  19,4  26,7   19:29  10,2   04:58   2,0   3,1   0,0   1,1   6,1   15:47   WSW
----------------------------------------------------------------------------------
    15,5  26,7    30     3,1    19   104,5  20,3  80,6   1,9  12,2    18     SSE

Max >=  27,0:  0
Max <=   0,0:  0
Min <=   0,0:  0
Min <= -18,0:  0
Max Rain: 24,9 on day 27
Days of Rain: 15 (>= 0,2 mm)  9 (>= 2,0 mm)  1 (>= 20,0 mm)
Heat Base: 18,3  Cool Base: 18,3  Method: Integration
:now::gauges::today::yesterday::this month::this year::noaa::records::monthly records::trends: