Midtre Skiakersgutua Weather Station

 Latitude N 60° 21' 23"    Longitude E 10° 28' 20"    Elevation 275 m

Records began on 20 desember 2012

NOAA Style Reports for Midtre Skiakersgutua

Select a Year or Month report

Report for 2022 Mar
                   Monthly Climatological Summary for mar 2022

Name: Skiakersgutua Weather Station   City: Gran   State: Innlandet
Elevation: 235 m  Lat: N 60° 21' 54"   Lon: E 010° 33' 13"

                  Temperature (°C), Rain (mm), Wind Speed (m/s)

                                      Heat  Cool        Avg
    Mean                              Deg   Deg         Wind                 Dom
Day Temp  High   Time   Low    Time   Days  Days  Rain  Speed High   Time    Dir
----------------------------------------------------------------------------------
 1   2,9   7,3   16:15  -1,8   22:08  15,4   0,0   1,0   2,0   8,2   03:48    SE
 2   2,0   8,4   16:12  -4,4   23:47  16,3   0,0   0,0   1,1   6,1   19:57    SW
 3  -4,0   4,4   15:57  -9,8   08:14  22,3   0,0   0,0   0,5   2,6   05:01   SSW
 4  -4,8   2,9   16:13 -11,6   06:34  23,1   0,0   0,0   0,4   2,6   19:19     S
 5  -4,8   2,1   16:06  -9,3   04:10  23,1   0,0   0,0   0,5   2,6   10:09   WSW
 6  -4,0   6,1   16:19 -12,2   05:30  22,3   0,0   0,0   0,7   3,1   14:19   SSW
 7  -0,5   6,8   16:03  -5,6   23:52  18,8   0,0   0,0   0,3   2,0   00:40   SSW
 8  -3,8   4,9   16:14 -10,6   05:42  22,1   0,0   0,0   0,3   1,5   00:55     S
 9  -4,2   4,3   16:13 -11,9   06:46  22,5   0,0   0,0   1,4   8,2   20:18   SSE
10  -0,7   1,9   16:18  -5,4   04:50  19,0   0,0   0,0   2,1   6,6   11:50    SE
11   0,4   2,4   13:03  -6,0   23:19  17,9   0,0   0,0   1,8   5,1   06:44    SE
12  -4,6   2,4   16:15  -9,8   06:27  22,9   0,0   0,0   0,5   3,1   13:17     W
13  -3,3   4,5   15:25  -9,5   07:10  21,6   0,0   0,0   0,4   2,6   10:59     W
14  -1,5   7,9   16:23  -8,5   07:27  19,8   0,0   0,0   0,4   2,0   23:09    SW
15  -1,4   6,4   16:21  -9,7   06:38  19,7   0,0   0,0   0,6   4,6   16:18   SSW
16  -0,7   2,8   14:29  -6,7   07:50  19,0   0,0   0,0   2,4   8,7   09:49    SE
17   1,3   1,9   01:12   0,6   07:39  17,0   0,0   0,5   3,2  11,7   16:16    SE
18   2,7   8,1   15:33  -1,9   22:47  15,6   0,0   0,0   1,4   6,1   02:59   WSW
19   2,6  12,2   16:01  -3,3   02:59  15,7   0,0   0,0   0,5   3,6   00:03   SSE
20   2,2  11,2   15:05  -4,8   06:26  16,0   0,0   0,0   0,9   6,6   15:41   SSE
21   1,1   8,5   14:30  -5,4   06:11  17,2   0,0   0,0   0,6   4,6   15:13     S
22   2,5   7,8   15:16  -2,7   23:38  15,8   0,0   0,0   0,7   4,6   18:36    SW
23   1,9  11,3   15:56  -5,7   05:11  16,4   0,0   0,0   0,4   2,0   00:23   SSW
24   4,8  13,7   14:31  -3,0   04:27  13,5   0,0   0,0   0,8   4,6   15:26   WSW
25   9,0  12,5   10:55   3,0   00:09   9,3   0,0   0,0   2,2   9,2   12:28   WSW
26   5,2   8,7   13:41  -0,4   05:52  13,1   0,0   0,0   3,0   9,2   09:55   WNW
27   5,3  13,2   17:10  -0,9   06:42  12,5   0,0   0,0   1,5   6,6   00:06    SW
28   6,6   9,5   07:06  -0,2   23:57  11,4   0,0   0,0   5,3  17,3   14:18    NW
29  -1,9   3,0   14:23  -5,4   05:27  20,2   0,0   0,0   1,4  10,2   15:38   WNW
30  -3,1   2,5   14:57 -10,0   06:51  21,4   0,0   0,0   1,7   9,7   15:58    NW
31  -1,4   2,8   15:09  -6,6   04:58  19,7   0,0   0,0   2,1  10,7   15:23   NNW
----------------------------------------------------------------------------------
     0,2  13,7    24   -12,2     6   560,6   0,0   1,5   1,3  17,3    28      SW

Max >=  27,0:  0
Max <=   0,0:  0
Min <=   0,0: 29
Min <= -18,0:  0
Max Rain: 1,0 on day 1
Days of Rain: 2 (>= 0,2 mm)  0 (>= 2,0 mm)  0 (>= 20,0 mm)
Heat Base: 18,3  Cool Base: 18,3  Method: Integration
:now::gauges::today::yesterday::this month::this year::noaa::records::monthly records::trends: