Midtre Skiakersgutua Weather Station

 Latitude N 60° 21' 23"    Longitude E 10° 28' 20"    Elevation 275 m

Records began on 20 desember 2012

NOAA Style Reports for Midtre Skiakersgutua

Select a Year or Month report

Report for 2022 Jan
                   Monthly Climatological Summary for jan 2022

Name: Skiakersgutua Weather Station   City: Gran   State: Innlandet
Elevation: 235 m  Lat: N 60° 21' 54"   Lon: E 010° 33' 13"

                  Temperature (°C), Rain (mm), Wind Speed (m/s)

                                      Heat  Cool        Avg
    Mean                              Deg   Deg         Wind                 Dom
Day Temp  High   Time   Low    Time   Days  Days  Rain  Speed High   Time    Dir
----------------------------------------------------------------------------------
 1  -6,2  -1,9   23:49  -9,2   04:00  24,5   0,0   0,0   0,0   0,0   00:00   ---
 2  -1,5  -0,3   11:43  -3,6   00:00  19,8   0,0   0,0   0,0   0,0   00:00   ---
 3  -3,1   2,2   16:58  -9,9   09:10  21,4   0,0   7,6   0,7   6,6   16:47   SSW
 4  -7,1  -3,0   00:19 -11,7   09:24  25,4   0,0   0,0   0,7   3,6   15:07    SW
 5  -7,3  -3,1   18:30 -12,7   21:52  25,6   0,0   0,0   1,1   5,1   03:58     W
 6 -14,8  -9,5   00:05 -18,3   20:50  33,1   0,0   0,0   0,3   2,0   00:07   SSW
 7 -10,2  -7,5   23:14 -15,3   00:05  28,5   0,0   0,0   0,4   2,6   11:56   WNW
 8  -6,3  -5,5   12:43  -7,5   00:00  24,6   0,0   0,0   0,0   0,0   00:00   ---
 9  -3,9  -1,3   22:38  -5,8   00:00  22,2   0,0   0,0   0,3   3,1   23:15   SSW
10  -2,4  -1,5   03:18  -3,1   09:33  20,7   0,0   0,0   2,3   7,7   21:22   SSE
11   0,4   2,1   17:11  -4,3   23:59  17,9   0,0   4,6   2,6   8,2   08:35   SSE
12   0,0   6,9   19:28  -5,1   00:22  18,3   0,0   0,5   1,7   7,7   09:51   SSE
13   8,8  11,8   21:27   1,9   01:46   9,5   0,0   1,0   3,0  19,9   22:16   WSW
14   2,7  10,1   00:00  -7,0   23:58  15,5   0,0   0,0   5,7  19,4   03:02    NW
15  -4,7  -1,5   14:04  -7,9   02:35  23,0   0,0   0,0   0,4   3,1   21:56    SW
16  -0,9   4,7   19:49  -8,2   00:33  19,2   0,0   0,0   2,4  19,9   22:18   WNW
17  -1,5   1,9   13:01  -9,0   23:52  19,8   0,0   0,0   3,8  14,3   06:24    NW
18  -4,8   4,0   22:32  -9,6   08:59  23,1   0,0   0,0   0,6   4,1   22:19   SSW
19   1,6   6,0   01:52  -3,4   23:24  16,7   0,0   0,0   5,1  21,9   16:34    NW
20  -2,7  -0,6   15:37  -9,2   23:35  21,0   0,0   0,0   6,3  16,8   07:32    NW
21  -5,4  -1,3   19:22 -11,8   05:02  23,7   0,0   0,0   0,4   2,6   00:24    SW
22  -3,5   0,6   01:15  -7,0   19:05  21,8   0,0   0,0   1,0   6,1   01:12     S
23  -3,5   5,6   19:42  -7,3   09:43  21,7   0,0   0,0   0,6   3,6   18:09   SSW
24   1,7   7,9   15:08  -4,5   23:26  16,6   0,0   0,8   1,9   7,7   14:12     S
25  -3,3   1,0   23:59  -8,4   03:56  21,6   0,0   0,0   0,6   3,1   04:25   SSW
26   2,3   5,4   16:24  -2,6   05:14  16,0   0,0   0,0   1,9   7,7   21:55     S
27   2,8   4,6   16:30   0,1   09:37  15,5   0,0   0,5   3,2  17,3   23:46   WNW
28  -0,3   2,5   00:00  -5,2   09:24  18,6   0,0   0,0   2,9  12,8   00:03     W
29   2,8   8,1   17:10  -0,8   00:28  15,5   0,0   0,0   3,9  19,4   20:48   WNW
30   1,2   4,9   03:20  -8,5   23:55  17,1   0,0   0,0   7,9  21,4   11:35    NW
31  -9,0  -5,6   14:51 -11,9   07:30  27,3   0,0   0,0   0,4   2,6   01:11     S
----------------------------------------------------------------------------------
    -2,5  11,8    13   -18,3     6   645,2   0,0  15,0   2,0  21,9    19     WNW

Max >=  27,0:  0
Max <=   0,0: 13
Min <=   0,0: 29
Min <= -18,0:  1
Max Rain: 7,6 on day 3
Days of Rain: 6 (>= 0,2 mm)  2 (>= 2,0 mm)  0 (>= 20,0 mm)
Heat Base: 18,3  Cool Base: 18,3  Method: Integration
:now::gauges::today::yesterday::this month::this year::noaa::records::monthly records::trends: