Midtre Skiakersgutua Weather Station

 Latitude N 60° 21' 23"    Longitude E 10° 28' 20"    Elevation 275 m

Records began on 20 desember 2012

NOAA Style Reports for Midtre Skiakersgutua

Select a Year or Month report

Report for 2021 Dec
                   Monthly Climatological Summary for des 2021

Name: Skiakersgutua Weather Station   City: Gran   State: Innlandet
Elevation: 235 m  Lat: N 60° 21' 54"   Lon: E 010° 33' 13"

                  Temperature (°C), Rain (mm), Wind Speed (m/s)

                                      Heat  Cool        Avg
    Mean                              Deg   Deg         Wind                 Dom
Day Temp  High   Time   Low    Time   Days  Days  Rain  Speed High   Time    Dir
----------------------------------------------------------------------------------
 1 -11,1  -9,2   00:37 -13,9   23:58  29,4   0,0   0,0   0,0   1,0   01:30     S
 2 -13,2 -10,4   20:45 -17,6   07:23  31,5   0,0   0,0   0,0   0,0   00:00   ---
 3 -13,5 -10,5   00:10 -17,6   09:05  31,8   0,0   0,0   0,0   0,0   00:00   ---
 4  -8,4  -6,8   13:45 -10,8   00:23  26,7   0,0   0,0   0,0   1,0   17:54    SW
 5  -9,0  -6,3   08:48 -12,4   20:37  27,3   0,0   0,0   0,2   2,0   03:21    SW
 6 -11,1  -9,9   06:22 -13,3   10:12  29,0   0,0   0,0   0,9   5,1   17:00     S
 7  -9,9  -9,0   15:22 -11,6   06:16  28,2   0,0   0,0   0,9   4,1   08:01     S
 8  -6,4  -3,9   17:20  -9,0   00:00  24,7   0,0   0,0   0,1   3,1   08:36     W
 9  -2,9  -1,1   15:21  -4,7   00:05  21,2   0,0   0,0   0,0   0,0   00:00   ---
10  -2,1  -1,1   23:34  -3,1   05:56  20,2   0,0   0,0   2,3   7,1   17:38   WNW
11  -1,9  -0,8   16:29  -2,5   03:46  20,2   0,0   0,0   0,4   3,1   00:10    SW
12   0,0   1,1   19:19  -1,6   00:00  18,3   0,0   0,0   1,4   4,6   12:18   SSE
13   1,2   2,4   16:50  -0,1   04:47  17,1   0,0   5,8   1,3   7,1   11:06   SSE
14  -2,7   1,7   22:12  -6,7   09:19  21,0   0,0   0,0   0,6   5,1   18:45     S
15   0,3   6,3   23:55  -2,7   09:02  18,0   0,0   0,3   1,1   5,6   23:54     S
16   0,3   6,6   00:09  -6,2   20:07  18,0   0,0   0,3   1,4   9,2   00:45     W
17  -4,9  -1,9   23:57  -8,6   03:26  23,2   0,0   0,0   0,5   2,6   03:20    SW
18  -2,5   3,0   17:18  -6,2   23:27  20,8   0,0   0,0   0,7   4,1   16:32    SW
19  -1,2   4,0   06:54  -7,6   19:55  19,5   0,0   0,0   3,3  17,9   08:17    NW
20  -7,2  -2,3   12:52 -10,8   05:17  25,5   0,0   0,0   0,8   4,6   09:15    SW
21  -8,6  -6,2   12:39 -11,5   03:52  26,9   0,0   0,0   0,2   2,0   11:37   SSW
22  -4,6  -3,1   15:32  -9,3   00:00  22,9   0,0   0,0   0,2   1,5   17:10   WSW
23  -5,4  -3,4   00:00  -7,0   19:40  23,7   0,0   0,0   0,8   4,1   20:45   WNW
24 -11,3  -4,8   01:59 -17,8   20:38  29,6   0,0   0,0   1,7   7,7   04:21   WNW
25 -15,6 -11,5   19:06 -19,4   07:21  33,9   0,0   0,0   0,3   2,0   00:55   SSW
26 -12,5  -9,4   10:58 -16,4   00:39  30,8   0,0   0,0   0,2   1,5   00:00   SSW
27 -12,5 -10,5   21:20 -16,3   00:35  30,8   0,0   0,0   0,1   1,0   00:30   SSW
28  -8,5  -6,8   23:32 -13,8   00:07  26,8   0,0   0,0   0,0   0,0   00:00   ---
29  -9,9  -6,8   00:00 -14,4   08:29  28,2   0,0   0,0   0,0   0,0   00:00   ---
30  -5,6  -3,8   18:22  -8,3   00:00  23,9   0,0   0,0   0,0   0,0   00:00   ---
31  -7,4  -5,0   00:12  -9,0   19:40  25,7   0,0   0,0   0,0   0,0   00:00   ---
----------------------------------------------------------------------------------
    -6,7   6,6    16   -19,4    25   774,8   0,0   6,4   0,6  17,9    19     WSW

Max >=  27,0:  0
Max <=   0,0: 24
Min <=   0,0: 31
Min <= -18,0:  1
Max Rain: 5,8 on day 13
Days of Rain: 3 (>= 0,2 mm)  1 (>= 2,0 mm)  0 (>= 20,0 mm)
Heat Base: 18,3  Cool Base: 18,3  Method: Integration
:now::gauges::today::yesterday::this month::this year::noaa::records::monthly records::trends: