Midtre Skiakersgutua Weather Station

 Latitude N 60° 21' 23"    Longitude E 10° 28' 20"    Elevation 275 m

Records began on 20 desember 2012

NOAA Style Reports for Midtre Skiakersgutua

Select a Year or Month report

Report for 2021 Nov
                   Monthly Climatological Summary for nov 2021

Name: Skiakersgutua Weather Station   City: Gran   State: Innlandet
Elevation: 235 m  Lat: N 60° 21' 54"   Lon: E 010° 33' 13"

                  Temperature (°C), Rain (mm), Wind Speed (m/s)

                                      Heat  Cool        Avg
    Mean                              Deg   Deg         Wind                 Dom
Day Temp  High   Time   Low    Time   Days  Days  Rain  Speed High   Time    Dir
----------------------------------------------------------------------------------
 1   8,8  10,5   13:44   7,3   01:38   9,5   0,0  18,3   4,5  14,8   03:35    SE
 2   7,9   8,6   04:31   5,4   23:28  10,4   0,0   1,8   3,5   9,2   10:01    SE
 3   4,9   6,7   13:52   3,2   06:27  13,4   0,0   0,0   0,2   1,5   01:20    SW
 4   3,2   5,3   13:25   1,0   23:53  15,1   0,0   0,0   0,6   3,1   09:36   WNW
 5   0,2   1,6   14:29  -1,9   21:46  18,1   0,0   0,3   0,4   3,6   00:26   SSW
 6   0,7   4,8   13:19  -3,2   08:07  17,6   0,0   2,0   0,7   4,6   19:34   SSW
 7   1,6   2,8   12:46   0,6   05:58  16,7   0,0   4,6   2,4   6,6   15:57   WNW
 8   0,9   1,7   23:54  -0,1   08:13  17,4   0,0   0,0   2,0   6,6   22:34    SE
 9   4,0   8,4   15:08   0,0   23:35  14,3   0,0   4,1   2,2   8,7   01:55   SSE
10   3,2   7,4   12:33  -0,5   21:19  15,1   0,0   0,5   1,2   4,6   10:24     S
11   3,9   8,2   14:02   0,4   02:31  14,4   0,0   0,0   2,3   9,2   10:57     S
12  -0,2   1,7   10:30  -2,5   06:53  18,5   0,0   0,0   0,5   2,6   04:07    SW
13   0,9   1,9   15:58  -1,6   23:23  17,4   0,0   2,5   1,2   4,1   03:02     W
14  -1,2  -0,6   01:50  -1,8   14:03  19,5   0,0   0,0   1,0   5,6   18:03   SSE
15   1,4   4,1   20:52  -0,9   08:01  16,9   0,0   0,0   1,2   6,1   07:03     S
16   5,4   7,4   14:48   2,8   00:12  12,9   0,0   0,0   1,7   7,7   19:35   SSE
17   4,5   7,3   12:46  -0,5   20:59  13,8   0,0   4,8   1,8   8,2   00:05   SSE
18  -0,8   3,0   12:59  -3,5   03:54  19,1   0,0   0,3   0,5   7,7   13:34     S
19   5,9  13,0   12:44  -1,7   00:00  12,4   0,0   0,3   2,5  17,3   18:52    NW
20   3,5   7,2   04:36  -0,7   23:26  14,8   0,0   0,0   1,3   7,7   04:32     W
21  -2,3   3,0   13:37  -6,6   23:18  20,6   0,0   0,0   0,9   7,1   13:45   WSW
22  -2,8   2,5   13:03  -6,9   05:11  21,1   0,0   0,0   0,7   3,6   10:59     S
23  -1,6   7,1   23:55  -5,6   00:58  19,9   0,0   0,0   0,5   2,6   19:36   WSW
24   3,6   6,5   00:00   0,4   04:20  14,7   0,0   0,0   1,2   6,1   12:02     S
25  -2,0   3,6   00:18  -8,1   23:41  20,3   0,0   0,0   0,9   5,1   13:30   WSW
26  -4,9  -1,9   12:38  -8,0   00:34  23,2   0,0   0,0   0,6   4,6   11:01   SSW
27  -5,9  -4,2   12:38  -8,1   21:44  24,1   0,0   0,0   0,5   3,1   09:41    SW
28  -6,9  -4,5   12:32 -11,2   23:16  25,2   0,0   0,0   1,5   5,6   06:08   WNW
29 -11,5  -9,8   12:37 -14,0   08:24  29,8   0,0   0,0   0,0   1,0   13:01     S
30  -8,4  -6,0   02:39 -13,4   19:56  26,7   0,0   0,0   0,2   4,1   02:36   SSE
----------------------------------------------------------------------------------
     0,5  13,0    19   -14,0    29   532,9   0,0  39,5   1,3  17,3    19       S

Max >=  27,0:  0
Max <=   0,0:  6
Min <=   0,0: 22
Min <= -18,0:  0
Max Rain: 18,3 on day 1
Days of Rain: 11 (>= 0,2 mm)  6 (>= 2,0 mm)  0 (>= 20,0 mm)
Heat Base: 18,3  Cool Base: 18,3  Method: Integration
:now::gauges::today::yesterday::this month::this year::noaa::records::monthly records::trends: