Midtre Skiakersgutua Weather Station

 Latitude N 60° 21' 23"    Longitude E 10° 28' 20"    Elevation 275 m

Records began on 20 desember 2012

NOAA Style Reports for Midtre Skiakersgutua


Report for 2021 Oct
                   Monthly Climatological Summary for okt 2021

Name: Skiakersgutua Weather Station   City: Gran   State: Innlandet
Elevation: 235 m  Lat: N 60° 21' 54"   Lon: E 010° 33' 13"

                  Temperature (°C), Rain (mm), Wind Speed (m/s)

                                      Heat  Cool        Avg
    Mean                              Deg   Deg         Wind                 Dom
Day Temp  High   Time   Low    Time   Days  Days  Rain  Speed High   Time    Dir
----------------------------------------------------------------------------------
 1  10,8  13,0   14:57   8,6   04:21   7,5   0,0  10,4   3,3  10,7   20:23   SSE
 2  10,9  12,9   13:43   6,8   23:31   7,4   0,0  14,0   2,4   7,7   16:15   SSE
 3  11,1  13,7   14:57   7,0   00:00   7,2   0,0  22,1   4,1  14,3   08:47   SSE
 4  11,3  14,3   13:26   8,8   01:41   7,0   0,0   0,3   3,4   8,2   12:54   SSE
 5  10,8  14,1   13:30   9,1   03:31   7,5   0,0   2,5   2,6   6,6   09:48   SSE
 6   9,5  10,9   17:04   7,4   22:16   8,4   0,0   0,3   2,3   8,2   07:36    NW
 7   8,7  12,4   14:36   4,3   07:37   9,6   0,0   0,3   1,2   4,1   11:09     S
 8  11,8  13,5   14:37  10,1   03:14   6,5   0,0   0,0   0,7   3,6   05:48   SSW
 9  12,7  14,7   13:37  11,0   23:58   5,6   0,0   0,0   1,9   6,1   22:41   SSE
10   9,8  11,5   16:46   4,6   23:55   8,5   0,0   0,0   1,6   6,1   15:53     S
11   4,3   9,8   15:54   0,3   07:40  14,0   0,0   0,3   1,1   8,2   16:10    NW
12   2,3  10,6   15:10  -3,1   07:42  16,0   0,0   0,0   1,4   9,7   15:36    NW
13   1,7   6,5   15:17  -3,2   02:42  16,6   0,0   0,0   0,9   4,1   17:15     S
14   7,6  12,7   14:57   1,8   03:12  10,7   0,0   0,0   2,4   7,7   23:57   SSE
15   6,7  10,8   00:00  -0,7   23:14  11,6   0,0   0,0   2,7   9,2   11:32    NW
16   4,5  10,7   14:30  -1,9   00:00  13,8   0,0   0,0   1,4   7,7   15:01     W
17   0,0   7,8   16:04  -5,4   07:51  18,3   0,0   0,0   0,8   4,6   13:32     W
18  -1,3   3,6   15:55  -7,0   07:11  19,6   0,0   0,0   0,2   1,5   03:32    SW
19   1,0   2,0   02:21  -0,2   05:02  17,1   0,0   0,0   0,6   6,6   09:43   SSW
20   5,8  11,1   16:01   1,4   00:04  12,5   0,0   0,0   2,3   7,7   14:02   SSE
21   5,6   8,6   14:57   2,7   08:20  12,7   0,0   0,0   2,9   9,2   15:01    NW
22   4,3   8,8   15:30  -0,7   08:46  14,0   0,0   0,0   1,8   7,7   15:42   WNW
23   1,8   7,9   15:27  -4,2   07:33  16,5   0,0   0,0   1,1   5,1   21:36     S
24   6,7   9,9   14:32   2,0   01:49  11,6   0,0   0,0   2,1   6,1   14:02   SSE
25   9,0  10,1   16:19   6,8   23:21   9,3   0,0   3,0   3,0   8,2   03:19   SSE
26   5,5   9,9   14:52   0,4   22:54  12,8   0,0   0,0   1,2   6,1   16:31   SSW
27   7,5  12,7   15:46   0,5   00:00  10,8   0,0   4,8   1,4   6,1   03:22     S
28  11,0  13,7   12:25   5,6   00:23   7,3   0,0   1,8   3,2  11,7   23:20    SE
29  10,2  11,7   00:00   8,3   19:46   8,1   0,0   0,0   3,1   7,7   00:03    SE
30   9,8  12,3   11:39   7,8   18:32   8,5   0,0   4,3   3,5  11,2   04:22    SE
31   8,5  10,5   13:27   5,7   17:55  10,2   0,0   9,9   2,9   8,7   00:46   SSE
----------------------------------------------------------------------------------
     7,1  14,7     9    -7,0    18   347,2   0,0  74,0   2,0  14,3     3       S

Max >=  27,0:  0
Max <=   0,0:  0
Min <=   0,0:  9
Min <= -18,0:  0
Max Rain: 22,1 on day 3
Days of Rain: 13 (>= 0,2 mm)  8 (>= 2,0 mm)  1 (>= 20,0 mm)
Heat Base: 18,3  Cool Base: 18,3  Method: Integration
:now::gauges::today::yesterday::this month::this year::noaa::records::monthly records::trends: