Midtre Skiakersgutua Weather Station

 Latitude N 60° 21' 23"    Longitude E 10° 28' 20"    Elevation 275 m

Records began on 20 desember 2012

NOAA Style Reports for Midtre Skiakersgutua

Select a Year or Month report

Report for 2021 Sep
                   Monthly Climatological Summary for sep 2021

Name: Skiakersgutua Weather Station   City: Gran   State: Innlandet
Elevation: 235 m  Lat: N 60° 21' 54"   Lon: E 010° 33' 13"

                  Temperature (°C), Rain (mm), Wind Speed (m/s)

                                      Heat  Cool        Avg
    Mean                              Deg   Deg         Wind                 Dom
Day Temp  High   Time   Low    Time   Days  Days  Rain  Speed High   Time    Dir
----------------------------------------------------------------------------------
 1  15,1  21,8   14:36   6,5   06:10   3,9   0,7   0,0   2,2  10,2   20:09    NW
 2  16,0  22,4   16:45   7,3   07:25   3,2   0,9   0,0   1,9  11,7   19:50    NW
 3  11,0  15,9   17:47   4,5   07:20   7,3   0,0   0,0   1,8   8,2   13:17   NNW
 4  10,7  15,1   14:38   5,7   00:00   7,6   0,0   0,0   1,3   6,6   00:53    SW
 5  11,9  19,2   16:09   4,6   01:07   6,4   0,0   0,0   1,1   6,1   15:44     S
 6  11,7  19,1   16:56   5,6   05:41   6,6   0,0   0,0   0,7   5,1   15:19     S
 7  14,4  21,8   16:41   7,9   06:11   4,4   0,6   0,0   1,6   6,6   15:59   SSE
 8  17,6  25,2   16:18  10,4   05:20   2,5   1,7   0,0   1,0   5,1   12:12   WSW
 9  16,8  25,6   16:35   9,0   06:58   3,1   1,6   0,0   0,7   3,6   11:54     S
10  16,7  20,3   14:58  13,2   03:47   1,9   0,3   0,0   2,1   6,6   07:23   SSE
11  15,3  17,0   11:28  12,8   03:45   3,0   0,0   0,8   1,3   5,6   08:27   SSE
12  14,9  16,7   14:31  10,5   23:55   3,4   0,0   0,3   2,1   9,2   17:51   NNW
13  10,7  16,9   15:20   4,1   06:26   7,6   0,0   0,0   1,1   5,6   00:17     W
14  10,8  18,4   17:17   4,5   07:04   7,5   0,0   0,0   0,8   3,6   11:48     W
15  10,5  17,0   16:21   3,1   06:58   7,8   0,0   0,0   1,6   6,1   20:51   SSE
16  10,4  13,2   00:00   8,3   23:29   7,9   0,0   1,3   1,7   6,6   09:26   SSE
17   9,1  10,8   15:01   7,1   22:52   9,2   0,0   0,0   1,7   5,1   20:23   ENE
18   8,9  10,5   12:45   7,2   06:15   9,4   0,0   0,0   1,7   5,6   11:22   SSE
19   8,9  10,5   14:31   7,1   23:28   9,4   0,0   0,0   1,7   5,6   13:09   SSE
20   7,4   8,8   11:54   5,7   04:43  10,9   0,0   0,0   1,7   5,6   18:08   SSE
21   9,9  14,9   16:21   6,8   01:04   8,4   0,0   1,3   1,3   5,6   02:32   SSW
22  12,0  17,9   15:33   4,6   07:24   6,3   0,0   0,0   2,3   7,1   18:44   SSE
23  11,5  14,5   16:45   6,6   23:46   6,8   0,0   5,1   2,2  11,7   18:44     W
24   7,4  12,6   21:06   2,3   03:16  10,9   0,0   0,5   1,6   6,6   20:13     S
25  10,4  16,2   16:00   2,6   07:35   7,9   0,0   0,0   1,2   5,1   12:48   WNW
26   8,8  16,3   14:25   2,0   05:17   9,5   0,0   0,0   1,4   7,7   14:54   SSE
27  11,0  13,2   20:42   7,8   03:39   7,3   0,0   8,4   3,4  12,2   22:12   SSE
28  11,9  15,1   14:58   9,3   20:59   6,4   0,0   3,6   4,3  13,3   02:42   SSE
29   9,0  12,3   17:00   4,8   05:47   9,3   0,0   0,8   1,4   6,6   23:40   SSE
30   9,9  10,7   00:00   9,2   23:07   8,4   0,0  16,5   2,6  10,7   02:39    SE
----------------------------------------------------------------------------------
    11,7  25,6     9     2,0    26   204,2   5,8  38,6   1,7  13,3    28       S

Max >=  27,0:  0
Max <=   0,0:  0
Min <=   0,0:  0
Min <= -18,0:  0
Max Rain: 16,5 on day 30
Days of Rain: 10 (>= 0,2 mm)  4 (>= 2,0 mm)  0 (>= 20,0 mm)
Heat Base: 18,3  Cool Base: 18,3  Method: Integration
:now::gauges::today::yesterday::this month::this year::noaa::records::monthly records::trends: