Midtre Skiakersgutua Weather Station

 Latitude N 60° 21' 23"    Longitude E 10° 28' 20"    Elevation 275 m

Records began on 20 desember 2012

NOAA Style Reports for Midtre Skiakersgutua

Select a Year or Month report

Report for 2021 Aug
                   Monthly Climatological Summary for aug 2021

Name: Skiakersgutua Weather Station   City: Gran   State: Innlandet
Elevation: 235 m  Lat: N 60° 21' 54"   Lon: E 010° 33' 13"

                  Temperature (°C), Rain (mm), Wind Speed (m/s)

                                      Heat  Cool        Avg
    Mean                              Deg   Deg         Wind                 Dom
Day Temp  High   Time   Low    Time   Days  Days  Rain  Speed High   Time    Dir
----------------------------------------------------------------------------------
 1  13,1  15,1   18:37  11,8   23:57   5,2   0,0   1,0   3,0   9,7   12:32    NW
 2  12,7  17,8   17:25   8,3   23:31   5,6   0,0   0,0   3,0   8,7   09:19   NNW
 3  12,0  17,1   14:27   7,6   04:46   6,3   0,0   0,3   1,3   6,6   17:32     S
 4  14,2  19,3   16:33   8,2   02:31   4,2   0,0   0,0   1,8   9,2   16:47   SSE
 5  14,5  20,0   17:21   9,3   23:52   3,9   0,1   0,0   1,8   6,6   13:50   SSE
 6  14,0  20,9   18:04   7,0   04:29   4,5   0,1   2,5   1,5   6,6   10:07     S
 7  14,8  20,3   13:45  10,0   06:18   3,8   0,3   0,3   1,7  10,7   17:47    SE
 8  14,5  21,5   17:36   7,0   05:09   4,2   0,4   0,0   1,0   4,6   14:36     S
 9  14,7  20,0   15:03   9,2   03:53   3,7   0,1   0,0   1,2   6,1   15:17   SSE
10  15,2  19,0   19:17  11,2   02:10   3,1   0,0   2,5   1,3   5,6   14:39   SSE
11  15,7  21,9   14:26  10,9   03:07   3,0   0,4   0,5   0,9   8,2   15:09   WNW
12  15,4  20,6   16:45   9,4   04:53   3,2   0,3   0,3   1,8   6,1   15:47   SSE
13  15,8  19,5   14:53  11,4   06:29   2,6   0,0   3,8   2,1   8,2   15:58   SSE
14  13,8  18,5   13:45   9,6   06:17   4,5   0,0   2,5   1,6   8,7   13:00   SSW
15  14,0  19,9   15:59  10,1   06:05   4,4   0,0   1,0   1,0   5,6   13:40    SW
16  13,9  18,4   17:37  10,4   03:22   4,4   0,0   2,8   2,5   7,7   16:07    NW
17  15,6  18,7   15:58  12,9   06:52   2,7   0,0   0,0   4,7  11,7   13:47   NNW
18  13,6  18,1   15:41   6,4   05:54   4,7   0,0   0,0   2,3   8,7   09:43    NW
19  12,4  19,0   16:27   4,9   05:24   5,9   0,0   0,0   1,1   6,1   14:57    NW
20  12,4  18,3   16:19   5,0   06:05   5,9   0,0   0,0   1,4   9,2   16:52    NW
21  12,3  19,8   17:28   4,4   05:06   6,1   0,1   0,0   0,8   3,1   11:40   SSW
22  12,9  20,6   17:49   6,0   07:06   5,5   0,2   0,0   0,8   6,1   13:46   WNW
23  13,7  22,4   18:04   5,2   06:59   5,1   0,6   0,0   0,6   5,1   13:37    NW
24  14,6  20,4   14:08   9,0   04:57   3,9   0,2   0,5   0,5   3,1   14:37   SSW
25  15,8  19,4   13:47  11,9   05:44   2,5   0,1   0,0   5,5  20,4   18:40   NNW
26  12,9  15,9   15:29  10,8   06:58   5,4   0,0   0,0   6,9  17,3   13:40   NNW
27  13,2  15,4   13:54  11,9   05:35   4,6   0,0   0,0   3,6  10,2   12:46   NNW
28  15,2  20,3   16:46  11,7   05:36   3,4   0,3   0,0   2,5   7,1   12:45   NNW
29  15,7  23,8   17:11   7,4   06:37   3,9   1,3   0,0   1,3   7,1   16:13   NNW
30  15,1  23,2   17:32   6,1   06:26   4,4   1,2   0,0   0,9   4,1   13:32   WNW
31  15,2  24,3   16:51   6,7   07:12   4,1   1,0   0,0   1,2   6,6   11:55    NW
----------------------------------------------------------------------------------
    14,2  24,3    31     4,4    21   134,7   6,7  18,0   2,0  20,4    25      NW

Max >=  27,0:  0
Max <=   0,0:  0
Min <=   0,0:  0
Min <= -18,0:  0
Max Rain: 3,8 on day 13
Days of Rain: 12 (>= 0,2 mm)  5 (>= 2,0 mm)  0 (>= 20,0 mm)
Heat Base: 18,3  Cool Base: 18,3  Method: Integration
:now::gauges::today::yesterday::this month::this year::noaa::records::monthly records::trends: