Midtre Skiakersgutua Weather Station

 Latitude N 60° 21' 23"    Longitude E 10° 28' 20"    Elevation 275 m

Records began on 20 desember 2012

NOAA Style Reports for Midtre Skiakersgutua


Report for 2021 Jul
                   Monthly Climatological Summary for jul 2021

Name: Skiakersgutua Weather Station   City: Gran   State: Innlandet
Elevation: 235 m  Lat: N 60° 21' 54"   Lon: E 010° 33' 13"

                  Temperature (°C), Rain (mm), Wind Speed (m/s)

                                      Heat  Cool        Avg
    Mean                              Deg   Deg         Wind                 Dom
Day Temp  High   Time   Low    Time   Days  Days  Rain  Speed High   Time    Dir
----------------------------------------------------------------------------------
 1  17,5  24,4   17:10   7,7   05:10   2,7   1,9   0,0   1,4   8,2   15:46    NE
 2  20,4  25,4   16:38  13,9   05:34   0,7   2,8   0,0   1,3   4,6   11:30    NW
 3  20,5  28,2   15:19   9,9   05:06   1,9   4,1   0,0   1,5   7,1   16:30   SSE
 4  18,9  23,4   16:00  14,1   02:48   0,9   1,5  16,8   2,1  10,2   11:41    SE
 5  18,6  23,2   16:28  12,9   04:48   1,3   1,6   2,0   2,3   8,7   16:38    SE
 6  18,5  21,3   16:45  15,0   22:16   0,5   0,7   5,8   3,1   8,7   15:25    SE
 7  16,3  18,9   12:12  12,9   23:59   2,0   0,0   7,1   2,7  10,7   15:19   SSE
 8  16,2  20,2   14:47  11,6   02:37   2,3   0,3   2,3   2,2   8,7   11:13   SSE
 9  16,2  23,0   17:38  10,5   03:51   2,5   0,4   7,4   1,2   7,7   18:05     W
10  14,5  15,5   11:17  13,3   02:51   3,8   0,0  14,0   2,4   9,7   13:30   WNW
11  17,8  23,1   15:54  13,0   03:32   1,8   1,3   1,5   2,6   8,7   18:18   SSE
12  17,3  22,6   17:34  12,8   03:08   1,9   0,9   0,0   0,9   3,1   13:23   SSW
13  18,9  27,1   19:06  10,2   04:52   2,2   2,7   0,0   0,8   4,1   11:34    NW
14  19,2  23,3   18:39  15,3   02:22   0,7   1,6   0,3   0,8   4,1   13:31   WNW
15  21,0  26,4   15:48  15,4   04:11   0,6   3,4   0,0   1,8   7,1   13:14    NW
16  19,7  27,1   19:37  10,9   05:42   1,4   2,8   0,0   1,6   6,1   22:28   WNW
17  19,3  26,1   15:06  10,6   04:45   1,5   2,5   0,0   2,3  11,7   23:04    NW
18  16,8  19,7   12:23  11,9   05:38   1,6   0,2   0,0   2,9   8,2   00:12    NW
19  15,8  23,4   17:39   6,6   06:00   3,4   0,9   0,0   1,9   6,1   14:51     S
20  18,0  23,7   16:56  10,1   05:37   1,8   1,5   0,0   1,5   6,6   01:40   WNW
21  16,6  23,1   17:51  10,2   05:35   2,7   1,0   0,0   1,3   7,7   01:11    SW
22  19,7  28,4   18:00  10,2   04:59   2,1   3,5   0,0   1,1   5,6   14:25     W
23  19,4  25,9   17:45  10,7   05:02   1,4   2,5   0,0   1,2   5,1   01:31    NW
24  18,1  27,0   17:47  10,5   06:03   3,3   3,1   0,0   1,1   6,1   17:20   SSE
25  20,3  27,3   14:57  11,4   05:10   1,6   3,7   0,0   1,5   7,7   12:05   SSE
26  19,2  25,2   14:47  11,4   05:31   1,6   2,5   0,0   2,5   9,2   18:22    SE
27  17,5  18,8   17:29  16,3   06:02   0,8   0,0  29,5   1,0   5,1   11:33   SSW
28  17,4  20,4   16:38  13,8   23:56   1,2   0,3  15,5   2,2   6,6   12:18   SSE
29  14,7  19,6   15:43  12,5   22:27   3,6   0,0  23,9   0,9   5,1   11:43     S
30  17,4  26,1   18:26  12,3   00:28   2,5   1,6   2,8   1,5   7,7   13:28    NW
31  13,1  14,3   00:08  11,4   03:18   3,7   0,0   7,9   1,3   3,6   11:01    NW
----------------------------------------------------------------------------------
    17,9  28,4    22     6,6    19    60,0  49,3 136,8   1,7  11,7    17     SSW

Max >=  27,0:  6
Max <=   0,0:  0
Min <=   0,0:  0
Min <= -18,0:  0
Max Rain: 29,5 on day 27
Days of Rain: 14 (>= 0,2 mm)  12 (>= 2,0 mm)  2 (>= 20,0 mm)
Heat Base: 18,3  Cool Base: 18,3  Method: Integration
:now::gauges::today::yesterday::this month::this year::noaa::records::monthly records::trends: