Midtre Skiakersgutua Weather Station

 Latitude N 60° 21' 23"    Longitude E 10° 28' 20"    Elevation 275 m

Records began on 20 desember 2012

NOAA Style Reports for Midtre Skiakersgutua

Select a Year or Month report

Report for 2021 Jun
                   Monthly Climatological Summary for jun 2021

Name: Skiakersgutua Weather Station   City: Gran   State: Innlandet
Elevation: 235 m  Lat: N 60° 21' 54"   Lon: E 010° 33' 13"

                  Temperature (°C), Rain (mm), Wind Speed (m/s)

                                      Heat  Cool        Avg
    Mean                              Deg   Deg         Wind                 Dom
Day Temp  High   Time   Low    Time   Days  Days  Rain  Speed High   Time    Dir
----------------------------------------------------------------------------------
 1  18,7  24,3   17:50  12,8   05:38   1,3   1,7   0,0   2,0   8,7   21:23    SE
 2  16,6  22,1   16:47   7,8   05:29   2,6   0,9   0,0   2,2   7,7   00:07   SSE
 3  16,9  21,1   16:30  10,7   04:44   2,1   0,7   0,0   2,4   8,7   10:41    SE
 4  16,3  22,8   15:38   7,0   05:08   3,2   1,2   0,0   0,9   6,1   11:27   SSW
 5  17,9  25,0   17:19   8,0   04:45   2,7   2,2   0,0   1,1   5,1   12:43     W
 6  17,9  22,6   10:59  11,4   04:14   1,5   1,2   0,0   1,1   7,7   11:18    SW
 7  16,9  23,5   14:39  10,0   04:29   2,3   0,9   0,0   1,6   8,2   22:06     S
 8  16,6  21,9   17:00  13,0   04:56   2,3   0,6   1,0   1,3   6,6   15:18     S
 9  17,9  24,6   17:39  11,1   05:30   2,1   1,7   0,0   1,7   8,2   15:09   SSE
10  17,8  23,1   15:19  12,1   04:46   1,8   1,3   0,0   1,6   6,1   15:41     S
11  17,3  21,3   13:28  12,8   05:13   1,5   0,5   4,8   3,5  11,2   18:12    SE
12  14,6  18,3   16:38   8,8   04:54   3,7   0,0   0,0   3,9  10,7   10:47    NW
13  13,5  18,5   17:38   6,3   03:13   4,8   0,0   0,0   1,6   7,7   00:17   WSW
14  14,6  17,0   09:31  10,7   23:53   3,7   0,0   5,6   2,6  12,2   16:14   SSE
15  14,1  18,2   15:30   8,6   01:07   4,2   0,0   0,0   3,0  12,8   14:29   WNW
16  12,8  18,9   16:18   5,1   02:46   5,5   0,0   0,0   2,0   9,7   18:52   SSE
17  16,8  22,4   14:54  11,0   01:30   2,6   1,0  22,4   3,2  10,2   14:47    SE
18  18,3  22,8   16:33  14,1   23:59   1,2   1,2   7,1   1,4   5,1   13:43   WSW
19  13,1  14,2   17:41  12,4   22:46   5,2   0,0   3,6   1,5   4,6   18:04    NW
20  14,2  16,7   17:10  12,2   01:42   4,1   0,0   5,6   1,5   4,6   20:55    NW
21  15,0  19,2   15:57  13,4   03:55   3,3   0,0   6,1   2,3   8,7   03:07    SE
22  14,2  17,2   15:40  11,2   06:41   4,2   0,0   9,1   3,6   8,7   10:12   NNW
23  16,8  23,5   16:39   9,6   04:53   2,8   1,3   0,0   1,7   7,1   18:57     S
24  17,0  22,9   14:07  10,9   04:56   2,4   1,1   0,0   2,7   9,2   14:48    SE
25  16,9  24,4   18:32  10,7   03:48   2,8   1,4   0,0   1,7   5,6   01:01     S
26  18,7  25,4   15:25  11,5   03:08   1,9   2,4   0,0   1,2   5,6   15:58    SW
27  17,7  23,5   15:05  13,5   23:58   1,6   1,0   0,0   2,1   8,2   18:29   SSE
28  18,2  23,6   15:21  13,4   00:03   1,8   1,6   0,0   2,0   7,1   18:57   SSE
29  16,8  24,8   18:20  12,6   03:32   2,4   0,9   0,3   2,0  10,2   22:17    SW
30  16,0  22,0   19:41  11,9   23:57   2,8   0,5   0,0   3,4   9,2   10:43   NNW
----------------------------------------------------------------------------------
    16,3  25,4    26     5,1    16    84,4  25,3  65,6   2,1  12,8    15       S

Max >=  27,0:  0
Max <=   0,0:  0
Min <=   0,0:  0
Min <= -18,0:  0
Max Rain: 22,4 on day 17
Days of Rain: 10 (>= 0,2 mm)  8 (>= 2,0 mm)  1 (>= 20,0 mm)
Heat Base: 18,3  Cool Base: 18,3  Method: Integration
:now::gauges::today::yesterday::this month::this year::noaa::records::monthly records::trends: