Midtre Skiakersgutua Weather Station

 Latitude N 60° 21' 23"    Longitude E 10° 28' 20"    Elevation 275 m

Records began on 20 desember 2012

NOAA Style Reports for Midtre Skiakersgutua

Select a Year or Month report

Report for 2021 May
                   Monthly Climatological Summary for mai 2021

Name: Skiakersgutua Weather Station   City: Gran   State: Innlandet
Elevation: 235 m  Lat: N 60° 21' 54"   Lon: E 010° 33' 13"

                  Temperature (°C), Rain (mm), Wind Speed (m/s)

                                      Heat  Cool        Avg
    Mean                              Deg   Deg         Wind                 Dom
Day Temp  High   Time   Low    Time   Days  Days  Rain  Speed High   Time    Dir
----------------------------------------------------------------------------------
 1   5,4  11,0   17:17  -2,1   05:43  12,9   0,0   0,0   1,3   5,6   16:52     W
 2   6,0  11,6   16:15  -0,4   06:52  12,3   0,0   0,0   1,2   7,1   15:07   WSW
 3   4,0   8,8   14:02   0,2   23:58  14,3   0,0   3,8   1,5   7,1   17:24     W
 4   3,2   7,9   14:18  -1,7   04:49  15,1   0,0   1,5   2,3  12,8   16:30    SE
 5   2,4   4,6   12:14   0,8   09:18  15,9   0,0   1,8   3,8  14,8   02:45     N
 6   4,0   8,8   17:06   0,1   05:02  14,3   0,0   0,0   3,4   9,7   13:16   NNW
 7   4,6  10,8   17:56  -3,0   05:29  13,7   0,0   0,0   1,6   7,7   12:13    NW
 8   5,6  11,5   15:22  -3,0   05:45  12,7   0,0   0,0   1,7   9,7   16:07    NW
 9   4,5   5,3   14:05   3,5   07:05  13,8   0,0   5,1   3,3   8,7   10:46    SE
10   6,5  12,5   20:48   4,2   01:56  11,8   0,0  11,4   1,5   7,7   20:24    NE
11   9,7  12,0   15:52   6,7   04:02   8,6   0,0   0,0   2,2   6,1   00:14   SSE
12   7,3   8,6   14:00   5,3   04:18  11,0   0,0  19,8   2,7  10,2   12:35   WNW
13  11,8  16,7   19:01   7,3   03:24   6,5   0,0   1,8   2,6   6,6   14:06    NW
14  11,7  15,0   16:01   6,9   05:37   6,6   0,0   8,9   1,5   5,1   00:19   WNW
15   9,7  11,7   12:20   7,7   04:44   8,6   0,0   0,5   1,4   5,1   00:51    SE
16   8,7  10,9   18:29   7,3   06:55   9,6   0,0   2,3   2,3   7,7   12:09    SE
17   7,6   8,6   09:09   6,3   22:41  10,7   0,0  14,7   2,0   6,6   07:25   WNW
18   9,9  14,5   14:03   6,0   03:09   8,4   0,0   1,5   2,2   8,2   15:29   SSE
19   9,8  15,7   18:11   3,3   04:38   8,5   0,0   0,0   1,3   9,2   14:04     S
20   9,7  12,9   14:21   5,4   23:58   8,5   0,0   4,6   1,7  10,2   16:40    NW
21   8,5  14,5   16:49   2,3   05:37   9,8   0,0   0,0   1,5   8,7   13:50   SSE
22   8,8  13,3   11:20   4,9   03:24   9,5   0,0   2,8   1,7   8,7   13:51   SSE
23   9,5  14,2   13:55   6,7   05:48   8,8   0,0   1,0   1,6   8,2   14:20    SE
24   9,2  12,8   15:59   7,4   23:32   9,1   0,0   0,8   3,0   8,7   14:40    SE
25   9,7  13,3   16:11   7,0   02:59   8,6   0,0   1,5   1,5   7,7   18:01    NW
26  10,7  13,4   22:31   8,0   05:51   7,5   0,0   5,8   3,0  10,7   01:50   NNW
27  11,4  16,0   16:31   4,2   05:28   6,9   0,0   0,0   3,4  11,2   09:32     N
28  13,3  21,3   17:36   2,1   05:29   5,6   0,6   0,0   3,1  10,2   19:48   NNW
29  17,6  25,8   18:39   9,5   04:24   2,4   1,7   0,0   2,1   7,1   00:40   WNW
30  18,2  26,6   16:42   7,1   05:31   2,9   2,8   0,0   1,2   5,6   19:55     S
31  18,8  25,7   16:40   9,0   05:45   2,3   2,8   0,0   1,3   5,6   13:36   WNW
----------------------------------------------------------------------------------
     9,0  26,6    30    -3,0     7   297,2   7,9  89,6   2,1  14,8     5      NW

Max >=  27,0:  0
Max <=   0,0:  0
Min <=   0,0:  5
Min <= -18,0:  0
Max Rain: 19,8 on day 12
Days of Rain: 18 (>= 0,2 mm)  10 (>= 2,0 mm)  0 (>= 20,0 mm)
Heat Base: 18,3  Cool Base: 18,3  Method: Integration
:now::gauges::today::yesterday::this month::this year::noaa::records::monthly records::trends: