Midtre Skiakersgutua Weather Station

 Latitude N 60° 21' 23"    Longitude E 10° 28' 20"    Elevation 275 m

Records began on 20 desember 2012

NOAA Style Reports for Midtre Skiakersgutua

Select a Year or Month report

Report for 2021 Apr
                   Monthly Climatological Summary for apr 2021

Name: Skiakersgutua Weather Station   City: Gran   State: Innlandet
Elevation: 235 m  Lat: N 60° 21' 54"   Lon: E 010° 33' 13"

                  Temperature (°C), Rain (mm), Wind Speed (m/s)

                                      Heat  Cool        Avg
    Mean                              Deg   Deg         Wind                 Dom
Day Temp  High   Time   Low    Time   Days  Days  Rain  Speed High   Time    Dir
----------------------------------------------------------------------------------
 1   2,6  10,2   17:52  -4,0   06:31  15,7   0,0   0,0   1,4   6,6   20:00   WNW
 2   3,2   7,8   15:23  -1,0   06:43  15,1   0,0   0,0   3,6  13,8   12:52   NNW
 3   2,5   8,4   16:09  -3,3   05:58  15,8   0,0   0,0   1,2   5,6   00:45    SW
 4   4,2   9,6   18:09  -2,7   05:21  14,1   0,0   0,0   2,7  14,8   23:39   SSE
 5   0,8   5,4   15:34  -4,4   07:16  17,5   0,0   0,0   5,7  17,9   17:00   NNW
 6   2,4   6,3   16:00  -0,9   01:02  15,9   0,0   0,0   4,0  13,3   12:40    NW
 7   1,1   5,6   15:23  -3,8   04:30  17,2   0,0   0,0   1,7   8,7   13:35    NW
 8  -0,4   4,0   12:36  -6,6   06:58  18,7   0,0   0,0   2,1   9,2   18:47   SSE
 9   3,7   8,1   15:11  -0,2   23:02  14,6   0,0   0,8   3,8  13,8   15:26   WNW
10   2,2   6,8   14:51  -3,7   07:06  16,1   0,0   0,0   2,6  12,2   12:34   WNW
11   0,8   7,6   15:58  -6,9   06:40  17,5   0,0   0,0   1,9   9,2   17:20   ESE
12   0,3   1,4   18:32  -0,4   07:13  18,0   0,0   1,0   4,1   9,2   10:19    NW
14   2,8   7,6   14:20  -1,6   06:27  20,6   0,0   0,0   1,7  11,2   12:30    NW
15   4,8  10,0   16:32  -0,8   23:41  13,5   0,0   0,0   1,6   6,1   13:44    NW
16   3,2   9,7   15:51  -4,2   06:50  15,1   0,0   0,0   2,3   8,7   14:30   NNW
17   6,2  14,1   17:52  -1,9   06:52  12,1   0,0   0,0   1,7   8,7   13:51   NNW
18   6,4  16,0   16:58  -2,8   06:21  11,9   0,0   0,0   1,1   5,6   14:15   NNW
19   7,2  16,3   16:17  -2,3   05:46  11,1   0,0   0,0   1,0   6,6   14:48   SSE
20   7,7  15,5   14:59  -2,0   04:45  10,6   0,0   0,0   2,4   8,7   15:42   SSE
21   5,6   8,6   00:00   2,3   08:56  12,7   0,0   0,8   6,4  18,9   19:46   NNW
22   4,2   7,9   14:01  -0,6   23:59  14,1   0,0   0,0   6,8  18,9   16:45   NNW
23   2,7   7,6   14:14  -4,3   05:38  15,6   0,0   0,0   4,7  15,3   15:58   NNW
24   2,6   6,3   15:59  -2,5   06:26  15,7   0,0   0,0   5,2  15,3   19:14   NNW
25   1,9   6,4   16:01  -4,8   06:38  16,4   0,0   0,0   4,5  14,8   11:02   NNW
26   3,7   9,7   18:49  -1,0   06:07  14,6   0,0   0,0   2,8   9,2   03:03    NW
27   2,7   8,1   14:42  -4,9   05:09  15,6   0,0   0,0   2,3   9,2   12:46   NNW
28   3,1   9,0   18:26  -3,5   05:12  15,2   0,0   0,0   1,2   6,6   14:36    NW
29   4,1   8,6   14:52  -2,1   06:07  14,2   0,0   0,0   2,1   8,2   11:40   NNW
30   4,8  10,8   18:55  -4,0   06:03  13,5   0,0   0,0   1,8   8,7   01:34   WNW
----------------------------------------------------------------------------------
     3,3  16,3    19    -6,9    11   438,7   0,0   2,6   2,9  18,9    21      NW

Max >=  27,0:  0
Max <=   0,0:  0
Min <=   0,0: 28
Min <= -18,0:  0
Max Rain: 1,0 on day 12
Days of Rain: 3 (>= 0,2 mm)  0 (>= 2,0 mm)  0 (>= 20,0 mm)
Heat Base: 18,3  Cool Base: 18,3  Method: Integration
:now::gauges::today::yesterday::this month::this year::noaa::records::monthly records::trends: