Midtre Skiakersgutua Weather Station

 Latitude N 60° 21' 23"    Longitude E 10° 28' 20"    Elevation 275 m

Records began on 20 desember 2012

NOAA Style Reports for Midtre Skiakersgutua

Select a Year or Month report
V/Λ2021 > Jan Feb Mar Apr May Jun Jul Aug Sep Oct Nov Dec
V/Λ2020 > Jan Feb Mar Apr May Jun Jul Aug Sep Oct Nov Dec
V/Λ2019 > Jan Feb Mar Apr May Jun Jul Aug Sep Oct Nov Dec
V/Λ2018 > Jan Feb Mar Apr May Jun Jul Aug Sep Oct Nov Dec

Report for 2021 Mar
                   Monthly Climatological Summary for mar 2021

Name: Skiakersgutua Weather Station   City: Gran   State: Innlandet
Elevation: 235 m  Lat: N 60° 21' 54"   Lon: E 010° 33' 13"

                  Temperature (°C), Rain (mm), Wind Speed (m/s)

                                      Heat  Cool        Avg
    Mean                              Deg   Deg         Wind                 Dom
Day Temp  High   Time   Low    Time   Days  Days  Rain  Speed High   Time    Dir
----------------------------------------------------------------------------------
 1   1,6   7,8   20:58  -4,3   05:06  16,5   0,0   0,0   1,0   5,1   20:52     W
 2   2,8   9,7   15:06  -1,7   06:02  15,5   0,0   0,0   0,6   3,1   12:58     S
 3   0,5   8,4   15:38  -5,2   05:50  17,8   0,0   0,0   0,9   7,7   23:46   WNW
 4  -0,1   3,2   15:18  -5,0   23:59  18,4   0,0   0,0   3,8   9,7   11:45    NW
 5  -2,5   3,9   14:41  -8,3   07:10  19,7   0,0   0,0   0,8   3,6   15:07    SW
 6   3,0   7,0   12:24  -2,8   00:09  15,3   0,0   0,0   2,2  12,2   19:16    NW
 7  -0,3   2,7   14:17  -6,2   23:39  18,6   0,0   0,0   4,1  15,3   10:39   NNW
 8  -3,7   1,9   15:25 -10,3   07:00  22,0   0,0   0,0   1,0   5,1   13:18     S
 9   0,5   5,7   14:55  -5,3   06:27  17,8   0,0   0,0   2,0   9,2   22:33   SSE
10  -3,4  -0,3   00:00  -4,8   07:57  21,7   0,0   0,0   5,7  14,8   23:44    SE
11  -0,5   1,0   19:23  -2,4   05:41  18,7   0,0   0,0   6,8  15,3   01:27    SE
12   1,1   5,0   12:58  -2,4   23:55  17,2   0,0   2,0   1,3   6,6   14:27   SSE
13  -0,6   3,9   14:20  -7,3   07:21  18,9   0,0   0,3   0,7   3,6   00:57     S
14   0,9   5,2   15:53  -2,3   23:29  17,4   0,0   0,0   0,7   3,1   16:08     S
15   1,7   6,8   14:22  -5,4   05:40  16,6   0,0   0,0   2,4  10,7   13:27    NW
16   0,0   3,1   13:56  -4,1   06:17  18,3   0,0   0,0   1,6   7,1   12:25   WNW
17  -2,5   3,6   16:18  -9,1   06:40  20,8   0,0   0,0   1,0   5,1   00:07   WNW
18  -0,2   4,8   15:44  -5,1   00:17  18,5   0,0   0,0   0,8   6,1   19:14    NW
19   0,3   2,9   16:55  -2,5   23:55  17,9   0,0   0,0   2,1   6,1   06:22   SSE
20   1,8   8,0   16:26  -4,3   05:58  16,5   0,0   0,0   1,3   9,7   23:08    NW
21   2,9   5,6   15:55  -0,9   21:48  15,4   0,0   0,0   4,2  14,8   12:21    NW
22   4,4  10,7   15:21  -2,4   07:01  13,9   0,0   0,0   0,9   4,1   19:16     W
23   4,7  12,2   15:18  -2,9   06:15  13,6   0,0   0,0   2,2   8,2   20:18   SSE
24   4,6  10,5   15:35  -0,7   23:02  13,7   0,0   0,0   2,5   8,2   00:21   SSE
25   3,9   9,7   15:07  -2,2   05:00  14,4   0,0   0,0   2,0   7,1   12:41   SSE
26   2,7   5,2   11:43  -1,0   04:27  15,6   0,0   1,0   3,5  11,2   07:01    SE
27   3,1   5,4   04:39  -2,9   23:47  15,2   0,0   6,6   2,0   9,2   03:51   SSE
28   0,7   6,8   15:01  -4,9   07:23  16,9   0,0   0,3   1,5   7,7   16:10   SSE
29   6,7  13,8   17:48   0,8   01:43  11,6   0,0   0,5   2,9   9,7   17:53   SSE
30  10,8  15,6   13:57   2,7   05:13   7,5   0,0   0,0   2,3   8,2   08:42   SSW
31   6,0  11,4   00:00   0,4   22:29  12,3   0,0   0,0   2,0   7,7   07:22    NW
----------------------------------------------------------------------------------
     1,6  15,6    30   -10,3     8   514,2   0,0  10,7   2,2  15,3     7       S

Max >=  27,0:  0
Max <=   0,0:  1
Min <=   0,0: 28
Min <= -18,0:  0
Max Rain: 6,6 on day 27
Days of Rain: 6 (>= 0,2 mm)  2 (>= 2,0 mm)  0 (>= 20,0 mm)
Heat Base: 18,3  Cool Base: 18,3  Method: Integration
:now::gauges::today::yesterday::this month::this year::noaa::records::monthly records::trends: