Midtre Skiakersgutua Weather Station

 Latitude N 60° 21' 23"    Longitude E 10° 28' 20"    Elevation 275 m

Records began on 20 desember 2012

NOAA Style Reports for Midtre Skiakersgutua

Select a Year or Month report

Report for 2021 Feb
                   Monthly Climatological Summary for feb 2021

Name: Skiakersgutua Weather Station   City: Gran   State: Innlandet
Elevation: 235 m  Lat: N 60° 21' 54"   Lon: E 010° 33' 13"

                  Temperature (°C), Rain (mm), Wind Speed (m/s)

                                      Heat  Cool        Avg
    Mean                              Deg   Deg         Wind                 Dom
Day Temp  High   Time   Low    Time   Days  Days  Rain  Speed High   Time    Dir
----------------------------------------------------------------------------------
 1 -17,8 -12,6   13:19 -21,1   06:38  36,1   0,0   0,0   0,0   0,0   00:00   ---
 2 -13,8  -8,7   23:50 -21,1   00:56  32,1   0,0   0,0   0,0   1,0   17:31    NW
 3 -11,7  -8,3   01:21 -18,9   22:44  30,0   0,0   0,0   1,1   5,6   01:20     W
 4 -17,0 -11,2   14:40 -20,6   02:13  35,3   0,0   0,0   0,5   2,0   00:48   SSW
 5 -17,6 -12,3   15:48 -21,7   06:21  35,9   0,0   0,0   0,3   2,6   17:55   SSW
 6 -17,5 -11,8   15:51 -21,7   08:08  35,8   0,0   0,0   0,4   2,0   03:13   SSW
 7 -15,7  -7,8   15:59 -20,6   04:00  34,0   0,0   0,0   0,9   6,6   15:57     W
 8 -10,4  -6,0   14:10 -16,8   00:27  28,7   0,0   0,0   1,4   6,1   16:48    NW
 9 -10,6  -7,4   01:35 -18,3   23:05  28,9   0,0   0,0   2,2   8,2   09:20    NW
10 -15,4  -7,0   15:57 -21,7   04:33  33,7   0,0   0,0   1,0   5,6   15:57   WSW
11 -18,3 -12,3   14:19 -23,3   08:09  36,6   0,0   0,0   0,4   2,0   19:00   SSW
12 -19,0 -11,1   14:19 -24,4   08:09  37,3   0,0   0,0   0,3   1,5   03:07   SSW
13 -19,3 -12,7   16:18 -25,6   08:50  37,6   0,0   0,0   0,4   2,6   12:31   SSW
14 -19,3 -12,0   14:15 -25,0   08:12  37,6   0,0   0,0   0,3   2,6   13:08   SSW
15 -13,6  -9,5   23:23 -21,7   00:00  31,9   0,0   0,0   0,9   3,1   09:25   NNW
16  -7,3  -4,4   23:47  -9,6   00:00  25,6   0,0   0,0   0,5   2,0   19:55   NNW
17  -3,6  -2,4   13:52  -4,7   07:50  21,9   0,0   0,0   2,0   8,2   21:32   SSE
18  -3,5  -2,2   17:16  -4,4   08:21  21,8   0,0   0,0   3,9   7,7   04:58    SE
19  -2,4   0,0   23:58  -3,9   01:20  20,7   0,0   0,5   0,9   6,1   23:51    NW
20   2,0   2,9   18:32   0,0   00:00  16,3   0,0   5,1   2,8   7,1   03:02   SSE
21   2,4   3,2   20:01   1,3   23:47  15,9   0,0   0,8   3,3   9,7   00:33   SSE
22   2,1   4,2   15:40   0,4   07:53  16,2   0,0   0,0   1,7   7,1   20:04   SSE
23   2,8   5,4   12:53   1,1   20:19  15,5   0,0   0,5   2,2  10,7   20:52   SSE
24   3,4   5,2   13:19   1,5   00:00  14,9   0,0   0,0   3,1  10,2   02:42   SSE
25   3,9   8,2   15:18   0,3   23:05  14,4   0,0   0,0   1,7   6,6   15:41   SSE
26   5,2   9,7   15:29  -1,9   23:59  13,0   0,0   0,0   2,0   6,1   03:42   WNW
27   1,9   9,1   15:04  -3,3   02:30  16,3   0,0   0,0   0,7   4,1   19:46   WSW
28   3,1  11,9   15:08  -2,0   23:39  15,0   0,0   0,0   0,7   2,6   01:50    SW
----------------------------------------------------------------------------------
    -8,1  11,9    28   -25,6    13   739,0   0,0   6,9   1,3  10,7    23       S

Max >=  27,0:  0
Max <=   0,0: 19
Min <=   0,0: 23
Min <= -18,0: 14
Max Rain: 5,1 on day 20
Days of Rain: 4 (>= 0,2 mm)  1 (>= 2,0 mm)  0 (>= 20,0 mm)
Heat Base: 18,3  Cool Base: 18,3  Method: Integration
:now::gauges::today::yesterday::this month::this year::noaa::records::monthly records::trends: