Midtre Skiakersgutua Weather Station

 Latitude N 60° 21' 23"    Longitude E 10° 28' 20"    Elevation 275 m

Records began on 20 desember 2012

NOAA Style Reports for Midtre Skiakersgutua

Select a Year or Month report
V/Λ2021 > Jan Feb Mar Apr May Jun Jul Aug Sep Oct Nov Dec
V/Λ2020 > Jan Feb Mar Apr May Jun Jul Aug Sep Oct Nov Dec
V/Λ2019 > Jan Feb Mar Apr May Jun Jul Aug Sep Oct Nov Dec
V/Λ2018 > Jan Feb Mar Apr May Jun Jul Aug Sep Oct Nov Dec

Report for 2021 Jan
                   Monthly Climatological Summary for jan 2021

Name: Skiakersgutua Weather Station   City: Gran   State: Oppland
Elevation: 235 m  Lat: N 60° 21' 54"   Lon: E 010° 33' 13"

                  Temperature (°C), Rain (mm), Wind Speed (m/s)

                                      Heat  Cool        Avg
    Mean                              Deg   Deg         Wind                 Dom
Day Temp  High   Time   Low    Time   Days  Days  Rain  Speed High   Time    Dir
----------------------------------------------------------------------------------
 1  -2,5  -2,1   00:00  -3,1   07:27  20,8   0,0   0,0   0,3   2,6   00:29   WNW
 2  -1,5  -0,3   14:42  -2,5   00:17  19,8   0,0   0,0   0,3   3,6   14:50   ESE
 3  -8,7  -1,9   00:04 -16,6   23:03  27,0   0,0   0,0   0,1   1,5   04:24   SSE
 4 -15,0 -12,4   04:08 -16,9   09:11  33,3   0,0   0,0   0,0   0,0   00:00   ---
 5 -15,2 -11,0   10:50 -18,3   21:15  33,5   0,0   0,0   0,0   0,0   00:00   ---
 6 -14,2 -10,2   23:54 -17,1   00:15  32,5   0,0   0,0   0,0   0,0   00:00   ---
 7  -8,9  -8,2   09:06 -10,2   00:00  27,2   0,0   0,0   1,8   5,1   12:54   NNE
 8  -9,7  -8,5   12:44 -14,6   23:18  28,0   0,0   0,0   1,3   3,6   04:01    NW
 9 -13,0  -4,6   23:59 -16,3   17:47  31,3   0,0   0,0   0,4   3,6   23:49   WNW
10  -7,3  -2,8   02:11 -10,8   22:01  25,6   0,0   0,0   0,9   5,1   01:15   WNW
11  -9,6  -8,3   10:53 -13,8   23:55  27,9   0,0   0,0   0,8   4,6   18:16    NW
12 -10,9  -5,1   19:46 -17,7   02:54  29,2   0,0   0,0   0,2   5,6   23:44    NW
13  -5,5  -3,7   14:09  -7,6   01:43  23,8   0,0   0,0   4,6  10,7   11:50    NW
14 -10,0  -6,5   00:02 -16,8   23:44  28,3   0,0   0,0   0,9   6,1   00:29     W
15 -16,5 -13,9   04:51 -18,9   20:14  34,8   0,0   0,0   0,2   2,0   04:28     S
16 -17,5 -14,1   13:15 -20,0   21:00  35,8   0,0   0,0   0,0   0,5   00:00     S
17 -11,0  -7,9   14:51 -17,8   00:00  29,3   0,0   0,0   0,0   0,0   00:00   ---
18  -8,4  -7,2   12:46  -9,9   00:00  26,7   0,0   0,0   0,3   2,0   13:51   NNW
19  -5,8  -4,1   23:08  -7,5   00:00  24,1   0,0   0,0   0,0   1,0   00:00   NNW
20  -1,4   0,7   20:20  -4,2   00:00  19,7   0,0   0,0   0,1   3,1   13:03     E
21   1,1   2,9   12:21  -0,8   04:36  17,2   0,0  15,0   3,4  15,3   23:34    SE
22   1,9   2,9   03:45   0,5   23:40  16,4   0,0   6,1   5,1  15,8   04:43    SE
23   0,6   3,7   12:17  -6,0   23:24  17,7   0,0   0,3   2,5  10,7   07:24   SSE
24  -6,9  -4,9   00:28  -9,7   23:28  25,2   0,0   0,0   0,4   2,0   00:06    SW
25 -12,6  -9,5   00:30 -17,3   23:52  30,9   0,0   0,0   0,1   1,0   02:21    SW
26 -16,2 -13,5   15:39 -18,3   07:12  34,5   0,0   0,0   0,1   1,0   04:33    SW
27 -14,2  -9,5   14:37 -16,9   00:36  32,5   0,0   0,0   0,0   1,0   05:00     S
28 -15,4 -12,9   11:39 -18,3   22:06  33,7   0,0   0,0   0,0   0,0   00:00   ---
29 -17,6 -13,9   13:23 -20,6   21:37  35,9   0,0   0,0   0,0   0,0   00:00   ---
30 -18,3 -14,6   15:12 -21,1   00:46  36,6   0,0   0,0   0,0   0,0   00:00   ---
31 -17,5 -12,6   14:58 -21,1   08:00  35,8   0,0   0,0   0,0   0,0   00:00   ---
----------------------------------------------------------------------------------
    -9,9   3,7    23   -21,1    30   875,0   0,0  21,4   0,8  15,8    22       S

Max >=  27,0:  0
Max <=   0,0: 27
Min <=   0,0: 30
Min <= -18,0:  8
Max Rain: 15,0 on day 21
Days of Rain: 3 (>= 0,2 mm)  2 (>= 2,0 mm)  0 (>= 20,0 mm)
Heat Base: 18,3  Cool Base: 18,3  Method: Integration
:now::gauges::today::yesterday::this month::this year::noaa::records::monthly records::trends: