Midtre Skiakersgutua Weather Station

 Latitude N 60° 21' 23"    Longitude E 10° 28' 20"    Elevation 275 m

Records began on 20 desember 2012

NOAA Style Reports for Midtre Skiakersgutua

Select a Year or Month report

Report for 2021
                   Annual Climatological Summary for 2021

Name: Skiakersgutua Weather Station   City: Gran   State: Innlandet
Elevation: 235 m  Lat: N 60° 21' 54"   Lon: E 010° 33' 13"

                  Temperature (°C), Heat Base: 18,3  Cool Base: 18,3
                          Dep.  Heat  Cool                       Max  Max  Min  Min
        Mean  Mean        From  Deg   Deg                        >=   <=   <=   <=
 YR MO  Max   Min   Mean  Norm  Days  Days  Hi  Date  Low  Date 27,0  0,0  0,0 -18,0
------------------------------------------------------------------------------------
 21  1  -6,9 -13,2  -9,9  -1,4   875     0   3,7  23 -21,1   30    0   27   30    8
 21  2  -3,6 -12,4  -8,1  -0,5   739     0  11,9  28 -25,6   13    0   19   23   14
 21  3   6,5  -3,6   1,6   3,9   514     0  15,6  30 -10,3    8    0    1   28    0
 21  4   8,7  -2,7   3,3   0,7   438     0  16,3  19  -6,9   11    0    0   28    0
 21  5  13,4   4,2   9,0  -0,6   297     7  26,6  30  -3,0    7    0    0    5    0
 21  6  21,5  10,8  16,3   2,4    84    25  25,4  26   5,1   16    0    0    0    0
 21  7  23,3  11,9  17,9   2,8    59    49  28,4  22   6,6   19    6    0    0    0
 21  8  19,7   8,8  14,2   0,5   134     6  24,3  31   4,4   21    0    0    0    0
 21  9  16,3   6,7  11,7   2,4   204     5  25,6   9   2,0   26    0    0    0    0
 21 10  10,7   3,1   7,1   2,9   347     0  14,7   9  -7,0   18    0    0    9    0
 21 11   3,6  -2,7   0,5   1,9   532     0  13,0  19 -14,0   29    0    6   22    0
 21 12  -3,9 -10,0  -6,7  -0,7   774     0   6,6  16 -19,4   25    0   24   31    1
------------------------------------------------------------------------------------
         9,1   0,1   4,7   1,2  5002    94  28,4 jul -25,6  feb    6   77  176   23

                                Precipitation (mm)

              Dep.   Max        Days of Rain
              From   Obs.           >=
 YR MO Total  Norm   Day Date  0,2  2,0 20,0
---------------------------------------------
 21  1  21,4 -31,6  15,0  21     3    2    0
 21  2   6,9 -34,1   5,1  20     4    1    0
 21  3  10,7 -33,3   6,6  27     6    2    0
 21  4   2,6 -37,4   1,0  12     3    0    0
 21  5  89,6  35,6  19,8  12    18   10    0
 21  6  65,6  -2,4  22,4  17    10    8    1
 21  7 136,8  56,8  29,5  27    14   12    2
 21  8  18,0 -67,0   3,8  13    12    5    0
 21  9  38,6 -41,4  16,5  30    10    4    0
 21 10  74,0 -16,0  22,1   3    13    8    1
 21 11  39,5 -36,5  18,3   1    11    6    0
 21 12   6,4 -52,6   5,8  13     3    1    0
---------------------------------------------
       510,1-259,9  29,5  jul  107   59    4

                                Wind Speed (m/s)
                          Dom
 YR MO   Avg.  Hi   Date  Dir
------------------------------
 21  1   0,8  15,8   22     S
 21  2   1,3  10,7   23     S
 21  3   2,2  15,3    7     S
 21  4   3,0  18,9   22    NW
 21  5   2,1  14,8    5    NW
 21  6   2,1  12,8   15     S
 21  7   1,7  11,7   17     S
 21  8   2,0  20,4   25    NW
 21  9   1,7  13,3   28     S
 21 10   2,0  14,3    3   SSE
 21 11   1,3  17,3   19     S
 21 12   0,6  17,9   19    SW
------------------------------
         1,7  20,4  aug   SSW
:now::gauges::today::yesterday::this month::this year::noaa::records::monthly records::trends: