Midtre Skiakersgutua Weather Station

 Latitude N 60° 21' 23"    Longitude E 10° 28' 20"    Elevation 275 m

Records began on 20 desember 2012

NOAA Style Reports for Midtre Skiakersgutua

Select a Year or Month report

Report for 2020 Dec
                   Monthly Climatological Summary for des 2020

Name: Skiakersgutua Weather Station   City: Gran   State: Oppland
Elevation: 235 m  Lat: N 60° 21' 54"   Lon: E 010° 33' 13"

                  Temperature (°C), Rain (mm), Wind Speed (m/s)

                                      Heat  Cool        Avg
    Mean                              Deg   Deg         Wind                 Dom
Day Temp  High   Time   Low    Time   Days  Days  Rain  Speed High   Time    Dir
----------------------------------------------------------------------------------
 1  -2,0   1,1   03:59  -4,6   21:07  20,3   0,0   0,3   0,5   3,1   02:11   WSW
 2  -0,9   1,6   17:32  -5,3   03:24  19,2   0,0   0,0   2,2  10,2   21:29   SSE
 3   0,6   1,0   02:29  -0,3   23:48  17,7   0,0   2,8   4,3  10,2   16:02    SE
 4  -0,1   1,4   20:30  -1,0   03:58  18,4   0,0   0,0   0,6   4,6   00:01    SW
 5   0,0   1,5   23:15  -1,0   16:32  18,3   0,0   0,0   0,9   4,6   19:33     W
 6   0,8   2,2   22:52   0,2   03:34  17,5   0,0   9,4   0,8   5,6   21:54   WNW
 7   3,0   4,6   08:11   0,9   02:10  15,3   0,0   2,8   1,7  12,2   22:34    SW
 8   1,7   3,4   00:00   0,1   23:23  16,6   0,0   4,6   0,6   5,6   00:07    SW
 9   0,8   1,8   19:43   0,1   00:00  17,5   0,0   2,0   0,8   5,1   01:40     S
10   1,3   1,8   05:55   0,6   22:41  17,0   0,0   2,5   3,0   9,7   20:18    SE
11   0,4   1,0   00:28  -0,3   08:17  17,9   0,0   0,0   1,2   5,6   04:25     S
12   0,1   0,6   06:22  -0,5   04:56  18,2   0,0   0,0   1,2   5,1   06:20     W
13  -0,4   1,6   23:58  -1,5   04:10  18,7   0,0   0,0   0,3   4,1   23:35     S
14   1,2   2,4   01:37   0,6   22:45  17,1   0,0   4,8   4,1   8,7   04:16   SSE
15   0,3   1,2   00:20  -0,5   23:14  18,0   0,0   9,7   0,5   3,6   00:00     W
16  -1,9  -0,4   00:00  -3,6   19:30  20,2   0,0   0,0   0,7   3,1   18:54    SW
17   0,0   3,3   15:21  -3,1   00:16  18,3   0,0   4,1   1,7   6,6   10:09   SSE
18  -0,4   0,3   02:31  -1,5   11:03  18,7   0,0   0,0   0,6   2,6   01:50   WSW
19   3,7   6,0   11:00  -0,2   00:56  14,6   0,0   6,6   2,5   7,1   17:05   SSE
20   5,5   6,6   12:59   4,3   09:47  12,8   0,0   0,3   3,1   8,2   02:22   SSE
21   3,6   5,6   00:00   0,3   20:24  14,7   0,0   0,5   1,7   5,6   18:55     S
22   2,2   3,6   03:02  -1,4   23:45  16,1   0,0   2,0   2,4   7,1   11:38   SSE
23  -2,6   0,8   00:14  -4,2   20:08  20,9   0,0   0,0   0,5   3,6   01:21    SW
24  -5,3  -2,0   18:53  -8,4   23:21  23,6   0,0   0,0   0,6   3,6   18:37   SSW
25  -6,9  -2,0   10:49  -9,3   18:46  25,2   0,0   0,0   0,6   3,1   10:10   SSW
26  -1,6   2,1   23:36  -6,6   00:00  19,9   0,0   6,1   2,6   8,7   23:45   SSE
27   1,6   3,2   05:50   0,1   20:28  16,7   0,0  10,7   6,3  14,3   18:00    SE
28   0,5   1,0   17:38   0,1   02:16  17,8   0,0   3,6   2,7  11,7   00:28   SSE
29   1,2   2,3   02:14   0,4   00:00  17,1   0,0   6,9   1,3   4,6   02:09     W
30   0,8   2,2   00:43  -0,5   23:05  17,5   0,0   3,6   1,1   4,1   00:28     W
31  -1,6  -0,5   00:00  -2,3   16:48  19,9   0,0   0,0   0,8   3,1   04:17     W
----------------------------------------------------------------------------------
     0,2   6,6    20    -9,3    25   561,7   0,0  83,3   1,7  14,3    27     SSE

Max >=  27,0:  0
Max <=   0,0:  4
Min <=   0,0: 20
Min <= -18,0:  0
Max Rain: 10,7 on day 27
Days of Rain: 19 (>= 0,2 mm)  16 (>= 2,0 mm)  0 (>= 20,0 mm)
Heat Base: 18,3  Cool Base: 18,3  Method: Integration
:now::gauges::today::yesterday::this month::this year::noaa::records::monthly records::trends: