Midtre Skiakersgutua Weather Station

 Latitude N 60° 21' 23"    Longitude E 10° 28' 20"    Elevation 275 m

Records began on 20 desember 2012

NOAA Style Reports for Midtre Skiakersgutua

Select a Year or Month report

Report for 2020 Nov
                   Monthly Climatological Summary for nov 2020

Name: Skiakersgutua Weather Station   City: Gran   State: Oppland
Elevation: 235 m  Lat: N 60° 21' 54"   Lon: E 010° 33' 13"

                  Temperature (°C), Rain (mm), Wind Speed (m/s)

                                      Heat  Cool        Avg
    Mean                              Deg   Deg         Wind                 Dom
Day Temp  High   Time   Low    Time   Days  Days  Rain  Speed High   Time    Dir
----------------------------------------------------------------------------------
 1   8,9  10,8   10:47   6,4   00:00   9,4   0,0   6,9   4,9  13,3   21:33    SE
 2   9,7  14,9   09:57   5,6   19:58   8,6   0,0   7,6   3,0  10,2   00:39   SSE
 3   6,2   9,2   13:20   1,9   22:28  12,1   0,0   0,0   1,3   5,1   22:53     S
 4   4,0   6,7   15:48  -0,4   07:30  14,1   0,0   0,0   0,9   6,6   00:27     S
 5  10,0  13,2   20:27   5,6   01:44   8,3   0,0   0,0   2,6  12,8   08:17   SSE
 6   8,5  13,2   04:59   1,3   23:52   9,8   0,0   0,0   0,9   5,1   07:57   WSW
 7   1,4   4,5   12:31  -1,8   09:12  16,9   0,0   0,0   0,7   4,6   09:31   WNW
 8  -1,3   0,8   00:00  -2,2   09:05  19,6   0,0   0,3   0,4   2,0   05:53     S
 9  -0,8   0,7   15:18  -2,6   05:02  19,1   0,0   0,0   0,3   2,0   06:01     S
10   1,4   2,1   14:02   0,4   00:15  16,9   0,0   0,5   0,4   2,0   10:28    SW
11   2,5   3,3   16:16   1,7   00:36  15,8   0,0   1,0   0,4   2,6   08:38     W
12   4,4   5,1   09:56   3,1   00:37  13,9   0,0   0,0   2,7   6,1   09:56   SSE
13   3,9   6,2   23:05   1,8   07:17  14,4   0,0   0,8   2,0   7,7   16:10   SSE
14   5,5   6,8   11:31   2,1   19:15  12,8   0,0   3,3   1,9   5,6   05:47     S
15   8,2  10,5   21:24   5,7   00:59  10,1   0,0   8,4   4,6  10,7   11:16    SE
16   8,0  10,3   00:59   5,3   23:53  10,3   0,0  14,0   3,4  11,2   00:57   SSE
17   5,9   8,4   18:45   3,8   04:27  12,4   0,0   1,0   1,7   5,6   13:22     S
19   5,3  12,7   13:42  -3,6   23:43  23,9   0,0   1,5   4,2  18,4   05:55   SSE
20  -2,6   0,5   13:44  -5,5   08:39  20,9   0,0   0,0   1,1   6,1   23:11     S
21   2,8   6,7   12:49  -1,2   01:34  15,5   0,0   2,0   2,5  10,2   13:09   SSE
22   4,4   6,6   14:50   0,7   01:26  13,9   0,0   0,0   3,4   9,7   04:15   SSE
23   1,7   4,5   00:36  -1,6   18:07  16,3   0,0   0,0   0,8   3,1   00:31   WSW
24   2,7   5,1   13:23   0,9   18:52  15,6   0,0   0,0   0,7   3,6   03:15   SSW
25   6,6   9,7   15:22   1,7   00:27  11,7   0,0   0,3   2,2   8,2   07:13   SSE
27  -2,7   2,5   00:00  -5,5   21:59  17,5   0,0   0,0   0,1   3,1   00:37    SW
28  -4,6  -3,0   19:03  -6,1   06:17  22,9   0,0   0,0   0,0   1,0   19:31   NNE
29  -5,6  -4,6   00:00  -6,4   11:29  23,9   0,0   0,0   0,0   1,0   15:19    SW
30  -2,4   0,1   20:53  -5,4   05:02  20,7   0,0   0,0   0,0   0,5   09:07    SW
----------------------------------------------------------------------------------
     3,3  14,9     2    -6,4    29   427,3   0,0  47,6   1,7  18,4    19     SSE

Max >=  27,0:  0
Max <=   0,0:  2
Min <=   0,0: 12
Min <= -18,0:  0
Max Rain: 14,0 on day 16
Days of Rain: 13 (>= 0,2 mm)  6 (>= 2,0 mm)  0 (>= 20,0 mm)
Heat Base: 18,3  Cool Base: 18,3  Method: Integration
:now::gauges::today::yesterday::this month::this year::noaa::records::monthly records::trends: