Midtre Skiakersgutua Weather Station

 Latitude N 60° 21' 23"    Longitude E 10° 28' 20"    Elevation 275 m

Records began on 20 desember 2012

NOAA Style Reports for Midtre Skiakersgutua

Select a Year or Month report
V/Λ2021 > Jan Feb Mar Apr May Jun Jul Aug Sep Oct Nov Dec
V/Λ2020 > Jan Feb Mar Apr May Jun Jul Aug Sep Oct Nov Dec
V/Λ2019 > Jan Feb Mar Apr May Jun Jul Aug Sep Oct Nov Dec
V/Λ2018 > Jan Feb Mar Apr May Jun Jul Aug Sep Oct Nov Dec

Report for 2020 Oct
                   Monthly Climatological Summary for okt 2020

Name: Skiakersgutua Weather Station   City: Gran   State: Oppland
Elevation: 235 m  Lat: N 60° 21' 54"   Lon: E 010° 33' 13"

                  Temperature (°C), Rain (mm), Wind Speed (m/s)

                                      Heat  Cool        Avg
    Mean                              Deg   Deg         Wind                 Dom
Day Temp  High   Time   Low    Time   Days  Days  Rain  Speed High   Time    Dir
----------------------------------------------------------------------------------
 1  10,9  12,0   00:00   9,7   11:38   7,4   0,0   0,0   2,6   9,2   17:05    SE
 2  11,8  13,2   17:43  10,4   00:00   6,5   0,0   0,0   2,0   7,1   23:48     E
 3  11,9  12,5   00:00  11,1   13:30   6,4   0,0   0,5   3,5  11,7   23:47    SE
 4  12,6  13,3   12:18  11,8   00:55   5,7   0,0  16,5   4,7  14,3   07:09   ESE
 5  11,6  14,3   15:01   9,0   23:43   6,7   0,0   4,3   1,4   6,1   14:23     S
 6   9,4  11,5   09:19   4,8   03:14   8,9   0,0  13,0   1,1   7,1   09:31     W
 7  10,6  12,3   14:39   9,5   23:38   7,7   0,0   6,1   1,4   5,1   12:42   SSE
 8  10,1  12,6   13:36   8,4   23:28   8,2   0,0   2,3   1,4   6,6   14:16     S
 9   8,0  12,4   15:35   5,2   23:57  10,3   0,0   8,1   1,6   7,7   07:53   SSW
10   6,9   8,6   13:38   4,0   01:09  11,4   0,0   7,1   1,1   5,1   17:16    NW
11   7,4  11,1   16:13   2,9   23:26  10,9   0,0   2,5   2,4   6,1   01:51    NW
12   2,8   9,6   16:20  -0,4   05:52  15,5   0,0   0,0   0,4   3,6   23:40    SW
13   3,2   9,6   16:04  -1,6   08:30  15,1   0,0   0,3   0,9   5,6   14:38    NW
14   2,4   7,7   15:32  -3,1   07:56  15,9   0,0   0,3   1,7   8,7   14:32   NNW
15   3,3  11,2   15:27  -2,2   08:54  15,0   0,0   0,0   0,6   5,6   00:00   WSW
16   4,2  11,2   15:20  -1,4   01:39  14,1   0,0   0,0   1,0   7,1   13:37    NW
17   0,7   3,4   21:57  -1,3   09:29  17,6   0,0   0,0   0,5   4,1   20:48    SW
18   1,8   7,8   13:44  -3,5   06:04  16,5   0,0   0,3   1,9   9,7   13:48    NW
19  -0,5   5,2   15:10  -4,7   08:17  18,8   0,0   0,0   0,5   2,0   00:16    SW
20   0,4   1,3   02:28  -0,6   01:16  17,9   0,0  11,7   0,2   2,0   12:43   WNW
21   1,7   3,4   12:54   0,4   00:00  16,6   0,0  35,8   0,4   3,1   20:25     W
22   4,1   6,2   16:19   2,3   00:10  14,2   0,0   5,3   0,9   5,6   23:59   WNW
23   3,4   4,9   00:00   2,4   08:42  14,7   0,0   0,0   2,3   7,7   00:13   WNW
24   3,8   6,3   23:56   1,8   07:06  14,5   0,0   1,5   1,9   6,1   01:04   SSE
25   8,8  12,1   10:40   3,0   23:31   9,9   0,0   9,7   3,9  14,3   05:22   SSE
26   6,4   8,7   11:17   2,9   02:36  11,9   0,0   7,1   1,6   5,1   04:55   SSE
27   6,8   7,7   12:46   5,4   23:57  11,5   0,0  16,0   1,9   6,6   11:56   SSE
28   7,0   9,9   13:41   2,8   03:38  11,3   0,0   1,3   2,4   8,2   10:24   SSE
29   4,7   9,1   13:30  -1,2   23:45  13,6   0,0   0,0   1,3   5,6   05:23     S
30   2,2   5,4   23:30  -1,2   00:24  16,1   0,0   1,0   1,7   6,6   16:09   SSE
31   5,5   6,7   23:38   4,2   07:06  12,8   0,0   3,6   1,5   9,7   23:41     S
----------------------------------------------------------------------------------
     5,9  14,3     5    -4,7    19   383,6   0,0 154,3   1,6  14,3     4     SSE

Max >=  27,0:  0
Max <=   0,0:  0
Min <=   0,0: 11
Min <= -18,0:  0
Max Rain: 35,8 on day 21
Days of Rain: 22 (>= 0,2 mm)  15 (>= 2,0 mm)  1 (>= 20,0 mm)
Heat Base: 18,3  Cool Base: 18,3  Method: Integration
:now::gauges::today::yesterday::this month::this year::noaa::records::monthly records::trends: