Midtre Skiakersgutua Weather Station

 Latitude N 60° 21' 23"    Longitude E 10° 28' 20"    Elevation 275 m

Records began on 20 desember 2012

NOAA Style Reports for Midtre Skiakersgutua

Select a Year or Month report
V/Λ2021 > Jan Feb Mar Apr May Jun Jul Aug Sep Oct Nov Dec
V/Λ2020 > Jan Feb Mar Apr May Jun Jul Aug Sep Oct Nov Dec
V/Λ2019 > Jan Feb Mar Apr May Jun Jul Aug Sep Oct Nov Dec
V/Λ2018 > Jan Feb Mar Apr May Jun Jul Aug Sep Oct Nov Dec

Report for 2020 Sep
                   Monthly Climatological Summary for sep 2020

Name: Skiakersgutua Weather Station   City: Gran   State: Oppland
Elevation: 235 m  Lat: N 60° 21' 54"   Lon: E 010° 33' 13"

                  Temperature (°C), Rain (mm), Wind Speed (m/s)

                                      Heat  Cool        Avg
    Mean                              Deg   Deg         Wind                 Dom
Day Temp  High   Time   Low    Time   Days  Days  Rain  Speed High   Time    Dir
----------------------------------------------------------------------------------
 1  10,0  19,0   16:11   0,4   06:55   8,3   0,0   0,0   0,9   5,6   16:35     S
 2  11,8  19,0   15:52   4,4   06:51   6,5   0,0   0,0   1,0   7,1   12:44     S
 3  12,1  17,8   14:36   6,1   04:33   6,2   0,0   4,1   1,9   7,1   11:37   SSE
 4  14,1  18,8   16:12  10,9   01:35   4,2   0,0   0,3   1,5   7,7   15:12     S
 5  10,8  15,4   16:47   5,0   06:49   7,5   0,0   1,3   1,9   7,7   11:08   SSE
 6   9,0  14,9   14:47   3,6   03:40   9,3   0,0   0,0   0,9   5,6   15:48   WSW
 7   8,6  16,0   14:58   0,9   06:51   9,7   0,0   3,8   1,6   9,2   15:04   SSE
 8  13,6  18,8   14:20   8,9   07:01   4,7   0,0   0,3   1,7   7,1   11:56   SSW
 9  11,6  17,7   16:19   8,0   01:33   6,7   0,0   4,1   1,8   7,7   17:57     W
10   8,5  13,5   15:37   1,5   07:07   9,8   0,0   0,0   1,6   8,2   10:01    NW
11   8,8  14,0   12:56   3,3   06:45   9,5   0,0   1,3   2,0   8,2   16:58   SSE
12  10,6  15,3   16:38   5,8   23:40   7,7   0,0   2,8   1,9   7,7   13:04     S
13   9,4  14,4   15:19   2,1   05:12   8,9   0,0   0,0   2,1   8,7   13:57   SSE
14  15,8  22,8   15:59  10,4   05:16   3,3   0,8   0,0   1,3   7,1   12:12     S
15  14,4  18,3   16:16  11,4   06:37   3,9   0,0   0,5   1,0   5,1   20:52     S
16  11,5  14,0   15:32   7,5   23:59   6,4   0,0   0,5   5,5  18,4   12:18   NNW
17   7,9  15,5   16:43  -0,4   07:27  10,4   0,0   0,0   1,2   6,6   00:01     W
18  11,6  21,2   15:40   2,4   06:44   7,1   0,5   0,0   1,5   7,1   17:07     W
19   9,6  18,1   16:23   1,8   08:06   8,7   0,0   0,0   0,6   3,1   13:51    SW
20  10,4  17,6   15:42   1,5   05:50   7,9   0,0   0,0   0,7   3,6   20:42   SSW
21  14,9  18,0   15:33   9,8   07:51   3,4   0,0   0,0   2,0   8,2   12:45   SSE
22  12,7  16,2   13:50   9,2   23:21   5,6   0,0   0,0   2,5   9,7   16:29    SE
23  13,7  16,0   16:37   9,2   00:50   4,6   0,0  11,4   2,5   7,1   12:34   SSE
24  12,2  14,6   13:50   7,6   23:59   6,0   0,0  13,5   4,7  13,3   11:34    SE
25   8,3  12,8   13:54   2,9   06:38  10,0   0,0   3,6   2,5   9,7   19:49   NNW
26   6,8   8,6   23:07   4,6   06:06  11,5   0,0  23,6   6,2  13,8   04:51    NW
27   9,2  10,6   17:34   7,7   04:34   9,1   0,0   0,0   3,5   8,7   01:40    NW
28  11,3  13,5   13:41   9,4   08:33   7,0   0,0   0,0   1,3   4,6   06:04   WNW
29  11,5  12,9   13:58   8,5   23:25   6,8   0,0   2,5   1,2   4,1   12:15     S
30  10,6  13,0   15:08   6,2   02:40   7,7   0,0   1,3   1,8   5,6   14:37   SSE
----------------------------------------------------------------------------------
    11,0  22,8    14    -0,4    17   218,4   1,3  74,9   2,0  18,4    16     SSW

Max >=  27,0:  0
Max <=   0,0:  0
Min <=   0,0:  1
Min <= -18,0:  0
Max Rain: 23,6 on day 26
Days of Rain: 16 (>= 0,2 mm)  9 (>= 2,0 mm)  1 (>= 20,0 mm)
Heat Base: 18,3  Cool Base: 18,3  Method: Integration
:now::gauges::today::yesterday::this month::this year::noaa::records::monthly records::trends: