Midtre Skiakersgutua Weather Station

 Latitude N 60° 21' 23"    Longitude E 10° 28' 20"    Elevation 275 m

Records began on 20 desember 2012

NOAA Style Reports for Midtre Skiakersgutua

Select a Year or Month report

Report for 2020 Aug
                   Monthly Climatological Summary for aug 2020

Name: Skiakersgutua Weather Station   City: Gran   State: Oppland
Elevation: 235 m  Lat: N 60° 21' 54"   Lon: E 010° 33' 13"

                  Temperature (°C), Rain (mm), Wind Speed (m/s)

                                      Heat  Cool        Avg
    Mean                              Deg   Deg         Wind                 Dom
Day Temp  High   Time   Low    Time   Days  Days  Rain  Speed High   Time    Dir
----------------------------------------------------------------------------------
 1  17,9  23,0   15:12  12,3   02:41   1,9   1,5   0,0   1,7   7,7   18:20   SSE
 2  15,5  17,2   18:02  13,4   06:13   2,8   0,0   4,3   1,2   6,6   18:32     S
 3  14,1  17,7   14:44   9,4   23:54   4,2   0,0   0,0   1,5   6,6   13:36    NW
 4  13,5  20,4   18:51   5,8   05:55   4,9   0,2   0,0   1,2   5,6   16:36     S
 5  13,3  15,6   23:57  11,5   02:50   5,0   0,0   9,7   3,3   8,2   13:58   SSE
 6  17,8  22,4   16:58  13,9   06:45   1,4   0,9   0,0   2,1   6,1   15:28   SSE
 7  18,4  24,0   15:12  12,8   02:19   1,5   1,6   0,0   1,3   5,6   15:55     S
 8  20,0  26,5   15:13  13,0   05:14   1,1   2,8   0,0   1,7   7,1   14:45   SSE
 9  17,1  23,5   17:12  10,0   04:15   2,2   1,0   0,0   2,5   6,6   05:32    NW
10  16,4  21,8   16:09  10,5   03:33   2,8   0,9   0,0   1,3   5,6   14:57   SSW
11  18,3  24,6   14:21  10,9   05:51   2,0   2,0   0,0   0,8   4,6   16:54   SSW
12  19,7  27,0   16:06  13,0   06:05   1,4   2,8   0,0   0,8   3,6   12:48     S
13  18,3  24,8   15:20  13,5   05:43   1,4   1,4   8,6   1,0   7,1   21:06    SW
14  18,5  25,8   17:54  13,0   03:51   1,8   2,0   0,5   0,7   3,6   15:00   SSW
15  19,5  27,0   18:27  12,8   04:40   1,5   2,7   0,0   0,8   3,6   14:17   SSW
16  19,4  26,4   15:34  13,3   04:53   1,5   2,6   0,0   1,0   5,1   19:21   SSE
17  18,9  26,7   16:08  10,6   05:43   2,1   2,7   0,0   0,7   3,6   16:48     S
18  19,2  27,1   16:45  12,2   06:22   1,8   2,6   0,0   1,1   7,1   12:44     S
19  17,4  23,2   15:53  11,7   05:38   2,2   1,3   0,0   1,6   5,6   16:28   SSE
20  18,5  22,3   14:57  14,8   05:42   0,9   1,1   0,0   1,8   6,6   13:02   SSE
21  17,2  19,0   12:13  15,7   15:25   1,1   0,0   6,9   3,6   9,7   17:39   SSE
22  17,5  20,3   16:00  14,5   23:54   1,2   0,4  11,7   4,0  12,2   11:18   SSE
23  14,4  20,1   16:08   8,6   23:56   3,9   0,1   2,0   1,9  11,2   16:59   SSW
24  11,3  17,4   16:37   3,9   06:28   7,0   0,0   0,0   1,3   5,6   16:08   WSW
25  10,5  18,1   16:15   2,2   06:14   7,8   0,0   0,0   1,3   8,7   14:57   WSW
26  10,4  18,7   16:59   5,5   06:17   7,9   0,0   0,0   1,0   5,1   12:36   WNW
27  11,6  18,5   15:57   5,3   02:51   6,7   0,0   0,0   0,9   4,1   13:26     S
28  11,8  17,6   14:43   5,9   05:32   6,5   0,0   0,0   1,3   7,1   12:11     S
29  11,1  17,7   14:57   4,8   04:28   7,2   0,0   0,0   1,1   5,6   11:38   WNW
30   9,2  15,9   19:30   3,7   05:25   9,1   0,0   0,0   1,7   7,7   11:57   NNW
31   9,2  18,0   16:41   1,0   06:39   9,1   0,0   0,0   1,2   6,1   12:49   WNW
----------------------------------------------------------------------------------
    15,7  27,1    18     1,0    31   111,9  30,6  43,7   1,5  12,2    22       S

Max >=  27,0:  3
Max <=   0,0:  0
Min <=   0,0:  0
Min <= -18,0:  0
Max Rain: 11,7 on day 22
Days of Rain: 7 (>= 0,2 mm)  6 (>= 2,0 mm)  0 (>= 20,0 mm)
Heat Base: 18,3  Cool Base: 18,3  Method: Integration
:now::gauges::today::yesterday::this month::this year::noaa::records::monthly records::trends: