Midtre Skiakersgutua Weather Station

 Latitude N 60° 21' 23"    Longitude E 10° 28' 20"    Elevation 275 m

Records began on 20 desember 2012

NOAA Style Reports for Midtre Skiakersgutua

Select a Year or Month report

Report for 2020 Jul
                   Monthly Climatological Summary for jul 2020

Name: Skiakersgutua Weather Station   City: Gran   State: Oppland
Elevation: 235 m  Lat: N 60° 21' 54"   Lon: E 010° 33' 13"

                  Temperature (°C), Rain (mm), Wind Speed (m/s)

                                      Heat  Cool        Avg
    Mean                              Deg   Deg         Wind                 Dom
Day Temp  High   Time   Low    Time   Days  Days  Rain  Speed High   Time    Dir
----------------------------------------------------------------------------------
 1  11,7  16,6   16:42   8,4   07:39   6,6   0,0   2,8   2,6  10,2   03:45    NW
 2  12,0  17,7   18:26   5,8   05:03   6,3   0,0   0,8   1,8   9,2   13:56    NW
 3   9,3  14,8   13:59   4,2   04:00   9,0   0,0   5,6   1,5   7,1   10:13   SSW
 4  11,9  17,8   18:01   7,3   05:26   6,4   0,0   0,3   1,8   6,1   09:18    NW
 5  12,1  16,8   17:16   7,9   03:30   6,2   0,0   9,9   2,6  10,2   11:21    SE
 6  12,3  14,4   11:49  10,5   05:35   6,0   0,0   1,3   3,6  11,2   15:35    SW
 7   8,9  12,3   11:27   6,8   13:02   9,4   0,0  15,2   1,3   7,7   12:27   WNW
 8  10,7  15,7   17:52   4,7   05:31   7,6   0,0   0,5   1,9  10,2   18:42   WNW
 9  12,3  17,8   14:45   6,3   03:05   6,0   0,0   0,0   0,9   5,1   15:22   WSW
10  12,1  17,8   12:28   5,8   04:53   6,2   0,0   0,0   1,2   6,1   15:22     S
11  13,0  18,8   14:03   6,1   03:46   5,3   0,0   0,0   1,7   6,6   14:21    NW
12  12,6  18,0   18:07   5,0   05:24   5,7   0,0   0,3   1,4   5,1   17:49   WSW
13  14,0  17,5   16:59   6,3   05:35   4,3   0,0   0,0   1,5   5,6   20:26   SSW
14  12,7  14,0   18:28  11,4   01:26   5,6   0,0   7,9   2,0   5,1   11:45   SSE
15  15,3  19,4   17:51  12,4   03:13   3,1   0,0   8,4   1,4   6,6   18:07   SSE
16  15,0  20,0   19:16   9,5   05:01   3,5   0,2   0,0   1,2   6,1   17:11   SSE
17  15,5  19,7   13:37  10,2   03:25   2,9   0,1   0,3   3,3   9,7   16:01    SE
18  15,4  17,8   11:21  14,1   22:49   2,9   0,0   5,6   3,3   9,2   12:48    SE
19  15,4  17,9   11:44  13,3   23:58   2,9   0,0  10,7   2,3   9,2   13:12   SSE
20  14,8  18,9   15:45  11,2   05:16   3,5   0,0   0,0   2,2   9,7   20:48    NW
21  11,7  16,7   17:32   8,4   23:16   6,6   0,0   2,0   1,9   9,7   13:16    NW
22  11,5  17,1   17:24   4,5   04:59   6,8   0,0   0,3   1,7   7,7   15:05    NW
23  12,1  19,5   18:05   3,5   05:47   6,3   0,0   0,0   1,3   6,1   14:08    NW
24  13,1  20,7   18:45   5,9   05:37   5,4   0,2   0,0   1,4   5,6   13:18     W
25  14,9  20,2   17:52   9,0   04:56   3,6   0,2   0,0   1,5   5,6   00:53     S
26  14,3  16,3   15:43  12,7   00:28   4,0   0,0  10,4   3,5   9,7   17:36    SE
27  15,5  18,8   11:53  12,0   23:31   2,8   0,0   3,3   3,4   9,7   16:16   SSE
28  13,6  15,5   17:01  11,3   00:41   4,7   0,0   6,6   3,5  10,7   13:49    SE
29  12,9  17,8   16:23  10,5   03:10   5,4   0,0  10,7   1,1   5,6   17:01     S
30  14,9  21,6   16:09   8,3   03:20   4,0   0,6   0,3   1,0   7,1   14:27   WNW
31  17,5  25,6   18:19   8,8   05:33   2,7   1,9   0,0   1,0   5,6   09:35     W
----------------------------------------------------------------------------------
    13,2  25,6    31     3,5    23   161,7   3,2 103,2   2,0  11,2     6     SSW

Max >=  27,0:  0
Max <=   0,0:  0
Min <=   0,0:  0
Min <= -18,0:  0
Max Rain: 15,2 on day 7
Days of Rain: 21 (>= 0,2 mm)  13 (>= 2,0 mm)  0 (>= 20,0 mm)
Heat Base: 18,3  Cool Base: 18,3  Method: Integration
:now::gauges::today::yesterday::this month::this year::noaa::records::monthly records::trends: