Midtre Skiakersgutua Weather Station

 Latitude N 60° 21' 23"    Longitude E 10° 28' 20"    Elevation 275 m

Records began on 20 desember 2012

NOAA Style Reports for Midtre Skiakersgutua

Select a Year or Month report

Report for 2020 Jun
                   Monthly Climatological Summary for jun 2020

Name: Skiakersgutua Weather Station   City: Gran   State: Oppland
Elevation: 235 m  Lat: N 60° 21' 54"   Lon: E 010° 33' 13"

                  Temperature (°C), Rain (mm), Wind Speed (m/s)

                                      Heat  Cool        Avg
    Mean                              Deg   Deg         Wind                 Dom
Day Temp  High   Time   Low    Time   Days  Days  Rain  Speed High   Time    Dir
----------------------------------------------------------------------------------
 1  17,9  26,4   18:18   7,0   05:25   3,0   2,6   0,0   0,9   4,6   15:50   WSW
 2  17,9  26,0   17:57   8,7   05:53   2,7   2,3   0,0   1,1   6,6   16:12    SW
 3  16,4  21,6   15:09   9,9   05:26   2,4   0,6   0,0   2,8   9,2   12:25    SE
 4  14,3  18,4   17:16  10,8   13:19   4,0   0,0   0,0   3,9  10,2   18:46    SE
 5  12,7  15,9   13:24   8,3   23:02   5,6   0,0  18,3   4,4  13,3   07:54    SE
 6  10,0  11,4   11:32   8,4   00:04   8,3   0,0  19,3   2,0   6,1   15:58   WNW
 7  10,4  12,1   15:42   8,8   03:24   7,9   0,0   5,3   2,5   7,7   14:09   SSE
 8  11,8  16,6   17:08   8,5   05:50   6,5   0,0   3,3   2,3   7,7   10:11    NW
 9  13,3  18,6   16:16   9,4   04:16   5,0   0,0   3,8   1,1   5,1   16:40    SW
10  13,5  20,5   15:06   6,5   04:50   5,0   0,2   0,3   1,1   9,2   17:44     S
11  18,0  24,5   18:45   9,1   04:28   2,3   2,0   0,0   1,2   7,7   14:13   NNW
12  18,9  24,9   17:21  11,2   05:07   1,8   2,4   0,0   2,0  10,2   16:42   ESE
13  19,1  24,0   18:46  12,2   03:06   1,3   2,1   0,0   2,5   9,2   15:34    SE
14  18,6  25,4   18:29   8,7   05:04   1,9   2,1   0,0   1,4   6,6   11:30   SSE
15  19,1  27,9   18:41   8,5   05:17   2,6   3,4   0,0   0,9   4,6   13:30   WNW
16  18,9  27,7   18:19  11,4   03:22   1,8   2,4   0,5   1,3   7,1   18:36     W
17  20,1  27,1   15:25  12,9   03:49   1,2   3,0   0,0   2,1   9,2   12:49     E
18  21,0  27,8   15:15  13,2   04:27   1,0   3,8   0,0   1,2   5,6   15:52   SSW
19  22,4  29,0   17:41  13,0   05:07   0,7   4,8   0,0   1,6   7,7   18:12    SE
20  21,6  26,7   16:22  15,3   01:52   0,2   3,5   0,5   2,8   9,7   16:09   SSE
21  18,3  22,2   10:46  15,3   23:42   0,8   0,8   8,6   2,4   8,7   11:25    SE
22  14,5  17,9   13:40  12,0   06:56   3,8   0,0  26,7   2,8  10,7   02:17   SSE
23  17,4  25,8   17:44   9,1   04:18   3,2   2,3   0,0   1,0   4,6   15:32    SW
24  21,4  28,4   15:53  12,8   04:39   1,0   4,1   0,0   1,4   5,6   18:21     S
25  21,6  27,1   16:06  14,5   04:30   0,5   3,8   0,0   2,2   7,1   15:30   SSE
26  21,5  26,6   15:16  14,0   04:26   0,7   3,9   0,0   2,1   8,7   14:22   SSE
27  21,3  28,2   17:23  13,1   02:53   1,0   4,0   0,0   1,4   6,1   16:08     S
28  17,9  21,1   08:12  14,1   23:39   0,9   0,5  13,7   2,2   9,2   13:34   SSE
29  14,9  18,3   12:16  11,6   05:12   3,4   0,0   1,3   2,4   9,2   13:51   SSE
30  13,8  18,2   15:33  11,6   03:29   4,5   0,0   6,3   1,5   8,7   23:17     S
----------------------------------------------------------------------------------
    17,3  29,0    19     6,5    10    85,0  54,6 107,9   1,9  13,3     5     SSE

Max >=  27,0:  8
Max <=   0,0:  0
Min <=   0,0:  0
Min <= -18,0:  0
Max Rain: 26,7 on day 22
Days of Rain: 13 (>= 0,2 mm)  9 (>= 2,0 mm)  1 (>= 20,0 mm)
Heat Base: 18,3  Cool Base: 18,3  Method: Integration
:now::gauges::today::yesterday::this month::this year::noaa::records::monthly records::trends: