Midtre Skiakersgutua Weather Station

 Latitude N 60° 21' 23"    Longitude E 10° 28' 20"    Elevation 275 m

Records began on 20 desember 2012

NOAA Style Reports for Midtre Skiakersgutua

Select a Year or Month report
V/Λ2021 > Jan Feb Mar Apr May Jun Jul Aug Sep Oct Nov Dec
V/Λ2020 > Jan Feb Mar Apr May Jun Jul Aug Sep Oct Nov Dec
V/Λ2019 > Jan Feb Mar Apr May Jun Jul Aug Sep Oct Nov Dec
V/Λ2018 > Jan Feb Mar Apr May Jun Jul Aug Sep Oct Nov Dec

Report for 2020 May
                   Monthly Climatological Summary for mai 2020

Name: Skiakersgutua Weather Station   City: Gran   State: Oppland
Elevation: 235 m  Lat: N 60° 21' 54"   Lon: E 010° 33' 13"

                  Temperature (°C), Rain (mm), Wind Speed (m/s)

                                      Heat  Cool        Avg
    Mean                              Deg   Deg         Wind                 Dom
Day Temp  High   Time   Low    Time   Days  Days  Rain  Speed High   Time    Dir
----------------------------------------------------------------------------------
 1   3,4   6,6   19:15   1,4   03:06  14,7   0,0   4,3   1,5   4,6   13:08    NW
 2   5,7  14,2   16:54   0,8   06:57  12,6   0,0   1,5   1,1   7,1   17:20   WNW
 3   5,4  11,8   14:26  -1,0   06:00  12,9   0,0   6,1   2,0  10,2   15:10    NW
 4   4,4   7,9   17:53   0,8   03:55  13,9   0,0   8,4   3,3  12,2   17:57    NW
 5   6,2  12,9   18:27  -1,9   05:54  12,1   0,0   0,0   1,6   5,6   15:17   WSW
 6   8,4  14,2   16:01   1,9   02:05   9,9   0,0   0,0   3,0  11,2   16:24    NW
 7   6,9  14,0   18:49  -0,1   04:43  11,4   0,0   0,0   1,3   6,6   15:24     W
 8   7,9  12,9   16:01   2,6   05:24  10,4   0,0   0,0   2,0   9,2   16:46   WNW
 9   7,2  13,4   14:50  -1,1   05:37  11,1   0,0   0,0   1,7   8,7   15:21   WSW
10   3,1   8,2   00:00   0,5   23:56  15,2   0,0  11,9   4,3  11,2   09:06   NNW
11   3,3   8,2   17:09  -4,0   04:58  15,0   0,0   0,0   3,0  10,2   16:34    NW
12   3,0   6,1   14:52  -0,8   02:39  15,3   0,0   0,0   4,6  16,3   16:13    NW
13   3,9   8,5   16:46  -0,7   03:15  14,4   0,0   0,0   3,1  10,2   12:51    NW
14   4,1   8,7   16:08  -2,5   05:48  14,2   0,0   0,0   2,0   8,2   17:36   WNW
15   5,2   9,8   16:12  -0,5   01:39  13,1   0,0   0,0   2,6   9,7   13:43    NW
16   5,0   8,2   15:51   0,0   02:30  13,3   0,0   0,0   2,0   8,2   12:04   WSW
17   6,7  11,1   16:07  -0,3   05:47  11,6   0,0   0,0   2,8  11,7   19:23    NW
18   7,2  12,7   18:13  -1,9   05:50  11,1   0,0   0,0   1,4   7,1   13:02    NW
19   8,2  12,4   15:23   1,1   05:48  10,1   0,0   0,0   3,2   8,2   10:25   NNW
20   8,8  16,1   18:14  -0,2   05:30   9,5   0,0   0,0   1,2   5,1   14:49     W
21  10,7  16,7   17:08   2,2   04:32   7,6   0,0   0,0   1,4   6,6   18:14     S
22  11,8  15,6   14:20   8,3   23:53   6,5   0,0   1,8   4,2  12,2   23:15    SE
23   9,8  13,9   13:03   7,5   03:25   8,5   0,0   2,8   4,1  11,2   13:39    SE
24   9,6  13,7   15:22   7,4   03:03   8,7   0,0  18,3   1,7   6,1   10:54   SSE
25  12,9  19,6   17:06   6,3   04:28   5,5   0,1   0,3   1,1   4,1   11:37    SW
26  13,4  18,3   14:46   7,5   04:24   4,9   0,0   0,0   1,9   8,2   13:47   SSE
27  11,4  15,7   16:15   5,7   02:30   6,9   0,0   0,0   3,7  10,2   14:51    NW
28  10,7  18,0   19:15   2,7   05:22   7,6   0,0   0,0   1,1   5,6   17:10   WNW
29  13,8  21,9   17:33   4,5   04:59   4,9   0,4   0,0   1,4   6,6   12:41    NW
30  16,5  22,8   17:53   8,6   05:21   2,8   1,0   0,0   2,0   9,7   15:15   NNW
31  17,3  24,3   17:57   7,1   05:25   2,8   1,8   0,0   1,3   6,6   16:44     S
----------------------------------------------------------------------------------
     8,1  24,3    31    -4,0    11   318,5   3,3  55,4   2,3  16,3    12     WNW

Max >=  27,0:  0
Max <=   0,0:  0
Min <=   0,0: 13
Min <= -18,0:  0
Max Rain: 18,3 on day 24
Days of Rain: 9 (>= 0,2 mm)  6 (>= 2,0 mm)  0 (>= 20,0 mm)
Heat Base: 18,3  Cool Base: 18,3  Method: Integration
:now::gauges::today::yesterday::this month::this year::noaa::records::monthly records::trends: