Midtre Skiakersgutua Weather Station

 Latitude N 60° 21' 23"    Longitude E 10° 28' 20"    Elevation 275 m

Records began on 20 desember 2012

NOAA Style Reports for Midtre Skiakersgutua

Select a Year or Month report

Report for 2020 Apr
                   Monthly Climatological Summary for apr 2020

Name: Skiakersgutua Weather Station   City: Gran   State: Oppland
Elevation: 235 m  Lat: N 60° 21' 54"   Lon: E 010° 33' 13"

                  Temperature (°C), Rain (mm), Wind Speed (m/s)

                                      Heat  Cool        Avg
    Mean                              Deg   Deg         Wind                 Dom
Day Temp  High   Time   Low    Time   Days  Days  Rain  Speed High   Time    Dir
----------------------------------------------------------------------------------
 1   5,7  10,1   18:19   0,6   06:23  12,6   0,0   0,0   1,7   7,7   18:16    SW
 2   2,5   6,7   10:31  -1,0   22:09  15,8   0,0   0,8   3,0  13,8   10:45   SSW
 3   1,8   5,0   13:30  -2,6   23:59  16,5   0,0   0,0   4,0  12,8   16:35    NW
 4   0,6   6,4   17:38  -5,5   07:23  17,7   0,0   0,0   1,6   6,1   10:25   WSW
 5   3,7   7,9   17:25  -1,2   00:00  14,6   0,0   0,3   2,4   6,6   22:21    SE
 6   6,7  11,8   15:41   2,7   02:42  11,6   0,0   0,0   5,7  12,8   17:21    SE
 7   7,2  11,9   16:08   0,5   23:59  11,1   0,0   0,8   2,8  12,8   11:06    NW
 8   6,3  12,6   15:58  -1,4   03:26  12,0   0,0   0,0   3,5  11,2   15:37   SSE
 9   3,7   8,4   15:21  -3,2   07:12  14,6   0,0   0,0   2,8  10,2   14:08    NW
10   3,1  10,1   17:53  -2,7   01:46  15,2   0,0   0,0   1,3   7,1   13:40    NW
11   0,9   6,6   12:00  -4,9   06:42  17,4   0,0   4,8   1,4   7,1   15:17   SSE
12   5,7  11,9   14:02   1,8   23:06  12,6   0,0   0,0   4,1  15,3   17:07   WNW
13   2,1   4,4   13:54   0,0   04:00  16,2   0,0   0,0   9,5  24,5   11:38   NNW
14   2,6   7,3   20:18  -3,1   05:58  15,7   0,0   0,0   1,5   6,6   11:54    SW
15   9,4  15,7   12:56   2,5   06:21   8,9   0,0   0,0   2,6  15,3   23:34   WSW
16   6,3   9,4   15:26   2,8   23:57  12,0   0,0   0,0   4,3  12,2   00:10    NW
17   3,7   9,1   17:37  -4,7   05:50  14,6   0,0   0,0   3,8  10,2   11:34    NW
18   4,4  10,1   16:49  -2,7   04:44  13,9   0,0   0,0   2,4   9,2   14:28   NNW
19   7,7  16,0   18:07  -2,6   05:53  10,6   0,0   0,0   2,0  10,2   22:16   NNW
20   9,8  18,2   17:33  -0,9   06:08   8,5   0,0   0,0   1,7   7,1   15:01   NNW
21   9,9  20,0   17:33  -0,5   06:24   8,5   0,1   0,0   1,1   5,6   14:36    NW
22  10,4  20,5   16:48  -0,6   06:06   8,2   0,2   0,0   0,9   5,1   14:38    NW
23   9,7  17,6   17:11   0,2   06:22   8,6   0,0   0,0   1,5   7,1   15:45   WNW
24   7,6  11,4   00:06   4,6   05:42  10,7   0,0   0,0   3,9  11,2   16:30   NNW
25   6,4  13,6   19:29  -1,8   05:26  11,9   0,0   0,0   1,6   9,7   11:33    NW
26   6,1  10,4   16:11  -0,1   04:58  12,2   0,0   0,0   1,4   5,6   18:18    SE
27   4,4   7,3   00:00   2,3   23:37  13,9   0,0   3,3   1,7   5,6   06:44   SSE
28   3,5   7,0   14:58   0,2   23:22  14,8   0,0   0,0   1,8   6,6   09:26   NNE
29   3,7   6,7   14:55  -0,1   04:54  14,6   0,0   0,0   1,9   7,7   16:12   SSE
30   4,1   6,5   16:39   2,1   05:52  14,2   0,0   1,0   3,7  10,7   17:57    SE
----------------------------------------------------------------------------------
     5,3  20,5    22    -5,5     4   389,7   0,3  11,0   2,7  24,5    13     WNW

Max >=  27,0:  0
Max <=   0,0:  0
Min <=   0,0: 19
Min <= -18,0:  0
Max Rain: 4,8 on day 11
Days of Rain: 6 (>= 0,2 mm)  2 (>= 2,0 mm)  0 (>= 20,0 mm)
Heat Base: 18,3  Cool Base: 18,3  Method: Integration
:now::gauges::today::yesterday::this month::this year::noaa::records::monthly records::trends: