Midtre Skiakersgutua Weather Station

 Latitude N 60° 21' 23"    Longitude E 10° 28' 20"    Elevation 275 m

Records began on 20 desember 2012

NOAA Style Reports for Midtre Skiakersgutua

Select a Year or Month report
V/Λ2021 > Jan Feb Mar Apr May Jun Jul Aug Sep Oct Nov Dec
V/Λ2020 > Jan Feb Mar Apr May Jun Jul Aug Sep Oct Nov Dec
V/Λ2019 > Jan Feb Mar Apr May Jun Jul Aug Sep Oct Nov Dec
V/Λ2018 > Jan Feb Mar Apr May Jun Jul Aug Sep Oct Nov Dec

Report for 2020 Mar
                   Monthly Climatological Summary for mar 2020

Name: Skiakersgutua Weather Station   City: Gran   State: Oppland
Elevation: 235 m  Lat: N 60° 21' 54"   Lon: E 010° 33' 13"

                  Temperature (°C), Rain (mm), Wind Speed (m/s)

                                      Heat  Cool        Avg
    Mean                              Deg   Deg         Wind                 Dom
Day Temp  High   Time   Low    Time   Days  Days  Rain  Speed High   Time    Dir
----------------------------------------------------------------------------------
 1  -0,1   1,8   20:57  -1,8   07:45  18,4   0,0   4,8   2,0   7,1   03:53     S
 2   2,5   4,1   14:59   1,0   02:05  15,8   0,0   0,0   2,8   7,1   09:37   SSE
 3   0,8   3,0   11:58  -1,0   23:06  17,5   0,0   6,3   1,7   9,7   09:48   SSE
 4  -0,4   0,8   02:19  -1,3   23:11  18,7   0,0   0,8   1,5   6,1   13:08   WNW
 5  -2,3   3,6   16:14  -8,3   22:58  20,6   0,0   0,0   0,2   2,6   10:22   WSW
 6  -4,8  -2,5   14:10  -7,6   22:47  23,1   0,0   0,0   0,6   5,6   19:25   SSW
 7  -4,2  -0,9   23:51  -6,8   06:40  22,5   0,0   0,0   1,7   7,7   23:59    SE
 8   3,1   4,8   22:44  -0,9   00:00  15,2   0,0   4,1   4,3  12,8   04:31    SE
 9   3,8   6,7   14:45   0,9   03:04  14,5   0,0   0,0   3,4   7,1   09:11    SE
10   2,2   3,4   12:49   0,6   23:59  16,1   0,0   3,3   3,3   8,2   13:11   SSE
11   4,3   8,3   15:21   0,1   07:32  10,7   0,0   0,8   2,1   6,6   12:13   SSW
12   2,2   6,6   16:37  -2,8   06:40  16,1   0,0   0,0   1,7   7,1   01:37    SW
13  -0,2   2,8   00:50  -5,4   23:24  18,5   0,0   0,0   5,3  13,8   16:07   NNW
14  -2,9   2,3   15:35  -9,7   06:53  21,2   0,0   0,0   2,4   9,2   13:16    SE
15   3,3   6,4   16:01  -0,3   00:00  15,0   0,0   5,6   4,3  11,7   11:27    SE
16   2,9   5,2   15:36   0,2   02:49  15,4   0,0   0,0   2,4  11,7   04:24   SSE
17   5,7  10,7   13:27   1,1   23:58  12,6   0,0   0,0   3,7   8,7   10:21   SSE
18   4,5   7,8   12:46   1,1   00:00  13,8   0,0   0,0   2,4   8,7   14:20   SSW
19   3,6  10,0   16:01  -2,9   07:29  14,7   0,0   0,0   1,4   8,2   23:27     W
20   0,8   5,1   16:40  -4,2   23:44  17,5   0,0   0,0   2,3   7,7   13:34    NW
21  -1,4   5,8   16:31  -6,8   06:06  19,7   0,0   0,0   0,6   4,1   12:46     W
22  -0,2   4,2   14:15  -5,8   04:47  18,5   0,0   0,0   2,0   8,7   10:11   SSE
23   2,4   5,6   14:27  -0,6   05:20  15,9   0,0   0,0   3,8   9,2   17:45    SE
24   2,9   6,0   14:57   0,3   01:06  15,4   0,0   0,0   4,3  10,7   01:35    SE
25   5,5  11,2   15:04   1,7   05:51  12,8   0,0   0,0   5,1  14,3   14:15    SE
26   5,3  10,0   15:40   1,4   22:05  13,0   0,0   0,0   1,7   6,6   19:04   SSE
27   4,0   8,4   16:59  -1,5   23:16  14,3   0,0   0,0   0,8   4,6   16:00   SSW
28   0,7   4,4   13:56  -3,2   05:07  17,6   0,0   0,0   4,8  13,8   14:05   NNW
29  -0,1   4,7   14:14  -7,6   07:30  17,6   0,0   0,0   2,1   9,7   15:01    NW
30   0,9   3,9   16:33  -2,5   07:41  17,4   0,0   0,0   2,6   9,2   13:28   NNW
31   3,7   9,3   17:41  -3,7   06:49  14,6   0,0   0,0   1,5   5,6   11:36   WSW
----------------------------------------------------------------------------------
     1,6  11,2    25    -9,7    14   514,7   0,0  25,7   2,6  14,3    25     SSE

Max >=  27,0:  0
Max <=   0,0:  2
Min <=   0,0: 21
Min <= -18,0:  0
Max Rain: 6,3 on day 3
Days of Rain: 7 (>= 0,2 mm)  5 (>= 2,0 mm)  0 (>= 20,0 mm)
Heat Base: 18,3  Cool Base: 18,3  Method: Integration
:now::gauges::today::yesterday::this month::this year::noaa::records::monthly records::trends: