Midtre Skiakersgutua Weather Station

 Latitude N 60° 21' 23"    Longitude E 10° 28' 20"    Elevation 275 m

Records began on 20 desember 2012

NOAA Style Reports for Midtre Skiakersgutua

Select a Year or Month report

Report for 2020 Jan
                   Monthly Climatological Summary for jan 2020

Name: Skiakersgutua Weather Station   City: Gran   State: Oppland
Elevation: 235 m  Lat: N 60° 21' 54"   Lon: E 010° 33' 13"

                  Temperature (°C), Rain (mm), Wind Speed (m/s)

                                      Heat  Cool        Avg
    Mean                              Deg   Deg         Wind                 Dom
Day Temp  High   Time   Low    Time   Days  Days  Rain  Speed High   Time    Dir
----------------------------------------------------------------------------------
 1   4,4   6,9   10:50   0,4   23:21  13,9   0,0   0,0   3,9  10,7   00:31   SSE
 2   3,7   5,8   04:50   1,1   07:42  14,6   0,0   0,0   4,0  10,2   03:57   SSE
 3   3,0   6,7   05:43  -0,9   18:52  15,3   0,0   0,0   3,5  16,3   11:52     S
 4  -0,8   1,6   09:57  -8,3   23:24  19,1   0,0   0,0   2,5  10,2   09:49   WNW
 5  -3,4   1,0   20:26  -9,5   03:10  21,7   0,0   0,0   1,1   7,1   15:33     S
 6  -0,5   4,8   22:24  -3,8   01:26  18,8   0,0   0,3   1,4   8,7   19:50   SSE
 7   2,5   5,0   21:04  -2,0   09:44  15,8   0,0   1,5   2,9  12,8   21:01   SSE
 8   5,0   7,6   06:55   2,8   18:07  13,3   0,0   0,3   3,7  11,7   00:34   SSE
 9   0,2   4,5   04:31  -4,5   23:37  18,1   0,0   0,0   1,0   6,1   04:34   SSW
10  -7,6  -4,1   00:17 -11,8   22:09  25,9   0,0   0,0   0,4   2,0   00:29   SSW
11   0,9   6,7   23:26 -11,5   01:48  17,4   0,0   0,0   3,1  14,3   10:45    SE
12   1,5   6,4   00:00  -4,1   20:41  16,8   0,0   0,0   1,4   6,6   00:11     S
13  -1,3   2,0   02:25  -5,5   06:23  19,6   0,0   0,0   2,0   7,1   23:06   SSE
14   2,9   4,7   14:15   1,3   19:44  15,4   0,0   3,0   4,9  14,3   04:30    SE
15   2,1   3,6   13:53   0,3   20:44  14,9   0,0   3,3   2,3   7,7   23:56   SSE
16   3,1   6,4   16:02   0,4   19:19  15,2   0,0   0,0   2,8   8,2   01:46   SSE
17   3,7   4,9   12:21   1,8   23:03  14,6   0,0  12,4   2,9   8,2   03:44   SSE
18   1,0   2,8   08:26  -2,9   23:34  17,1   0,0   1,3   0,5   3,1   22:34   SSW
19  -2,9   0,4   12:30  -5,2   07:54  21,2   0,0   0,0   0,4   3,6   11:31   WSW
20   5,5  11,4   17:55  -1,8   00:00  12,8   0,0   0,3   1,8   7,7   04:48     S
21   6,8  10,1   03:17   3,1   21:06  11,5   0,0   0,0   2,5  10,7   07:49    NW
22   1,6   5,7   00:26  -4,2   19:39  16,7   0,0   0,0   2,0  10,7   07:53   WNW
23   3,5   7,8   16:42  -2,3   00:03  14,8   0,0   0,0   2,7  10,7   18:44   SSE
24   4,5   6,4   11:20   0,9   09:33  13,8   0,0   0,0   1,7   6,6   00:01     S
25   0,3   3,7   00:00  -3,2   08:45  18,0   0,0   0,0   0,8   5,1   18:48   SSW
26   1,8   4,1   23:58  -0,2   06:14  16,5   0,0   0,0   1,0   5,1   20:37     S
27   3,0   4,4   00:46   1,5   22:58  15,3   0,0   6,9   3,4  10,2   16:34   SSE
28   1,5   2,3   14:34   0,5   09:09  16,8   0,0   3,0   1,6   5,6   16:02     W
29   0,3   1,1   02:30  -0,2   22:05  18,0   0,0   2,5   0,4   2,0   02:54     W
30  -1,7   0,0   00:00  -2,5   17:18  20,0   0,0   0,0   1,2   5,1   16:13    SW
31  -1,3   0,7   16:05  -3,2   22:21  19,6   0,0   0,0   0,9   4,6   17:58   SSW
----------------------------------------------------------------------------------
     1,4  11,4    20   -11,8    10   522,5   0,0  34,8   2,1  16,3     3     SSE

Max >=  27,0:  0
Max <=   0,0:  2
Min <=   0,0: 20
Min <= -18,0:  0
Max Rain: 12,4 on day 17
Days of Rain: 11 (>= 0,2 mm)  6 (>= 2,0 mm)  0 (>= 20,0 mm)
Heat Base: 18,3  Cool Base: 18,3  Method: Integration
:now::gauges::today::yesterday::this month::this year::noaa::records::monthly records::trends: