Midtre Skiakersgutua Weather Station

 Latitude N 60° 21' 23"    Longitude E 10° 28' 20"    Elevation 275 m

Records began on 20 desember 2012

NOAA Style Reports for Midtre Skiakersgutua

Select a Year or Month report
V/Λ2021 > Jan Feb Mar Apr May Jun Jul Aug Sep Oct Nov Dec
V/Λ2020 > Jan Feb Mar Apr May Jun Jul Aug Sep Oct Nov Dec
V/Λ2019 > Jan Feb Mar Apr May Jun Jul Aug Sep Oct Nov Dec
V/Λ2018 > Jan Feb Mar Apr May Jun Jul Aug Sep Oct Nov Dec

Report for 2020
                   Annual Climatological Summary for 2020

Name: Skiakersgutua Weather Station   City: Gran   State: Oppland
Elevation: 235 m  Lat: N 60° 21' 54"   Lon: E 010° 33' 13"

                  Temperature (°C), Heat Base: 18,3  Cool Base: 18,3
                          Dep.  Heat  Cool                       Max  Max  Min  Min
        Mean  Mean        From  Deg   Deg                        >=   <=   <=   <=
 YR MO  Max   Min   Mean  Norm  Days  Days  Hi  Date  Low  Date 27,0  0,0  0,0 -18,0
------------------------------------------------------------------------------------
 20  1   4,4  -2,4   1,4   9,9   522     0  11,4  20 -11,8   10    0    2   20    0
 20  2   3,5  -4,4  -0,2   7,4   535     0   7,7  18 -12,7    5    0    5   22    0
 20  3   5,3  -2,5   1,6   3,9   514     0  11,2  25  -9,7   14    0    2   21    0
 20  4  10,7  -0,6   5,3   2,7   389     0  20,5  22  -5,5    4    0    0   19    0
 20  5  13,5   2,0   8,1  -1,5   318     3  24,3  31  -4,0   11    0    0   13    0
 20  6  22,9  11,0  17,3   3,4    84    54  29,0  19   6,5   10    8    0    0    0
 20  7  17,9   8,5  13,2  -1,9   161     3  25,6  31   3,5   23    0    0    0    0
 20  8  21,6  10,0  15,7   2,0   111    30  27,1  18   1,0   31    3    0    0    0
 20  9  15,9   5,7  11,0   1,7   218     1  22,8  14  -0,4   17    0    0    1    0
 20 10   9,1   2,9   5,9   1,7   383     0  14,3   5  -4,7   19    0    0   11    0
 20 11   6,0   0,2   3,3   4,7   427     0  14,9   2  -6,4   29    0    2   12    0
 20 12   1,9  -1,6   0,2   6,2   561     0   6,6  20  -9,3   25    0    4   20    0
------------------------------------------------------------------------------------
        11,0   2,4   6,9   3,4  4230    93  29,0 jun -12,7  feb   11   15  139    0

                                Precipitation (mm)

              Dep.   Max        Days of Rain
              From   Obs.           >=
 YR MO Total  Norm   Day Date  0,2  2,0 20,0
---------------------------------------------
 20  1  34,8 -18,2  12,4  17    11    6    0
 20  2  30,5 -10,5  10,2  16     8    5    0
 20  3  25,7 -18,3   6,3   3     7    5    0
 20  4  11,0 -29,0   4,8  11     6    2    0
 20  5  55,4   1,4  18,3  24     9    6    0
 20  6 107,9  39,9  26,7  22    13    9    1
 20  7 103,2  23,2  15,2   7    21   13    0
 20  8  43,7 -41,3  11,7  22     7    6    0
 20  9  74,9  -5,1  23,6  26    16    9    1
 20 10 154,3  64,3  35,8  21    22   15    1
 20 11  47,6 -28,4  14,0  16    13    6    0
 20 12  83,3  24,3  10,7  27    19   16    0
---------------------------------------------
       772,3   2,3  35,8  okt  152   98    3

                                Wind Speed (m/s)
                          Dom
 YR MO   Avg.  Hi   Date  Dir
------------------------------
 20  1   2,1  16,3    3   SSE
 20  2   2,2  17,9   16   SSE
 20  3   2,6  14,3   25   SSE
 20  4   2,7  24,5   13    NW
 20  5   2,3  16,3   12    NW
 20  6   1,9  13,3    5   SSE
 20  7   2,0  11,2    6     S
 20  8   1,5  12,2   22     S
 20  9   2,0  18,4   16   SSW
 20 10   1,6  14,3    4   SSE
 20 11   1,8  18,4   19   SSE
 20 12   1,7  14,3   27   SSE
------------------------------
         2,0  24,5  apr     S
:now::gauges::today::yesterday::this month::this year::noaa::records::monthly records::trends: