Midtre Skiakersgutua Weather Station

 Latitude N 60° 21' 23"    Longitude E 10° 28' 20"    Elevation 275 m

Records began on 20 desember 2012

NOAA Style Reports for Midtre Skiakersgutua

Select a Year or Month report

Report for 2019 Dec
                   Monthly Climatological Summary for des 2019

Name: Skiakersgutua Weather Station   City: Gran   State: Oppland
Elevation: 235 m  Lat: N 60° 21' 54"   Lon: E 010° 33' 13"

                  Temperature (°C), Rain (mm), Wind Speed (m/s)

                                      Heat  Cool        Avg
    Mean                              Deg   Deg         Wind                 Dom
Day Temp  High   Time   Low    Time   Days  Days  Rain  Speed High   Time    Dir
----------------------------------------------------------------------------------
 1 -11,3  -7,7   16:16 -16,8   00:00  29,6   0,0   0,0   0,1   0,5   00:59   SSW
 2 -12,0  -9,1   12:09 -15,6   21:50  30,3   0,0   0,0   0,1   0,5   00:08   SSW
 3  -5,7  -1,8   23:58 -14,0   00:03  24,0   0,0   0,0   0,0   0,0   00:00   ---
 4  -2,3   2,4   23:11  -6,7   08:32  20,6   0,0   1,0   0,8   9,7   21:21     S
 5   2,4   4,5   12:40  -1,7   05:08  15,9   0,0   5,8   4,4  10,2   15:27   SSE
 6   0,2   4,5   00:04  -2,8   10:22  18,1   0,0   0,5   1,2   8,2   00:17     S
 7  -3,6  -0,3   05:11 -10,2   21:00  21,9   0,0   0,0   0,4   3,6   04:03     S
 8  -4,2   0,2   23:39 -10,9   01:23  22,5   0,0   0,0   0,9   5,1   07:57   SSW
 9  -1,6   0,7   03:24  -9,8   22:50  19,9   0,0   0,0   2,8  12,2   10:06   WNW
10  -8,1   2,6   23:19 -16,6   09:34  26,4   0,0   3,6   2,7  14,8   23:28    SE
11   2,7   5,4   06:58   0,5   23:07  15,6   0,0   3,0   3,8  14,8   02:19     S
12   2,2   3,0   05:33   1,1   23:53  16,1   0,0   2,8   3,6   8,2   03:51   SSE
13   1,1   1,8   20:09  -1,7   03:45  17,2   0,0   2,0   2,4   9,2   20:08   SSE
14   0,2   1,1   00:00   0,2   00:35  18,1   0,0   0,0   0,3   1,0   00:15   WSW
15   0,2   0,7   23:24   0,2   00:00  18,1   0,0   3,0   0,3   2,6   23:39   WSW
16  -2,9   0,5   00:00  -5,1   22:00  21,2   0,0   0,0   0,9   4,1   01:35   SSE
17  -5,6  -4,1   03:54  -7,0   23:08  23,9   0,0   0,0   0,5   2,0   12:10   SSE
18  -9,9  -6,9   00:00  -1,2   23:43  28,2   0,0   0,0   0,2   1,0   00:15     S
19 -15,4  -3,6   23:52  -1,0   05:45  33,6   0,0   0,0   0,0   0,5   00:59     S
20  -1,9   0,0   23:40  -3,6   00:00  20,2   0,0   0,0   0,0   0,0   00:00   ---
21  -4,6   1,8   02:30  -4,0   08:00  22,9   0,0   8,1   0,3   2,0   04:41   SSW
22   0,0   0,7   00:51  -1,1   23:54  18,3   0,0   1,5   0,4   3,1   21:06     W
23  -2,0  -0,9   00:04  -2,7   09:35  20,3   0,0   0,0   1,0   3,1   08:33   NNW
24  -1,8  -1,4   09:44  -2,3   01:01  20,1   0,0   0,0   0,4   2,0   11:01    NW
25  -2,3  -0,5   13:52  -3,1   18:00  20,6   0,0   0,0   0,2   3,1   14:32    NW
26  -3,7  -2,5   00:19  -5,0   23:51  22,0   0,0   0,0   0,3   1,5   01:00   WNW
27  -6,5  -4,8   00:06  -7,4   23:23  24,8   0,0   0,0   0,5   2,6   19:42   SSE
28  -3,0   1,3   23:27  -7,1   00:00  21,3   0,0   0,0   0,5   3,1   23:09     S
29   3,7   7,7   21:27   0,5   00:04  14,6   0,0   8,6   3,7   9,7   21:01   SSE
30   5,0   8,1   12:59   0,3   18:33  13,3   0,0   0,0   2,2   6,6   00:43   SSE
31   1,5   5,7   00:57  -3,5   07:35  16,8   0,0   0,0   2,1  10,7   12:31   WNW
----------------------------------------------------------------------------------
    -2,9   8,1    30   -16,8     1   656,4   0,0  39,9   1,2  14,8    10       S

Max >=  27,0:  0
Max <=   0,0: 13
Min <=   0,0: 25
Min <= -18,0:  0
Max Rain: 8,6 on day 29
Days of Rain: 11 (>= 0,2 mm)  8 (>= 2,0 mm)  0 (>= 20,0 mm)
Heat Base: 18,3  Cool Base: 18,3  Method: Integration
:now::gauges::today::yesterday::this month::this year::noaa::records::monthly records::trends: