Midtre Skiakersgutua Weather Station

 Latitude N 60° 21' 23"    Longitude E 10° 28' 20"    Elevation 275 m

Records began on 20 desember 2012

NOAA Style Reports for Midtre Skiakersgutua

Select a Year or Month report

Report for 2019 Nov
                   Monthly Climatological Summary for nov 2019

Name: Skiakersgutua Weather Station   City: Gran   State: Oppland
Elevation: 235 m  Lat: N 60° 21' 54"   Lon: E 010° 33' 13"

                  Temperature (°C), Rain (mm), Wind Speed (m/s)

                                      Heat  Cool        Avg
    Mean                              Deg   Deg         Wind                 Dom
Day Temp  High   Time   Low    Time   Days  Days  Rain  Speed High   Time    Dir
----------------------------------------------------------------------------------
 1  -2,5  -0,3   21:55  -4,3   05:33  19,6   0,0   0,0   0,4   2,0   21:51   SSW
 2  -0,1   1,8   14:16  -1,8   23:50  18,4   0,0   0,0   1,6   5,6   16:49    NW
 3  -1,4   0,1   16:57  -5,1   03:59  19,7   0,0   0,0   2,8   8,2   09:31    NW
 4  -3,7  -1,3   00:00  -8,6   23:56  22,0   0,0   0,0   3,0   7,7   09:29    NW
 5  -8,0  -4,8   14:04 -10,2   21:18  26,3   0,0   0,0   0,2   1,5   12:53    SW
 6  -8,4  -5,0   15:42 -10,9   20:50  26,7   0,0   0,0   0,3   2,0   12:24     W
 7  -7,0  -3,7   14:34 -11,8   02:51  25,3   0,0   0,0   1,1   5,1   18:07    NW
 8  -3,8  -2,3   23:52  -6,1   00:00  22,1   0,0   0,0   3,7   8,2   11:36    NW
 9  -1,8  -1,3   06:03  -2,4   00:00  20,1   0,0   0,0   3,4   8,2   03:25    NW
10  -4,1  -2,2   00:00 -10,1   21:33  22,4   0,0   0,0   1,7   6,6   05:47   WNW
11  -5,3  -4,3   16:58  -8,5   00:30  23,6   0,0   0,0   0,9   3,1   11:55   WSW
12  -0,8   2,6   12:14  -5,0   00:00  19,1   0,0   5,3   1,4   8,2   12:08   SSE
13   1,9   2,5   10:03   0,3   22:01  16,4   0,0   0,5   2,2   6,1   11:05   SSE
14   0,3   1,9   23:19  -1,9   04:13  18,0   0,0   0,3   0,4   2,6   02:29   SSW
15   0,8   1,6   13:50   0,0   23:00  17,5   0,0   0,0   0,9   3,6   21:11     W
16   0,4   1,5   23:40  -0,3   07:29  17,8   0,0   2,3   2,4   6,1   05:40   WNW
17   0,8   1,7   01:24  -0,6   23:47  17,5   0,0   1,8   1,2   5,1   00:09     W
18   0,1   1,3   19:59  -0,7   01:54  18,2   0,0   7,1   1,3   6,6   12:44     W
19   0,7   1,4   16:46  -1,0   23:50  17,4   0,0  26,4   0,2   2,0   17:59     W
20  -1,8  -0,6   00:00  -2,9   11:04  20,1   0,0   0,0   0,9   3,6   23:08   WNW
21   0,5   1,4   18:08  -1,3   00:00  17,8   0,0   3,0   1,6   4,6   12:24     W
22   2,5   4,1   13:12   0,6   01:01  15,8   0,0   1,3   0,9   4,6   08:48   WSW
23   1,9   3,4   01:06   1,3   09:43  16,4   0,0   0,5   0,6   3,6   01:03   WSW
24   1,4   2,4   01:31   0,6   22:14  16,9   0,0   0,3   0,6   3,1   11:58   SSW
25   0,4   1,2   01:30  -0,2   23:22  17,9   0,0   0,0   0,4   2,6   03:00   SSW
26  -0,1   0,4   12:59  -0,6   05:33  18,4   0,0   0,0  ----   1,0   14:45    SW
27  -0,2   0,7   13:01  -0,8   06:27  18,4   0,0   0,8   0,0   0,0   00:00   ---
28  -0,6  -0,1   11:10  -2,0   23:48  18,9   0,0   0,0   1,5  11,2   22:23     S
29  -7,4  -1,8   00:00 -13,2   21:29  25,7   0,0   0,0   1,5  10,2   00:26   SSW
30 -12,9  -8,9   00:49 -17,4   22:36  31,3   0,0   0,0   0,2   1,5   11:31     S
----------------------------------------------------------------------------------
    -1,9   4,1    22   -17,4    30   605,7   0,0  49,6   1,3  11,2    28       W

Max >=  27,0:  0
Max <=   0,0: 13
Min <=   0,0: 26
Min <= -18,0:  0
Max Rain: 26,4 on day 19
Days of Rain: 12 (>= 0,2 mm)  5 (>= 2,0 mm)  1 (>= 20,0 mm)
Heat Base: 18,3  Cool Base: 18,3  Method: Integration
:now::gauges::today::yesterday::this month::this year::noaa::records::monthly records::trends: