Midtre Skiakersgutua Weather Station

 Latitude N 60° 21' 23"    Longitude E 10° 28' 20"    Elevation 275 m

Records began on 20 desember 2012

NOAA Style Reports for Midtre Skiakersgutua

Select a Year or Month report

Report for 2019 Sep
                   Monthly Climatological Summary for sep 2019

Name: Skiakersgutua Weather Station   City: Gran   State: Oppland
Elevation: 235 m  Lat: N 60° 21' 54"   Lon: E 010° 33' 13"

                  Temperature (°C), Rain (mm), Wind Speed (m/s)

                                      Heat  Cool        Avg
    Mean                              Deg   Deg         Wind                 Dom
Day Temp  High   Time   Low    Time   Days  Days  Rain  Speed High   Time    Dir
----------------------------------------------------------------------------------
 1  15,5  19,0   14:13   8,9   23:38   2,8   0,0  19,3   1,9   8,2   04:48     S
 2  10,1  16,3   18:01   4,4   05:47   8,2   0,0   0,0   1,0   5,6   14:15     W
 3  10,5  15,2   15:50   5,7   00:00   7,8   0,0   4,1   2,0   9,2   14:40   WSW
 4   7,8  11,2   18:31   3,2   04:17  10,5   0,0  27,4   1,5   8,7   16:29   SSE
 5   9,8  13,1   16:37   5,1   23:47   8,5   0,0   4,3   0,9   6,6   13:55     W
 6   8,0  13,0   14:51   2,2   07:10  10,3   0,0   0,3   1,2   6,1   17:32   SSE
 7  10,1  11,3   18:37   9,0   06:10   8,2   0,0   6,4   2,9   8,7   13:12    NW
 8   9,7  12,4   14:43   6,9   05:46   8,6   0,0   0,0   1,9   5,6   09:48    NW
 9  10,4  13,4   16:43   5,4   06:34   7,9   0,0   0,0   1,2   5,1   13:16   WNW
10  12,7  15,7   17:35  11,1   02:10   5,6   0,0   3,6   1,9   6,1   08:51   WNW
11  12,1  16,2   11:45   9,9   06:23   6,2   0,0   6,3   1,7   8,7   12:53   SSE
12  11,9  16,8   15:48   7,2   08:03   6,4   0,0   0,3   2,0  10,2   12:06   SSE
13  10,5  15,8   17:03   3,6   06:34   7,8   0,0   0,0   2,1  11,7   12:21   WNW
14   9,5  13,1   13:47   5,0   04:25   8,8   0,0   0,0   2,4  10,7   23:16   SSE
15  12,1  16,3   15:27   7,3   07:12   6,2   0,0   0,0   3,1  14,3   23:34     W
16  10,1  13,9   15:41   4,3   23:46   8,2   0,0   0,0   3,2  12,2   02:52    NW
17   7,1  12,4   16:14   1,3   04:49  11,2   0,0   0,0   3,1  11,2   13:27    NW
18   7,7  13,5   16:28   0,7   04:55  10,6   0,0   0,0   2,7  11,2   14:45    NW
19   5,1  11,3   17:29  -1,3   06:49  13,2   0,0   0,0   0,6   5,1   13:58   WSW
20  10,9  20,2   16:10   4,3   07:09   7,5   0,1   0,0   1,1   5,6   16:19     W
21  12,1  23,7   16:10   2,4   07:15   6,9   0,7   0,0   0,4   2,0   01:38    SW
22  10,4  18,1   16:36   2,3   06:19   7,9   0,0   0,0   2,3   9,7   20:14    SE
23   8,4   9,9   14:42   7,0   23:26   9,9   0,0   0,0   2,2   6,6   01:13    SE
24   8,4   9,5   12:36   7,0   00:00   9,9   0,0   0,0   0,3   2,6   14:52   WSW
25   8,7  10,5   13:41   7,5   07:23   9,6   0,0   0,0   0,4   3,1   14:36     W
26   8,5  10,6   16:23   6,6   04:16   9,8   0,0   0,0   0,7   5,6   20:52   SSE
27   8,7   9,8   00:00   7,6   23:51   9,6   0,0  30,0   2,4   8,2   04:54     S
28   9,2  11,6   16:17   7,2   23:21   9,1   0,0   9,1   0,9   3,6   18:28     W
29   9,0  13,1   16:34   7,5   00:00   9,3   0,0   0,3   0,5   3,1   14:20   WNW
30   6,0   8,2   04:10   2,5   20:05  12,3   0,0   7,1   1,7   6,6   13:37   WNW
----------------------------------------------------------------------------------
     9,7  23,7    21    -1,3    19   258,8   0,8 118,5   1,7  14,3    15     WSW

Max >=  27,0:  0
Max <=   0,0:  0
Min <=   0,0:  1
Min <= -18,0:  0
Max Rain: 30,0 on day 27
Days of Rain: 13 (>= 0,2 mm)  10 (>= 2,0 mm)  2 (>= 20,0 mm)
Heat Base: 18,3  Cool Base: 18,3  Method: Integration
:now::gauges::today::yesterday::this month::this year::noaa::records::monthly records::trends: