Midtre Skiakersgutua Weather Station

 Latitude N 60° 21' 23"    Longitude E 10° 28' 20"    Elevation 275 m

Records began on 20 desember 2012

NOAA Style Reports for Midtre Skiakersgutua

Select a Year or Month report

Report for 2019 Aug
                   Monthly Climatological Summary for aug 2019

Name: Skiakersgutua Weather Station   City: Gran   State: Oppland
Elevation: 235 m  Lat: N 60° 21' 54"   Lon: E 010° 33' 13"

                  Temperature (°C), Rain (mm), Wind Speed (m/s)

                                      Heat  Cool        Avg
    Mean                              Deg   Deg         Wind                 Dom
Day Temp  High   Time   Low    Time   Days  Days  Rain  Speed High   Time    Dir
----------------------------------------------------------------------------------
 1  15,3  21,1   17:58  10,4   00:56   3,5   0,4   0,0   0,8   4,1   13:05    NW
 2  17,2  25,3   18:55   9,0   05:25   2,7   1,6   0,0   0,9   6,6   14:25    NW
 3  17,8  24,0   13:34   9,8   05:54   2,3   1,8   0,0   1,6   6,1   17:18    SE
 4  16,2  18,9   18:34  13,1   23:37   1,6   0,0   5,3   1,1   6,1   01:02     S
 5  16,0  19,6   16:37  11,1   23:59   2,4   0,1   0,0   1,9   7,1   17:15    SE
 6  14,2  18,1   16:13  10,4   00:57   4,1   0,0   2,8   1,0   4,6   18:31   SSE
 7  15,6  18,7   15:05  12,8   06:21   2,7   0,0   0,3   1,8   6,1   16:27    SE
 8  15,7  19,3   13:37  11,8   23:41   2,6   0,0   2,0   1,5   5,1   13:49   SSE
 9  15,9  21,6   17:28   9,7   02:57   3,1   0,7   0,0   0,9   5,1   17:45   SSE
10  14,9  17,3   13:00  12,4   02:01   3,4   0,0  27,4   2,8  12,2   12:45   SSE
11  16,6  19,2   13:21  14,6   05:35   1,7   0,0  10,7   2,2   6,6   12:21   SSE
12  15,8  19,6   14:23  13,7   23:58   2,5   0,0   5,3   1,3   4,6   12:35   SSE
13  14,3  17,9   15:24   9,2   23:53   4,0   0,0   3,3   1,5   6,6   17:16    NW
14  12,5  18,6   17:25   8,9   00:16   5,8   0,0   5,3   1,9   7,1   04:55   WNW
15  12,1  17,5   14:34   5,4   05:00   6,2   0,0   0,0   1,6   7,7   15:47   SSE
16  14,8  18,3   16:13  12,1   05:54   3,5   0,0   0,8   2,9   7,7   18:53    SE
17  14,0  15,8   19:42  12,2   05:57   4,3   0,0   7,1   3,7  10,7   13:38    SE
18  14,4  18,1   12:40  10,2   23:13   3,9   0,0   0,0   2,2   8,2   14:35   SSE
19  13,8  18,8   15:40   8,9   06:43   4,5   0,0   0,3   2,6   7,7   11:02   SSE
20  13,4  19,7   14:28   8,1   06:19   4,9   0,0   5,8   2,4   8,2   14:37   SSE
21  13,6  19,0   16:22   9,1   06:33   4,7   0,0   0,3   0,9   4,1   10:15    SW
22  11,0  14,2   12:31   5,9   06:09   7,3   0,0   7,6   1,5   9,7   15:41   SSE
23  14,9  21,5   15:48   9,5   01:37   3,8   0,4   1,0   1,7   7,7   17:10    SW
24  15,6  22,3   15:53   7,4   06:37   3,5   0,8   0,0   1,0   4,6   15:21   SSE
25  18,2  23,5   16:22  13,2   06:49   1,5   1,4   0,0   2,5   7,7   15:53   SSE
26  17,6  24,7   16:10  10,8   06:23   2,5   1,8   0,0   1,4   7,7   15:45   SSE
27  17,6  25,7   16:15  10,9   04:23   2,8   2,1   0,0   1,1   7,1   16:57   SSE
28  16,1  18,7   16:28  11,9   06:36   2,3   0,0   1,8   1,1   5,1   18:03     S
29  17,0  20,3   16:13  10,5   23:53   1,6   0,2  28,2   2,4   8,2   18:34   SSE
30  14,0  19,0   15:01   7,7   06:08   4,3   0,0   0,0   3,2  10,2   14:29    SE
31  16,5  19,6   14:14  14,7   23:52   1,8   0,0   0,0   3,6  10,2   14:37    SE
----------------------------------------------------------------------------------
    15,2  25,7    27     5,4    15   105,8  11,3 115,3   1,9  12,2    10     SSE

Max >=  27,0:  0
Max <=   0,0:  0
Min <=   0,0:  0
Min <= -18,0:  0
Max Rain: 28,2 on day 29
Days of Rain: 18 (>= 0,2 mm)  12 (>= 2,0 mm)  2 (>= 20,0 mm)
Heat Base: 18,3  Cool Base: 18,3  Method: Integration
:now::gauges::today::yesterday::this month::this year::noaa::records::monthly records::trends: