Midtre Skiakersgutua Weather Station

 Latitude N 60° 21' 23"    Longitude E 10° 28' 20"    Elevation 275 m

Records began on 20 desember 2012

NOAA Style Reports for Midtre Skiakersgutua

Select a Year or Month report

Report for 2019 Jul
                   Monthly Climatological Summary for jul 2019

Name: Skiakersgutua Weather Station   City: Gran   State: 
Elevation: 235 m  Lat: N 60° 21' 54"   Lon: E 010° 33' 13"

                  Temperature (°C), Rain (mm), Wind Speed (m/s)

                                      Heat  Cool        Avg
    Mean                              Deg   Deg         Wind                 Dom
Day Temp  High   Time   Low    Time   Days  Days  Rain  Speed High   Time    Dir
----------------------------------------------------------------------------------
 1  16,2  20,4   12:43  11,4   04:27   2,2   0,1   2,0   2,0   7,7   11:29   SSW
 2  12,5  16,0   14:40   9,4   04:40   5,8   0,0   1,5   4,0  12,8   15:57    NW
 3  10,8  13,8   19:19   5,7   05:19   7,5   0,0   0,0   2,3   8,7   14:49    NW
 4  10,6  14,6   14:43   7,1   01:38   7,7   0,0   1,0   3,1  15,3   12:49   NNW
 5  12,9  21,0   19:45   2,7   05:25   5,5   0,2   0,0   2,0   7,7   11:50    NW
 6  13,7  18,0   17:35  11,0   05:48   4,6   0,0   0,0   2,6  10,2   17:10   NNW
 7  13,7  18,8   16:37   9,8   08:02   4,6   0,0   0,3   2,7   7,1   01:11    NW
 8  14,0  18,2   14:20   6,6   05:24   4,3   0,0   0,0   3,1  10,2   11:33   NNW
 9  15,3  19,9   16:29  11,2   23:58   3,1   0,2   0,0   3,0   8,2   12:12    NW
10  16,7  24,7   17:34   6,3   05:07   3,5   1,8   0,0   1,0   5,1   12:25    NW
11  18,4  25,5   17:41   9,1   04:44   2,2   2,3   0,0   0,9   4,1   11:21   SSW
12  18,4  26,6   16:02  10,2   04:55   2,2   2,3   0,0   1,0   8,2   19:26   WNW
13  18,7  27,1   18:36   9,6   04:50   2,2   2,6   0,0   1,4   6,6   18:49     S
14  18,4  24,8   14:45  11,8   04:32   1,5   1,6   0,0   1,9   7,7   21:56    SE
15  15,3  20,5   15:37  11,9   23:12   3,2   0,2   4,3   2,3   8,7   13:26   NNW
16  14,9  20,7   18:19  10,7   04:00   3,7   0,3   0,0   3,1  11,2   08:52   NNW
17  16,5  23,7   15:09   8,5   04:11   3,0   1,2   0,0   2,0   8,7   17:35    SE
18  16,0  18,8   13:50  12,5   05:34   2,3   0,0   0,0   4,1  10,7   13:28    SE
19  15,1  18,4   16:27  12,4   03:59   3,2   0,0   7,1   2,3   7,1   17:17   SSE
20  16,4  20,3   15:22  13,5   23:21   2,1   0,3   0,3   2,0   8,7   15:22    SE
21  14,6  16,5   16:30  10,8   06:50   3,7   0,0  43,4   0,8   5,1   11:12   SSE
22  15,7  21,1   16:17  10,4   06:01   3,0   0,4   3,6   1,4   6,6   15:38   SSE
23  19,7  26,6   18:38  14,4   00:00   1,3   2,7   0,5   1,0   3,6   10:53   SSE
24  21,0  26,0   14:28  14,8   05:46   0,6   3,3   0,0   1,4   6,6   17:14   SSE
25  21,4  28,5   15:52  13,6   05:32   1,0   4,1   0,0   1,3   6,1   12:17   SSE
26  22,7  31,2   18:14  14,2   06:06   0,8   5,2   0,0   0,8   3,1   10:50   SSW
27  23,4  28,4   15:30  17,3   05:43   0,1   5,2   0,0   1,7   7,1   12:01    SE
28  22,7  29,2   16:19  14,9   03:49   0,7   5,1   0,0   1,2   8,7   17:38   ESE
29  23,1  28,3   16:34  18,3   05:11   0,0   4,8   0,0   1,3   5,6   12:34   SSE
30  13,1  19,8   05:06  10,7   12:01   5,2   0,0  14,0   1,7   9,7   06:40     S
31  12,3  15,9   18:30   9,9   07:59   5,9   0,0   3,0   1,4   6,1   03:25   SSW
----------------------------------------------------------------------------------
    16,6  31,2    26     2,7     5    96,7  43,9  81,0   2,0  15,3     4       W

Max >=  27,0:  6
Max <=   0,0:  0
Min <=   0,0:  0
Min <= -18,0:  0
Max Rain: 43,4 on day 21
Days of Rain: 12 (>= 0,2 mm)  7 (>= 2,0 mm)  1 (>= 20,0 mm)
Heat Base: 18,3  Cool Base: 18,3  Method: Integration
:now::gauges::today::yesterday::this month::this year::noaa::records::monthly records::trends: