Midtre Skiakersgutua Weather Station

 Latitude N 60° 21' 23"    Longitude E 10° 28' 20"    Elevation 275 m

Records began on 20 desember 2012

NOAA Style Reports for Midtre Skiakersgutua

Select a Year or Month report
V/Λ2021 > Jan Feb Mar Apr May Jun Jul Aug Sep Oct Nov Dec
V/Λ2020 > Jan Feb Mar Apr May Jun Jul Aug Sep Oct Nov Dec
V/Λ2019 > Jan Feb Mar Apr May Jun Jul Aug Sep Oct Nov Dec
V/Λ2018 > Jan Feb Mar Apr May Jun Jul Aug Sep Oct Nov Dec

Report for 2019 Jun
                   Monthly Climatological Summary for jun 2019

Name: Skiakersgutua Weather Station   City: Gran   State: 
Elevation: 235 m  Lat: N 60° 21' 54"   Lon: E 010° 33' 13"

                  Temperature (°C), Rain (mm), Wind Speed (m/s)

                                      Heat  Cool        Avg
    Mean                              Deg   Deg         Wind                 Dom
Day Temp  High   Time   Low    Time   Days  Days  Rain  Speed High   Time    Dir
----------------------------------------------------------------------------------
 1   9,9  13,5   16:53   6,8   02:21   8,4   0,0   5,1   1,3   5,1   08:02   SSE
 2  11,8  18,2   15:37   4,2   04:20   6,5   0,0   3,3   1,7  10,2   17:28   SSE
 3  12,8  17,3   15:47   9,5   00:39   5,5   0,0   7,1   4,5  11,7   17:45   SSE
 4  13,5  18,5   16:45   8,2   05:13   4,8   0,0   0,0   3,0  10,2   13:49   SSE
 5  11,0  13,5   20:06   7,3   04:02   7,3   0,0   1,3   1,0   3,6   00:54    NW
 6  15,3  21,9   16:31  10,6   00:36   3,3   0,3  20,1   1,3   9,7   17:08    NW
 7  15,9  18,7   14:54  12,4   23:55   2,4   0,0   9,9   2,2   8,2   18:08   SSE
 8  13,6  19,8   11:56   9,9   03:53   4,7   0,0   4,3   1,8   6,1   06:51   SSE
 9  13,0  16,1   13:34  10,7   06:02   5,3   0,0   2,3   3,2   9,2   15:16   SSE
10  14,3  19,6   17:06   9,4   04:47   4,1   0,1   0,0   2,3   7,1   12:39     S
11  14,6  21,3   15:20   6,3   05:18   4,1   0,4   2,8   1,8   8,2   21:46    SE
12   9,6  11,7   00:00   7,9   20:54   8,6   0,0  25,4   1,7   6,1   00:42   WNW
13  10,3  14,6   18:50   5,2   04:29   8,0   0,0  20,1   1,8   5,1   02:37   WNW
14  14,2  18,6   16:12   8,3   04:06   4,1   0,0   0,8   1,5   6,1   14:41    SE
15  17,2  24,5   17:55   8,2   05:14   2,8   1,7   0,0   1,0   4,1   12:00   NNE
16  14,9  18,1   12:59  11,8   04:57   3,4   0,0   1,8   0,5   3,1   14:42   SSW
17  16,2  21,6   16:15  11,1   04:01   2,7   0,6   0,0   2,9   9,7   16:40   SSE
18  14,4  19,1   15:02  11,1   04:41   3,9   0,0  14,2   2,4  10,2   18:57   SSE
19  13,8  19,2   15:08   8,5   05:32   4,5   0,0   1,3   0,9   3,6   18:08   NNE
20  13,8  18,4   17:02  10,6   06:13   4,5   0,0  16,0   1,2   5,1   01:57    SW
21  14,2  19,0   15:21   9,7   23:52   4,1   0,0   0,5   2,3   9,7   13:03   SSE
22  13,3  19,3   15:51   5,6   04:01   5,1   0,0   0,0   1,7   7,1   12:09     W
23  13,4  19,4   18:51   4,2   05:14   4,9   0,1   0,0   1,1   4,6   22:08   WNW
24  14,4  21,0   16:17   5,6   04:28   4,3   0,4   0,5   0,9   4,1   13:01   NNW
25  12,9  14,6   14:48  10,3   23:48   5,4   0,0   6,9   0,7   4,6   17:37     S
26  14,9  21,2   17:54   9,6   03:00   3,8   0,3   1,0   1,5   7,1   19:07   NNW
27  16,3  21,5   18:23  11,6   05:38   2,6   0,6   1,5   2,8   9,2   01:14   NNW
28  17,2  26,6   18:11   7,5   05:16   3,1   2,0   0,0   0,9   3,6   11:41    SE
29  20,4  26,8   15:47  12,8   04:52   1,2   3,3   0,0   1,4   6,6   16:16   SSE
30  19,8  24,0   18:22  15,0   05:58   0,5   2,0   0,0   2,8   9,7   10:58   SSE
----------------------------------------------------------------------------------
    14,2  26,8    29     4,2     2   133,9  11,8 146,2   1,8  11,7     3       S

Max >=  27,0:  0
Max <=   0,0:  0
Min <=   0,0:  0
Min <= -18,0:  0
Max Rain: 25,4 on day 12
Days of Rain: 21 (>= 0,2 mm)  13 (>= 2,0 mm)  3 (>= 20,0 mm)
Heat Base: 18,3  Cool Base: 18,3  Method: Integration
:now::gauges::today::yesterday::this month::this year::noaa::records::monthly records::trends: