Midtre Skiakersgutua Weather Station

 Latitude N 60° 21' 23"    Longitude E 10° 28' 20"    Elevation 275 m

Records began on 20 desember 2012

NOAA Style Reports for Midtre Skiakersgutua

Select a Year or Month report
V/Λ2021 > Jan Feb Mar Apr May Jun Jul Aug Sep Oct Nov Dec
V/Λ2020 > Jan Feb Mar Apr May Jun Jul Aug Sep Oct Nov Dec
V/Λ2019 > Jan Feb Mar Apr May Jun Jul Aug Sep Oct Nov Dec
V/Λ2018 > Jan Feb Mar Apr May Jun Jul Aug Sep Oct Nov Dec

Report for 2019 Apr
                   Monthly Climatological Summary for apr 2019

Name: Skiakersgutua Weather Station   City: Gran   State: 
Elevation: 235 m  Lat: N 60° 21' 54"   Lon: E 010° 33' 13"

                  Temperature (°C), Rain (mm), Wind Speed (m/s)

                                      Heat  Cool        Avg
    Mean                              Deg   Deg         Wind                 Dom
Day Temp  High   Time   Low    Time   Days  Days  Rain  Speed High   Time    Dir
----------------------------------------------------------------------------------
 1  -0,8   6,6   15:39  -8,6   04:43  19,1   0,0   0,0   1,6   7,7   17:59   SSE
 2   2,2   7,6   17:38  -1,7   01:07  16,1   0,0   0,0   2,1   7,1   12:04   SSE
 3   0,4   3,8   14:51  -4,2   06:58  17,9   0,0   0,0   0,8   3,6   09:11   WNW
 4   4,1  11,9   18:27  -2,3   07:19  14,2   0,0   0,0   0,9   4,1   16:36   WSW
 5   3,0   6,8   11:11  -0,4   06:16  15,3   0,0   0,0   1,1   6,6   11:35   NNW
 6   3,5  11,6   17:48  -0,3   05:58  14,8   0,0   0,0   1,3   5,1   10:54   SSE
 7   2,3   6,9   14:23  -3,3   06:15  16,0   0,0   0,0   2,9  11,2   18:19   NNW
 8   2,3   5,2   15:59  -0,7   05:39  16,0   0,0   0,0   5,9  12,2   16:02   NNW
 9  -0,2   4,4   15:23  -7,3   06:09  18,5   0,0   0,0   4,0  12,2   12:16     N
10  -0,2   3,7   17:46  -3,6   23:43  18,5   0,0   0,0   2,6   7,1   12:50   NNW
11  -0,8   5,9   17:04  -6,4   05:19  19,1   0,0   0,0   0,9   6,1   14:25    NW
12  -0,3   6,7   17:31  -8,6   06:35  18,6   0,0   0,0   1,4   7,1   16:05   NNW
13   1,2   9,3   19:06  -7,9   06:36  17,1   0,0   0,0   1,0   6,6   16:16   NNW
14   2,0  10,2   18:29  -6,4   06:07  16,3   0,0   0,0   0,9   4,6   14:41    NW
15   3,2  13,0   18:30  -6,1   06:19  15,1   0,0   0,0   0,5   4,1   13:05   WSW
16   3,2  10,3   12:01  -4,5   06:29  14,6   0,0   0,0   0,8   6,1   15:57    SE
17   5,0  13,2   18:00  -3,7   06:30  13,3   0,0   0,0   1,0   6,1   15:28   SSE
18   6,1  16,6   17:23  -3,4   05:53  11,8   0,0   0,0   0,7   5,1   14:36   NNW
19   6,5  17,4   17:55  -2,5   06:21  11,8   0,0   0,0   0,5   3,1   09:43    NW
20   8,7  19,1   17:52  -2,4   06:12   9,6   0,0   0,0   0,7   5,6   13:14    SW
21  10,9  18,4   14:34   2,0   04:24   6,9   0,0   0,0   0,9   5,1   12:02     S
22  10,9  19,0   14:55   2,3   06:37   7,4   0,0   0,0   1,8   7,7   15:40   SSE
23  10,3  18,0   15:49   0,7   05:56   8,0   0,0   0,0   1,5   7,1   12:37   SSE
24  11,6  18,8   15:35   2,9   03:13   6,7   0,0   0,0   2,7  12,8   13:15    SE
25  11,8  14,6   15:43   9,0   23:54   6,5   0,0   0,0   1,8   6,6   00:21   SSW
26  10,3  14,7   17:17   5,9   05:17   8,0   0,0   1,3   2,0   7,7   16:42    NW
27  10,5  14,6   16:49   5,7   02:28   7,8   0,0   2,8   1,5   6,1   14:03   WNW
28  12,2  19,9   16:23   7,3   09:48   6,2   0,1   5,6   1,9   6,1   10:57    NW
29  13,6  22,2   17:42   3,5   06:05   5,5   0,8   0,0   1,6   8,7   18:37   NNW
30  13,7  19,2   17:55   7,7   06:11   4,6   0,0   0,0   0,8   5,6   01:25   NNW
----------------------------------------------------------------------------------
     5,6  22,2    29    -8,6     1   381,3   0,9   9,7   1,6  12,8    24      NW

Max >=  27,0:  0
Max <=   0,0:  0
Min <=   0,0: 20
Min <= -18,0:  0
Max Rain: 5,6 on day 28
Days of Rain: 3 (>= 0,2 mm)  2 (>= 2,0 mm)  0 (>= 20,0 mm)
Heat Base: 18,3  Cool Base: 18,3  Method: Integration
:now::gauges::today::yesterday::this month::this year::noaa::records::monthly records::trends: