Midtre Skiakersgutua Weather Station

 Latitude N 60° 21' 23"    Longitude E 10° 28' 20"    Elevation 275 m

Records began on 20 desember 2012

NOAA Style Reports for Midtre Skiakersgutua

Select a Year or Month report

Report for 2019 Mar
                   Monthly Climatological Summary for mar 2019

Name: Skiakersgutua Weather Station   City: Gran   State: 
Elevation: 235 m  Lat: N 60° 21' 54"   Lon: E 010° 33' 13"

                  Temperature (°C), Rain (mm), Wind Speed (m/s)

                                      Heat  Cool        Avg
    Mean                              Deg   Deg         Wind                 Dom
Day Temp  High   Time   Low    Time   Days  Days  Rain  Speed High   Time    Dir
----------------------------------------------------------------------------------
 1  -2,9   4,7   15:44  -8,0   07:53  21,2   0,0   0,0   0,3   3,1   09:33     S
 2  -3,3   4,1   14:36 -10,3   06:12  21,6   0,0   0,0   0,4   4,1   18:53   SSW
 3   0,7   3,1   14:31  -1,0   00:00  17,6   0,0   6,9   0,5   3,1   00:48   SSW
 4  -0,1   1,5   01:13  -0,8   05:23  18,4   0,0   1,8   2,4   8,7   22:00    NW
 5  -2,6   0,1   00:00  -4,9   22:27  20,9   0,0   0,0   2,2   7,7   01:58   ESE
 6  -3,2  -1,6   15:48  -4,9   01:30  21,5   0,0   0,0   2,2   6,1   02:09   SSE
 7  -1,4  -0,2   16:34  -2,8   01:03  19,7   0,0   0,0   1,4   4,6   23:09    NW
 8  -1,2   1,7   15:59  -7,9   23:53  19,5   0,0   0,5   3,7  11,2   08:10    NW
 9  -5,7  -3,2   12:01  -9,0   05:01  23,4   0,0   0,0   1,5   6,1   13:44    NW
10  -8,3   0,3   16:32 -17,8   06:03  26,6   0,0   0,0   0,6   4,6   18:25     W
11  -9,2   0,6   15:07 -17,8   06:02  27,5   0,0   0,0   0,2   2,0   17:49   SSW
12  -8,5  -1,9   23:56 -17,8   05:46  26,8   0,0   0,0   3,0  13,8   19:16    SE
13  -0,7   2,9   15:09  -5,9   23:16  18,8   0,0   0,0   2,4  11,7   01:52   SSE
14  -3,9   1,6   16:10  -8,2   07:21  22,2   0,0   0,0   1,4   6,1   16:52   SSE
15  -1,9   1,0   15:20  -5,6   05:26  20,1   0,0   0,0   0,9   3,1   13:49   SSE
16  -1,1   1,3   13:18  -3,0   01:15  19,4   0,0   0,0   1,0   4,6   23:22    SE
17   0,5   2,6   16:43  -1,9   03:34  17,8   0,0   5,6   4,4  13,8   08:44   ESE
18   1,2   4,8   13:31  -2,4   23:49  17,1   0,0   0,0   6,5  14,3   14:48   NNW
19  -1,0   5,9   14:08 -10,1   06:58  19,3   0,0   0,0   1,3   5,6   21:07     S
20   4,9  10,1   14:22  -2,3   06:59  13,4   0,0   0,0   2,4  10,7   15:45   SSW
21   6,7  13,0   14:00  -1,2   23:49  11,6   0,0   0,0   2,9  10,7   14:31   WSW
22   1,4   6,2   10:16  -5,1   05:19  16,9   0,0   0,0   3,4  14,3   16:20   SSE
23   5,2   8,2   11:54   1,7   23:59  13,1   0,0   0,0   2,9  12,2   14:33    SW
24   3,3   6,4   13:33  -2,3   03:58  15,0   0,0   0,0   2,5   9,2   08:11   SSE
25   1,5   7,1   16:22  -4,7   04:35  16,8   0,0   0,0   2,4  12,2   07:59   NNW
26   1,4   5,9   14:34  -5,6   03:36  16,9   0,0   0,0   1,9   9,2   10:02    NW
27   2,2  11,6   14:33  -5,9   06:53  16,1   0,0   0,0   0,4   2,6   06:49     S
28   4,6  12,9   14:26  -3,4   03:15  13,7   0,0   0,0   0,9   6,1   23:28   SSW
29   9,1  13,4   14:50   3,4   03:07   9,2   0,0   0,0   3,0  10,2   06:28     S
30   5,5   8,5   16:30   1,8   22:29  12,8   0,0   0,0   1,2   7,1   11:40     S
31   1,8   4,2   15:53  -4,2   23:36  15,8   0,0   0,0   4,1  13,3   04:18   NNW
----------------------------------------------------------------------------------
    -0,2  13,4    29   -17,8    10   570,7   0,0  14,8   2,1  14,3    18     SSW

Max >=  27,0:  0
Max <=   0,0:  4
Min <=   0,0: 28
Min <= -18,0:  0
Max Rain: 6,9 on day 3
Days of Rain: 4 (>= 0,2 mm)  2 (>= 2,0 mm)  0 (>= 20,0 mm)
Heat Base: 18,3  Cool Base: 18,3  Method: Integration
:now::gauges::today::yesterday::this month::this year::noaa::records::monthly records::trends: