Midtre Skiakersgutua Weather Station

 Latitude N 60° 21' 23"    Longitude E 10° 28' 20"    Elevation 275 m

Records began on 20 desember 2012

NOAA Style Reports for Midtre Skiakersgutua

Select a Year or Month report
V/Λ2021 > Jan Feb Mar Apr May Jun Jul Aug Sep Oct Nov Dec
V/Λ2020 > Jan Feb Mar Apr May Jun Jul Aug Sep Oct Nov Dec
V/Λ2019 > Jan Feb Mar Apr May Jun Jul Aug Sep Oct Nov Dec
V/Λ2018 > Jan Feb Mar Apr May Jun Jul Aug Sep Oct Nov Dec

Report for 2019 Feb
                   Monthly Climatological Summary for feb 2019

Name: Skiakersgutua Weather Station   City: Gran   State: 
Elevation: 235 m  Lat: N 60° 21' 54"   Lon: E 010° 33' 13"

                  Temperature (°C), Rain (mm), Wind Speed (m/s)

                                      Heat  Cool        Avg
    Mean                              Deg   Deg         Wind                 Dom
Day Temp  High   Time   Low    Time   Days  Days  Rain  Speed High   Time    Dir
----------------------------------------------------------------------------------
 1  -3,3  -2,6   16:27  -3,9   02:47  21,6   0,0   0,0   2,1   8,7   22:36   WNW
 2  -5,2  -3,6   00:05  -6,2   18:50  23,5   0,0   0,0   2,7   6,1   06:53    NW
 3  -9,1  -5,4   03:20 -18,3   22:50  27,4   0,0   0,0   1,3   5,6   01:53    NW
 4 -13,0  -8,4   20:47 -17,8   00:04  31,3   0,0   0,0   0,3   2,6   21:40    NW
 5  -8,0  -3,6   15:25 -14,8   23:51  26,3   0,0   0,0   0,0   1,0   00:01    NW
 6 -11,6  -7,0   23:41 -18,3   05:40  29,9   0,0   0,0   0,0   0,0   00:00   ---
 7  -7,2  -5,9   23:50  -8,2   10:50  25,5   0,0   0,0   0,0   0,0   00:00   ---
 8  -5,5   0,8   23:06  -9,1   08:57  23,8   0,0   0,0   0,0   0,0   00:00   ---
 9   2,2   3,6   13:59   0,1   23:47  16,1   0,0  21,6   3,4  10,2   01:47   SSE
10   0,3   1,2   15:29  -0,3   00:23  18,0   0,0   5,8   2,3  11,2   20:06    NW
11  -4,7   0,4   00:00 -12,0   23:10  23,0   0,0   0,0   1,7  11,7   00:00   WNW
12  -7,5  -0,4   23:57 -16,1   07:04  25,8   0,0   0,0   0,9   5,6   17:27   SSE
13   0,2   8,2   13:31  -5,2   08:42  18,1   0,0   1,3   0,9   6,1   13:24    SW
14   1,1   8,5   14:04  -4,9   01:43  17,2   0,0   0,0   0,9   7,7   13:52     S
15   3,5   6,5   13:07  -1,1   23:40  14,8   0,0   0,0   1,5   7,7   17:55     S
16   0,0   4,2   13:45  -3,5   08:00  18,3   0,0   0,3   1,3   7,7   10:04   SSE
17   0,0   3,0   12:52  -5,1   04:34  18,3   0,0   0,0   2,1   8,2   21:56   SSE
18   3,2   4,1   15:27   2,2   00:11  15,1   0,0   0,0   2,6   8,7   00:02   SSE
19   2,9   5,6   18:12  -3,2   23:01  15,4   0,0   0,0   1,9   8,7   04:23   SSE
20  -1,5   3,3   13:56  -7,0   08:08  19,8   0,0   0,0   1,6   5,1   17:03   SSE
21  -1,2  -0,7   07:16  -1,8   22:55  19,5   0,0   0,0   3,2   8,2   01:00   SSE
22  -0,5   1,3   15:40  -2,1   03:19  17,1   0,0   2,8   1,8   4,6   07:10   SSE
23   0,6   4,2   14:00  -0,8   17:02  17,7   0,0   0,8   0,9   3,6   23:39   SSE
24   0,4   6,8   14:27  -3,2   23:08  17,9   0,0   0,0   0,8   4,6   01:44     S
25  -0,9   5,8   15:14  -5,0   00:17  19,2   0,0   0,0   0,5   2,6   03:01   SSW
26   0,1   5,8   13:25  -5,0   00:23  18,2   0,0   0,0   0,5   4,6   10:56   SSW
27  -0,1   7,4   15:02  -5,2   07:56  18,4   0,0   0,0   0,6   4,1   18:36   WSW
28  -0,9   6,4   14:10  -9,4   07:44  19,2   0,0   0,0   1,2   7,1   20:30     W
----------------------------------------------------------------------------------
    -2,3   8,5    14   -18,3     3   576,4   0,0  32,6   1,3  11,7    11       S

Max >=  27,0:  0
Max <=   0,0:  9
Min <=   0,0: 26
Min <= -18,0:  2
Max Rain: 21,6 on day 9
Days of Rain: 6 (>= 0,2 mm)  3 (>= 2,0 mm)  1 (>= 20,0 mm)
Heat Base: 18,3  Cool Base: 18,3  Method: Integration
:now::gauges::today::yesterday::this month::this year::noaa::records::monthly records::trends: