Midtre Skiakersgutua Weather Station

 Latitude N 60° 21' 23"    Longitude E 10° 28' 20"    Elevation 275 m

Records began on 20 desember 2012

NOAA Style Reports for Midtre Skiakersgutua

Select a Year or Month report

Report for 2019 Jan
                   Monthly Climatological Summary for jan 2019

Name: Skiakersgutua Weather Station   City: Gran   State: 
Elevation: 235 m  Lat: N 60° 21' 54"   Lon: E 010° 33' 13"

                  Temperature (°C), Rain (mm), Wind Speed (m/s)

                                      Heat  Cool        Avg
    Mean                              Deg   Deg         Wind                 Dom
Day Temp  High   Time   Low    Time   Days  Days  Rain  Speed High   Time    Dir
----------------------------------------------------------------------------------
 1   3,0   6,6   01:07  -2,7   07:17  15,3   0,0   0,0   6,5  21,9   17:40   NNW
 2  -5,2   0,7   00:00 -11,6   20:24  23,5   0,0   0,0   2,3  15,8   02:26    NW
 3  -6,7  -3,5   14:57 -11,0   01:30  25,0   0,0   0,0   0,3   2,0   00:38   SSW
 4  -3,8  -0,8   21:54  -6,6   00:26  22,1   0,0   0,0   0,5   3,1   22:30   SSW
 5  -5,4  -2,1   01:02  -8,5   23:12  23,7   0,0   0,0   0,5   3,6   06:12     S
 6  -4,8  -1,9   14:16  -8,3   00:18  23,1   0,0   0,0   0,2   2,6   10:25   SSW
 7  -3,1  -0,1   14:33  -6,4   05:41  21,4   0,0   0,0   0,8   5,6   15:53   SSE
 8   0,0   1,7   17:57  -2,2   00:09  18,3   0,0   0,0   5,5  11,2   13:58    NW
 9  -5,0  -0,5   00:00 -10,5   10:46  23,3   0,0   0,0   1,5   7,1   01:59   WNW
10  -6,0  -3,1   13:18  -8,4   17:37  24,3   0,0   0,0   0,4   2,0   11:03   SSW
11  -6,7  -3,0   04:07 -11,0   22:47  25,0   0,0   0,0   0,6   5,1   13:27   SSW
12 -10,4  -7,1   15:51 -15,4   23:22  26,5   0,0   0,0   0,4   2,0   07:05   SSW
13  -8,3  -1,0   18:31 -15,5   00:28  26,6   0,0   0,0   0,9   9,2   19:07   WNW
14  -3,4   0,3   13:38 -14,4   00:33  21,7   0,0   0,0   2,9  14,8   10:39    NW
15  -7,4  -2,9   00:31 -13,5   05:34  25,7   0,0   0,0   1,0   5,6   11:18     S
16  -9,3  -6,1   16:47 -15,8   23:42  27,6   0,0   0,0   1,2   6,6   18:07   WNW
17 -14,6  -7,2   12:31 -18,9   23:06  32,9   0,0   0,0   0,3   2,6   10:16     S
18 -15,5 -11,4   20:24 -20,0   04:43  33,8   0,0   0,0   0,0   0,5   00:16   SSW
19  -9,6  -5,4   17:12 -13,5   05:41  27,9   0,0   0,0   0,1   1,0   10:32   SSW
20 -14,5  -7,8   00:45 -18,3   08:53  32,8   0,0   0,0   0,0   0,5   00:10   SSW
21 -12,4  -9,6   14:34 -18,3   23:11  30,7   0,0   0,0   0,0   0,0   00:00   ---
22  -9,9  -7,1   14:08 -17,2   00:00  28,2   0,0   0,0   0,0   0,0   00:00   ---
23  -6,5  -4,5   23:18  -8,0   00:10  24,8   0,0   0,0   0,0   0,0   00:00   ---
24  -3,8  -3,2   13:10  -6,0   00:33  22,1   0,0   0,0   1,6   5,1   10:44   SSE
25  -3,8  -3,2   12:30  -5,5   00:00  22,1   0,0   0,0   3,2   8,2   23:32    SE
26  -5,8  -5,2   19:47  -6,9   08:28  24,1   0,0   0,0   1,7   9,2   01:18    SE
27  -7,0  -5,5   00:00  -7,8   21:16  25,3   0,0   0,0   1,8   6,6   00:44    NW
28  -7,9  -5,9   13:45 -16,9   23:37  26,2   0,0   0,0   2,6   6,1   05:01    NW
29 -17,9 -14,8   13:45 -21,1   03:49  36,2   0,0   0,0   0,1   1,0   02:15     S
30 -12,9  -8,8   23:13 -18,3   00:00  31,2   0,0   0,0   0,1   2,0   23:07     S
31  -7,6  -3,5   23:02  -9,2   07:50  25,9   0,0   0,0   0,9   6,1   22:21   WSW
----------------------------------------------------------------------------------
    -7,5   6,6     1   -21,1    29   797,3   0,0   0,0   1,2  21,9     1     WNW

Max >=  27,0:  0
Max <=   0,0: 27
Min <=   0,0: 31
Min <= -18,0:  6
Max Rain: 0,0 on day 0
Days of Rain: 0 (>= 0,2 mm)  0 (>= 2,0 mm)  0 (>= 20,0 mm)
Heat Base: 18,3  Cool Base: 18,3  Method: Integration
:now::gauges::today::yesterday::this month::this year::noaa::records::monthly records::trends: