Midtre Skiakersgutua Weather Station

 Latitude N 60° 21' 23"    Longitude E 10° 28' 20"    Elevation 275 m

Records began on 20 desember 2012

NOAA Style Reports for Midtre Skiakersgutua

Select a Year or Month report

Report for 2019
                   Annual Climatological Summary for 2019

Name: Skiakersgutua Weather Station   City: Gran   State: Oppland
Elevation: 235 m  Lat: N 60° 21' 54"   Lon: E 010° 33' 13"

                  Temperature (°C), Heat Base: 18,3  Cool Base: 18,3
                          Dep.  Heat  Cool                       Max  Max  Min  Min
        Mean  Mean        From  Deg   Deg                        >=   <=   <=   <=
 YR MO  Max   Min   Mean  Norm  Days  Days  Hi  Date  Low  Date 27,0  0,0  0,0 -18,0
------------------------------------------------------------------------------------
 19  1  -4,1 -11,9  -7,5   1,0   797     0   6,6   1 -21,1   29    0   27   31    6
 19  2   1,8  -6,6  -2,3   5,3   576     0   8,5  14 -18,3    3    0    9   26    2
 19  3   4,4  -5,4  -0,2   2,1   570     0  13,4  29 -17,8   10    0    4   28    0
 19  4  12,3  -1,2   5,6   3,0   381     0  22,2  29  -8,6    1    0    0   20    0
 19  5  13,4   3,9   8,6  -1,0   303     2  22,9  21  -4,1    3    0    0    8    0
 19  6  19,3   9,0  14,2   0,3   133    11  26,8  29   4,2    2    0    0    0    0
 19  7  22,0  11,0  16,6   1,5    96    43  31,2  26   2,7    5    6    0    0    0
 19  8  19,9  10,5  15,2   1,5   105    11  25,7  27   5,4   15    0    0    0    0
 19  9  13,8   5,4   9,7   0,4   258     0  23,7  21  -1,3   19    0    0    1    0
 19 10   6,5   0,6   3,6  -0,6   455     0  12,0  23  -5,7   30    0    0   11    0
 19 11  -0,2  -4,2  -1,9  -0,5   605     0   4,1  22 -17,4   30    0   13   26    0
 19 12   0,3  -5,1  -2,9   3,1   656     0   8,1  30 -16,8    1    0   13   25    0
------------------------------------------------------------------------------------
         9,1   0,5   4,9   1,3  4942    71  31,2 jul -21,1  jan    6   66  176    8

                                Precipitation (mm)

              Dep.   Max        Days of Rain
              From   Obs.           >=
 YR MO Total  Norm   Day Date  0,2  2,0 20,0
---------------------------------------------
 19  1   0,0 -53,0   0,0   0     0    0    0
 19  2  32,6  -8,4  21,6   9     6    3    1
 19  3  14,8 -29,2   6,9   3     4    2    0
 19  4   9,7 -30,3   5,6  28     3    2    0
 19  5 112,3  58,3  22,4  19    20   13    1
 19  6 146,2  78,2  25,4  12    21   13    3
 19  7  81,0   1,0  43,4  21    12    7    1
 19  8 115,3  30,3  28,2  29    18   12    2
 19  9 118,5  38,5  30,0  27    13   10    2
 19 10  72,2 -17,8  24,6  15    23    9    1
 19 11  49,6 -26,4  26,4  19    12    5    1
 19 12  39,9 -19,1   8,6  29    11    8    0
---------------------------------------------
       792,1  22,1  43,4  jul  143   84   12

                                Wind Speed (m/s)
                          Dom
 YR MO   Avg.  Hi   Date  Dir
------------------------------
 19  1   1,2  21,9    1   WNW
 19  2   1,3  11,7   11     S
 19  3   2,1  14,3   18    SW
 19  4   1,6  12,8   24   NNW
 19  5   2,4  19,4    2   NNW
 19  6   1,8  11,7    3   SSE
 19  7   2,0  15,3    4    NW
 19  8   1,9  12,2   10   SSE
 19  9   1,7  14,3   15   WSW
 19 10   1,4  11,7   25    SW
 19 11   1,3  11,2   28     W
 19 12   1,2  14,8   10     S
------------------------------
         1,7  21,9  jan   WSW
:now::gauges::today::yesterday::this month::this year::noaa::records::monthly records::trends: