Midtre Skiakersgutua Weather Station

 Latitude N 60° 21' 23"    Longitude E 10° 28' 20"    Elevation 275 m

Records began on 20 desember 2012

NOAA Style Reports for Midtre Skiakersgutua

Select a Year or Month report

Report for 2018 Dec
                   Monthly Climatological Summary for des 2018

Name: Skiakersgutua Weather Station   City: Gran   State: 
Elevation: 235 m  Lat: N 60° 21' 54"   Lon: E 010° 33' 13"

                  Temperature (°C), Rain (mm), Wind Speed (m/s)

                                      Heat  Cool        Avg
    Mean                              Deg   Deg         Wind                 Dom
Day Temp  High   Time   Low    Time   Days  Days  Rain  Speed High   Time    Dir
----------------------------------------------------------------------------------
 1   3,8   5,7   00:03   1,5   22:51  14,5   0,0   0,3   2,5   7,1   05:44    SE
 2   2,5   3,6   20:13  -0,3   01:12  15,8   0,0   5,3   2,1   7,7   12:24   SSE
 3   1,6   2,4   00:22  -0,2   01:50  16,7   0,0   8,9   0,5   2,6   15:35   NNW
 4   1,2   3,4   09:00  -1,9   22:54  17,1   0,0   5,1   3,2  10,2   10:30    NW
 5  -3,7  -0,8   02:59  -7,3   07:05  22,0   0,0   0,0   1,1   5,1   18:10   SSE
 6  -5,2  -2,5   00:00  -7,9   09:13  23,5   0,0   0,0   0,4   2,0   00:08   WSW
 7  -3,3  -2,0   23:26  -4,5   05:19  21,6   0,0   0,0   0,0   1,5   00:03   NNW
 8  -2,2  -0,6   12:42  -3,8   23:29  20,5   0,0   0,0   0,0   0,0   00:00   ---
 9  -4,8  -1,4   14:12 -10,7   23:24  23,1   0,0   0,0   0,2   2,0   16:11   SSW
10  -2,6   3,5   16:08 -11,2   00:04  20,9   0,0   3,8   3,4  13,3   19:05    NW
11  -1,4   3,3   03:01  -9,9   23:33  19,7   0,0   0,0   2,4   9,2   05:51   WNW
12 -10,5  -7,7   14:28 -13,4   10:23  28,8   0,0   0,0   0,2   1,5   00:10   SSE
13  -9,7  -8,4   13:10 -11,2   00:00  28,0   0,0   0,0   0,1   1,0   07:26    SE
14 -12,7 -10,7   00:00 -14,7   15:35  31,0   0,0   0,0   0,1   1,0   01:25    SE
15  -9,8  -4,5   23:57 -13,8   00:53  28,1   0,0   0,0   0,1   3,1   23:06    SE
16  -2,3  -0,9   18:14  -4,6   00:38  20,6   0,0   0,0   3,6   9,2   10:14    SE
17  -3,9  -2,3   00:03  -5,3   09:50  22,2   0,0   0,0   0,1   1,5   01:02   SSW
18  -6,5  -4,3   00:00  -8,2   13:23  24,8   0,0   0,0   0,4   2,0   07:39   SSE
19  -3,2   0,9   22:11  -6,4   00:00  21,5   0,0   0,0   0,9   5,6   22:35    SE
20   0,3   1,0   01:09  -1,0   23:57  18,0   0,0   1,0   3,4   9,7   15:19    SE
21  -2,2  -1,0   00:00  -3,5   22:30  20,5   0,0   0,0   2,0   7,1   10:13   ESE
22  -4,5  -3,2   00:46  -7,0   23:51  22,8   0,0   0,0   0,4   3,6   05:44    SE
23  -7,5  -6,4   13:57  -9,3   01:50  25,8   0,0   0,0   0,2   2,0   19:39   WNW
24  -8,5  -1,7   23:59 -10,8   11:42  26,8   0,0   0,0   0,2   2,0   00:43    SE
25  -4,8  -1,4   00:30  -7,9   20:44  23,1   0,0   0,0   0,2   2,0   03:01   SSW
26  -4,3  -0,4   15:39  -9,8   02:48  22,6   0,0   0,0   0,1   1,0   02:14   SSW
27  -2,0  -0,1   15:57  -4,2   05:36  20,3   0,0   0,0   0,1   1,0   09:27   WSW
28  -6,9  -2,4   00:00 -10,2   19:02  25,2   0,0   0,0   0,0   1,0   00:35   NNW
29  -7,1  -4,9   17:54 -10,0   03:02  25,4   0,0   0,0   0,0   0,0   00:00   ---
30  -7,1  -5,2   03:07  -8,9   06:33  25,4   0,0   0,0   0,0   0,0   00:00   ---
31   0,0   4,9   23:03  -6,3   00:00  18,3   0,0   7,9   1,5   8,2   17:28    SE
----------------------------------------------------------------------------------
    -4,1   5,7     1   -14,7    14   694,6   0,0  32,3   1,0  13,3    10     SSE

Max >=  27,0:  0
Max <=   0,0: 22
Min <=   0,0: 30
Min <= -18,0:  0
Max Rain: 8,9 on day 3
Days of Rain: 7 (>= 0,2 mm)  5 (>= 2,0 mm)  0 (>= 20,0 mm)
Heat Base: 18,3  Cool Base: 18,3  Method: Integration
:now::gauges::today::yesterday::this month::this year::noaa::records::monthly records::trends: