Midtre Skiakersgutua Weather Station

 Latitude N 60° 21' 23"    Longitude E 10° 28' 20"    Elevation 275 m

Records began on 20 desember 2012

NOAA Style Reports for Midtre Skiakersgutua

Select a Year or Month report

Report for 2018 Nov
                   Monthly Climatological Summary for nov 2018

Name: Skiakersgutua Weather Station   City: Gran   State: 
Elevation: 235 m  Lat: N 60° 21' 54"   Lon: E 010° 33' 13"

                  Temperature (°C), Rain (mm), Wind Speed (m/s)

                                      Heat  Cool        Avg
    Mean                              Deg   Deg         Wind                 Dom
Day Temp  High   Time   Low    Time   Days  Days  Rain  Speed High   Time    Dir
----------------------------------------------------------------------------------
 1   3,2   6,5   23:46  -1,3   04:30  15,1   0,0   0,3   2,2   7,7   19:54    SE
 2   4,4   6,5   00:20   2,9   23:44  13,9   0,0   6,3   0,9   4,6   00:15     W
 3   2,9   7,0   23:12  -0,3   09:59  15,4   0,0   1,0   1,6   6,1   15:53   SSE
 4   7,1   8,2   06:37   6,0   17:29  11,2   0,0   0,3   2,8   7,1   16:49    SE
 5   5,6   6,4   11:54   4,9   06:27  12,5   0,0   0,0   2,6   6,6   05:30    SE
 6   5,4   6,3   15:08   4,8   03:58  12,9   0,0   0,3   0,3   2,6   10:44    SW
 7   5,4   6,1   12:09   4,8   07:38  12,9   0,0   0,3   0,6   3,1   20:20     W
 8   5,4   6,2   13:44   4,8   01:16  12,9   0,0   0,5   0,4   2,6   00:02    NW
 9   5,4   6,2   23:23   4,6   20:00  12,9   0,0   0,8   0,8   6,1   23:50   WNW
10   6,6   7,7   23:26   4,6   04:06  11,7   0,0   6,4   3,7  10,2   12:30    SE
11   8,0   8,8   18:27   7,2   01:38  10,3   0,0  11,9   4,4   9,7   05:57   SSE
12   6,9   9,2   12:02   2,2   23:48  11,4   0,0   2,3   2,1   7,1   14:02   SSE
13   4,6   6,5   12:42   2,2   00:24  13,7   0,0   2,8   0,4   2,6   10:13   SSW
14   3,5   6,9   23:35   2,0   10:35  14,8   0,0   0,0   1,1   5,6   22:27   SSE
15   8,4  10,1   16:59   4,8   01:41   9,9   0,0   0,3   1,0   4,6   04:40   SSE
16   5,8   7,4   01:02   3,3   09:09  12,5   0,0   0,0   1,1   5,1   00:11   SSE
17   3,8   5,1   00:00   2,1   23:39  14,5   0,0   0,0   0,9   3,6   09:53   WNW
18   0,6   2,1   00:00  -1,2   23:57  17,7   0,0   0,0   0,8   3,6   08:55    NW
19  -1,4  -0,4   11:22  -2,8   23:53  19,7   0,0   0,0   1,3   4,1   09:59    NW
20  -3,8  -2,8   00:00  -6,2   23:21  22,1   0,0   0,0   0,6   3,6   06:55    NW
21  -1,0   0,7   14:38  -5,7   00:00  19,3   0,0   0,0   1,1   4,1   14:36    NW
22  -4,7  -1,3   00:00  -6,8   23:49  23,0   0,0   0,0   0,9   4,1   00:02    NE
23  -8,6  -6,7   00:00 -10,2   17:43  26,9   0,0   0,0   0,2   1,0   00:01    SE
24  -8,3  -4,5   15:10 -11,8   06:36  26,6   0,0   0,0   0,0   0,0   00:00   ---
25  -6,3  -3,0   13:47 -10,9   01:46  24,5   0,0   0,0   0,0   0,5   04:50    SE
26  -9,0  -6,3   00:00 -12,4   22:26  27,3   0,0   0,0   0,0   1,0   08:27    SE
27  -9,6  -6,7   10:59 -12,7   02:09  27,9   0,0   0,0   0,0   0,5   09:09    SE
28  -7,3  -2,6   23:38 -12,3   09:32  25,6   0,0   0,0   1,7   8,7   18:45    SE
29   0,6   2,5   18:34  -2,6   00:00  17,7   0,0   0,8   5,4  11,2   21:48    SE
30   5,0   6,4   13:53   2,4   00:00  13,3   0,0   3,8   4,6   9,7   00:00    SE
----------------------------------------------------------------------------------
     1,3  10,1    15   -12,7    27   510,1   0,0  38,1   1,5  11,2    29     SSE

Max >=  27,0:  0
Max <=   0,0:  9
Min <=   0,0: 14
Min <= -18,0:  0
Max Rain: 11,9 on day 11
Days of Rain: 15 (>= 0,2 mm)  6 (>= 2,0 mm)  0 (>= 20,0 mm)
Heat Base: 18,3  Cool Base: 18,3  Method: Integration
:now::gauges::today::yesterday::this month::this year::noaa::records::monthly records::trends: