Midtre Skiakersgutua Weather Station

 Latitude N 60° 21' 23"    Longitude E 10° 28' 20"    Elevation 275 m

Records began on 20 desember 2012

NOAA Style Reports for Midtre Skiakersgutua

Select a Year or Month report
V/Λ2021 > Jan Feb Mar Apr May Jun Jul Aug Sep Oct Nov Dec V/Λ2020 > Jan Feb Mar Apr May Jun Jul Aug Sep Oct Nov Dec V/Λ2019 > Jan Feb Mar Apr May Jun Jul Aug Sep Oct Nov Dec V/Λ2018 > Jan Feb Mar Apr May Jun Jul Aug Sep Oct Nov Dec

Report for 2018 Oct
                   Monthly Climatological Summary for okt 2018

Name: Skiakersgutua Weather Station   City: Gran   State: 
Elevation: 235 m  Lat: N 60° 21' 54"   Lon: E 010° 33' 13"

                  Temperature (°C), Rain (mm), Wind Speed (m/s)

                                      Heat  Cool        Avg
    Mean                              Deg   Deg         Wind                 Dom
Day Temp  High   Time   Low    Time   Days  Days  Rain  Speed High   Time    Dir
----------------------------------------------------------------------------------
 1   3,0   9,8   14:20  -2,9   07:35  15,3   0,0   0,0   1,1   8,2   14:33   NNW
 2   2,5   5,1   12:50  -1,8   01:39  15,8   0,0   2,8   1,7   6,6   20:05   SSW
 3   5,1  10,9   16:03  -1,7   07:42  13,2   0,0   0,0   1,9   9,2   15:20    NW
 4   3,1   9,2   23:44  -1,7   03:24  15,2   0,0   1,3   1,1   6,1   22:04   SSE
 5   9,5  13,4   16:17   6,3   07:29   8,8   0,0   0,0   1,9   7,1   11:45   SSE
 6   5,4   9,7   15:12   0,3   23:55  12,9   0,0   0,0   0,7   5,6   00:14   SSW
 7   2,3   9,0   16:31  -4,5   06:54  16,0   0,0   0,0   0,7   4,6   22:35   SSE
 8   8,7  13,6   14:42   3,2   02:17   9,6   0,0   2,8   2,6   8,7   12:17    SE
 9  12,1  16,6   14:42   5,2   01:00   6,2   0,0   0,0   3,4  12,8   14:54    SE
10  12,8  18,7   16:15   7,8   06:49   5,5   0,0   0,0   2,1   6,6   00:45    SE
11   8,9   9,7   20:51   8,0   22:18   1,5   0,0   0,0   1,5   2,0   20:26    SW
12   9,2  12,1   23:29   6,2   01:40   9,1   0,0   0,0   2,4   7,1   19:23    SE
13  14,6  16,5   22:56  11,9   00:00   3,7   0,0   0,0   4,7  10,7   20:55    SE
14  13,8  15,7   00:00  12,3   23:19   4,5   0,0   0,0   5,1  10,2   14:43    SE
15   9,8  12,3   00:00   6,7   23:49   8,5   0,0   3,8   1,7   7,7   00:11   SSW
16   5,8   9,5   15:34   3,3   08:08  12,5   0,0   0,0   1,6   7,1   20:36   SSE
17   9,8  13,8   15:01   6,6   00:00   8,5   0,0   0,0   2,2   5,6   04:05   SSE
18   6,3  11,6   15:31  -0,1   22:39  12,0   0,0   0,0   1,1   6,6   15:34     W
19   2,8   8,1   14:46  -2,1   06:28  15,5   0,0   0,0   0,6   5,1   18:21   SSE
20   3,2   7,7   16:29  -1,0   06:55  15,1   0,0   0,0   0,4   2,0   21:57     S
21   8,7  14,2   17:48   3,6   23:52   9,6   0,0   2,5   2,5  12,2   18:44    SE
22   6,0  10,1   14:58   1,7   08:52  12,3   0,0   0,0   1,9   7,1   12:07     S
23   4,6  10,4   13:38  -2,3   23:59  13,7   0,0   0,0   2,3  16,8   16:09    NW
24   0,7   6,4   15:44  -5,2   07:12  17,6   0,0   0,0   0,6   3,1   16:10     S
25   1,4   7,5   14:40  -3,0   08:09  16,9   0,0   0,0   0,7   4,1   02:05   SSW
26  -0,1   3,4   14:34  -3,7   01:58  18,4   0,0   0,0   1,0   6,1   16:05    NW
27   0,3   1,8   15:34  -1,9   06:34  18,0   0,0   0,0   3,0   9,2   12:34   NNW
28  -1,9   0,8   13:36  -6,0   20:33  21,0   0,0   0,0   2,1   8,2   02:06    NW
29  -1,7   0,4   23:55  -4,5   00:00  20,0   0,0   0,0   1,2   8,2   22:23    NE
30   0,6   2,3   18:18  -1,4   02:35  17,7   0,0  17,8   2,8   8,7   00:53    NW
31   3,4   6,2   18:40   0,1   23:43  14,9   0,0  11,2   1,4   8,2   05:29   SSE
----------------------------------------------------------------------------------
     5,5  18,7    10    -6,0    28   389,5   0,0  42,2   1,9  16,8    23     SSE

Max >=  27,0:  0
Max <=   0,0:  0
Min <=   0,0: 16
Min <= -18,0:  0
Max Rain: 17,8 on day 30
Days of Rain: 7 (>= 0,2 mm)  6 (>= 2,0 mm)  0 (>= 20,0 mm)
Heat Base: 18,3  Cool Base: 18,3  Method: Integration
:now::gauges::today::yesterday::this month::this year::noaa::records::monthly records::trends: