Midtre Skiakersgutua Weather Station

 Latitude N 60° 21' 23"    Longitude E 10° 28' 20"    Elevation 275 m

Records began on 20 desember 2012

NOAA Style Reports for Midtre Skiakersgutua

Select a Year or Month report
V/Λ2020 > Jan Feb Mar Apr May Jun Jul Aug Sep Oct Nov Dec
V/Λ2019 > Jan Feb Mar Apr May Jun Jul Aug Sep Oct Nov Dec
V/Λ2018 > Jan Feb Mar Apr May Jun Jul Aug Sep Oct Nov Dec

Report for 2020 Feb
                   Monthly Climatological Summary for feb 2020

Name: Skiakersgutua Weather Station   City: Gran   State: Oppland
Elevation: 235 m  Lat: N 60° 21' 54"   Lon: E 010° 33' 13"

                  Temperature (°C), Rain (mm), Wind Speed (m/s)

                                      Heat  Cool        Avg
    Mean                              Deg   Deg         Wind                 Dom
Day Temp  High   Time   Low    Time   Days  Days  Rain  Speed High   Time    Dir
----------------------------------------------------------------------------------
 1   2,8   4,6   11:19   0,0   00:00  15,5   0,0   2,8   2,0   6,1   22:19     S
 2  -1,1   3,0   15:44  -5,5   08:17  19,4   0,0   0,0   1,1   6,6   16:50     W
 3  -6,0  -3,8   00:01  -9,8   07:19  24,3   0,0   0,0   0,3   2,6   00:06   WSW
 4  -4,7  -0,7   14:58 -12,3   22:55  23,0   0,0   0,0   1,2   6,1   15:19   WNW
 5  -1,3   6,8   21:28 -12,7   05:53  19,6   0,0   0,3   1,4   7,1   11:42    SW
 6  -0,6   4,4   13:58  -4,3   08:05  18,9   0,0   0,0   0,5   3,6   17:06    SW
 7  -3,1   1,2   23:32  -6,9   09:10  21,4   0,0   0,0   0,5   6,1   19:16     S
 8   1,9   2,7   11:36  -2,3   00:00  16,4   0,0   0,8   2,0   6,6   15:09   SSE
 9   3,1   5,8   23:43   1,4   17:28  15,2   0,0   4,1   6,5  16,3   17:56    SE
10   4,4   6,4   11:06   1,7   17:51  13,9   0,0   0,0   2,8  10,2   05:25     S
11   0,9   3,7   14:49  -1,4   02:51  17,4   0,0   0,0   2,1   8,2   21:46   SSE
12   1,3   4,7   15:43  -3,1   23:14  17,0   0,0   0,0   2,4   8,7   00:13     S
13  -1,4   3,5   13:59  -5,5   23:44  19,7   0,0   0,0   0,6   3,6   13:05     W
14  -3,6   1,5   23:53  -8,8   08:16  21,9   0,0   0,0   1,7   9,2   22:45   SSE
15   3,6   5,9   11:51   1,5   00:00  14,7   0,0   1,8   2,8  13,3   23:51   SSE
16   4,6   7,6   05:20   0,8   21:20  13,7   0,0  10,2   4,9  17,9   02:23   SSE
17   4,5   7,3   14:18   0,9   00:57  13,8   0,0   0,0   4,3  13,8   14:17    SE
18   4,3   7,7   14:20   1,2   23:28  14,0   0,0   0,0   2,7   9,2   10:20   SSE
19   0,1   5,7   14:19  -4,5   23:59  18,2   0,0   0,0   0,5   6,6   00:51    SW
20   0,7   4,7   20:47  -5,7   02:45  17,6   0,0   6,9   3,7  10,7   15:15    SE
21   3,3   6,5   23:22  -0,5   04:24  15,0   0,0   0,0   3,4  10,7   16:41   SSE
22   4,3   7,3   04:02   0,9   21:17  14,0   0,0   3,6   3,6   9,7   03:14   SSE
23   2,1   5,3   14:21  -2,8   22:58  16,2   0,0   0,0   2,5  10,2   00:52     W
24  -1,3   3,7   13:24  -5,7   05:32  19,6   0,0   0,0   0,9   4,6   11:14   SSW
25  -1,6   1,0   13:08  -4,2   01:35  19,9   0,0   0,0   3,5  11,7   13:33   NNW
----------------------------------------------------------------------------------
     0,7   7,7    18   -12,7     5   440,3   0,0  30,5   2,3  17,9    16     SSE

Max >=  27,0:  0
Max <=   0,0:  2
Min <=   0,0: 18
Min <= -18,0:  0
Max Rain: 10,2 on day 16
Days of Rain: 8 (>= 0,2 mm)  5 (>= 2,0 mm)  0 (>= 20,0 mm)
Heat Base: 18,3  Cool Base: 18,3  Method: Integration
:now::gauges::today::yesterday::this month::this year::noaa::records::monthly records::trends: