Midtre Skiakersgutua Weather Station

 Latitude N 60° 21' 23"    Longitude E 10° 28' 20"    Elevation 275 m

Records began on 20 desember 2012

NOAA Style Reports for Midtre Skiakersgutua

Select a Year or Month report

Report for 2022 May
                   Monthly Climatological Summary for mai 2022

Name: Skiakersgutua Weather Station   City: Gran   State: Innlandet
Elevation: 235 m  Lat: N 60° 21' 54"   Lon: E 010° 33' 13"

                  Temperature (°C), Rain (mm), Wind Speed (m/s)

                                      Heat  Cool        Avg
    Mean                              Deg   Deg         Wind                 Dom
Day Temp  High   Time   Low    Time   Days  Days  Rain  Speed High   Time    Dir
----------------------------------------------------------------------------------
 1   8,9  13,8   16:08   3,4   05:39   9,4   0,0   0,0   1,5   7,1   12:45   SSE
 2   7,9  13,0   17:47   0,9   06:02  10,4   0,0   0,0   3,0  11,7   13:26   WNW
 3   6,2  12,3   18:38  -2,3   05:43  12,1   0,0   0,0   2,1   7,7   19:25   WNW
 4   6,7  11,9   16:09  -0,3   05:01  11,6   0,0   0,0   2,1   8,2   18:01    SE
 5  10,6  16,9   14:30   3,5   05:07   7,7   0,0   0,0   2,5   8,2   16:20   WSW
 6   9,9  18,9   15:05  -0,8   05:19   8,4   0,0   1,5   1,9  10,7   17:11    SE
 7   9,2  12,9   16:58   4,6   05:22   9,1   0,0   0,3   3,7  13,8   18:16    NW
 8   6,7  13,3   17:19  -2,9   05:38  11,6   0,0   0,0   1,6   7,1   09:43     S
 9  10,3  17,7   14:43   3,0   04:59   8,0   0,0   0,0   3,3  11,7   17:19    SE
10   9,2  11,9   16:25   6,7   06:57   9,1   0,0   5,1   3,6   8,7   11:55    SE
11   8,6  12,7   17:05   2,3   05:13   9,7   0,0   6,3   2,7   9,7   10:06    SE
12   9,5  13,5   15:21   3,8   05:50   8,8   0,0   0,0   2,1   8,7   14:52     W
13   9,0  14,5   15:50   2,8   02:18   9,3   0,0   0,0   2,6  10,2   15:38    SE
14  10,3  13,9   16:53   4,1   05:31   8,0   0,0   0,0   4,3  13,8   14:55    NW
15  10,3  16,3   19:21   0,3   04:58   8,0   0,0   0,0   1,5   8,7   11:49   WNW
16  10,2  17,1   18:54   1,8   05:24   8,1   0,0   0,0   1,9   7,1   10:33   WNW
17  11,3  17,6   17:31   4,1   05:42   7,0   0,0   0,0   1,6   6,1   04:35    SE
18  10,4  16,6   13:22   3,0   05:10   7,9   0,0   0,0   1,9   9,2   09:16    SE
19  11,2  18,9   16:24   3,9   02:46   7,1   0,0   0,0   1,0   5,1   15:32   SSW
20  13,5  18,0   12:21   8,7   05:29   4,8   0,0   0,0   3,0   9,2   15:42   ESE
21   9,8  11,6   00:00   8,2   10:14   8,5   0,0   9,1   2,4   7,1   01:18    SE
22  11,2  15,1   18:45   8,0   04:46   7,1   0,0   1,3   1,4   6,1   14:18    SE
23  12,0  14,9   11:39   8,4   04:49   6,3   0,0   0,0   4,0   9,7   17:46    SE
----------------------------------------------------------------------------------
     9,7  18,9     6    -2,9     8   198,0   0,0  23,6   2,4  13,8     7     SSE

Max >=  27,0:  0
Max <=   0,0:  0
Min <=   0,0:  4
Min <= -18,0:  0
Max Rain: 9,1 on day 21
Days of Rain: 6 (>= 0,2 mm)  3 (>= 2,0 mm)  0 (>= 20,0 mm)
Heat Base: 18,3  Cool Base: 18,3  Method: Integration
:now::gauges::today::yesterday::this month::this year::noaa::records::monthly records::trends: